66.249.68.66 - - [02/Feb/2026:20:52:51 +0100] "GET /?o=12737113193901&channel=9e7e0f&from=article.php%3Fid%3D1131939-6992%26name%3D%E3%82%A4%E3%82%B9%E3%83%88+NCP115+07%2F07%E3%80%9C+%E3%83%96%E3%83%AC%E3%83%BC%E3%82%AD%E3%83%91%E3%83%83%E3%83%89+%E3%83%95%E3%83%AD%E3%83%B3%E3%83%88+DIXCEL+%E3%83%87%E3%82%A3%E3%82%AF%E3%82%BB%E3%83%AB+S+type++S311548+%E9%80%81%E6%96%99%E7%84%A1%E6%96%99%EF%BC%88%E3%82%A4%E3%82%B9%E3%83%88+NCP115+%E3%83%96%E3%83%AC%E3%83%BC%E3%82%AD%E3%83%91%E3%83%83%E3%83%89+%E3%83%95%E3%83%AD%E3%83%B3%E3%83%88%E5%B7%A6%E5%8F%B3%E3%82%BB%E3%83%83%E3%83%88+%E3%83%87%E3%82%A3%E3%82%AF%E3%82%BB%E3%83%AB+Z%E3%82%BF%E3%82%A4%E3%83%97+311548+DIXCEL+%E3%83%95%E3%83%AD%E3%83%B3%E3%83%88%E3%81%AE%E3%81%BF+ist+%E3%83%96%E3%83%AC%E3%83%BC%E3%82%AD%E3%83%91%E3%83%83%E3%83%88++sgw+%E2%80%93+KTS+%E3%82%AA%E3%83%B3%E3%83%A9%E3%82%A4%E3%83%B3%E3%82%B7%E3%83%A7%E3%83%83%E3%83%97%EF%BC%89 HTTP/1.1" 404 36 "-" "Mozilla/5.0 (Linux; Android 6.0.1; Nexus 5X Build/MMB29P) AppleWebKit/537.36 (KHTML, like Gecko) Chrome/143.0.7499.192 Mobile Safari/537.36 (compatible; Googlebot/2.1; +http://www.google.com/bot.html)"
66.249.68.65 - - [02/Feb/2026:20:52:51 +0100] "GET /?o=0010048584401 HTTP/1.1" 404 36 "-" "Mozilla/5.0 (Linux; Android 6.0.1; Nexus 5X Build/MMB29P) AppleWebKit/537.36 (KHTML, like Gecko) Chrome/143.0.7499.192 Mobile Safari/537.36 (compatible; Googlebot/2.1; +http://www.google.com/bot.html)"
66.249.68.67 - - [02/Feb/2026:20:52:52 +0100] "GET /?o=7165487303902&channel=dc4255&from=category-info.php%3Fid%3D873039-2628%26name%3D%E3%83%AA%E3%82%B3%E3%83%BC+IPSiO%E3%83%88%E3%83%8A%E3%83%BC%E3%82%BF%E3%82%A4%E3%83%979800+%E3%82%B7%E3%82%A2%E3%83%B3%3Cbr%3E+%E6%B1%8E%E7%94%A8%E5%93%81+%E3%83%8E%E3%83%BC%E3%83%96%E3%83%A9%E3%83%B3%E3%83%89%E5%93%81+%E3%80%90%E5%8D%B3%E6%97%A5%E5%87%BA%E8%8D%B7%E3%80%91%E3%80%90%E9%80%81%E6%96%99%E7%84%A1%E6%96%99%E3%80%91%3Cbr%3E%E3%80%90IPSiO+CX8800%2FIPSiO++CX9800%E3%80%91%EF%BC%88%E3%80%90%E6%A5%BD%E5%A4%A9%E5%B8%82%E5%A0%B4%E3%80%91%E3%83%AA%E3%82%B3%E3%83%BC+IPSiO%E3%83%88%E3%83%8A%E3%83%BC%E3%82%BF%E3%82%A4%E3%83%979800+%E3%82%B7%E3%82%A2%E3%83%B3+%E6%B1%8E%E7%94%A8%E5%93%81+%E3%83%8E%E3%83%BC%E3%83%96%E3%83%A9%E3%83%B3%E3%83%89%E5%93%81+%E3%80%90%E5%8D%B3%E6%97%A5%E5%87%BA%E8%8D%B7%E3%80%91%E3%80%90%E9%80%81%E6%96%99%E7%84%A1%E6%96%99%E3%80%91%E3%80%90IPSiO+CX8800%2FIPSiO++CX9800%E3%80%91+%3A+%E3%83%88%E3%83%8A%E3%83%BC%E3%82%B8%E3%83%A7%E3%83%BC%E3%82%BA%E6%A5%BD%E5%A4%A9%E5%B8%82%E5%A0%B4%E5%BA%97%EF%BC%89 HTTP/1.1" 404 36 "-" "Mozilla/5.0 (Linux; Android 6.0.1; Nexus 5X Build/MMB29P) AppleWebKit/537.36 (KHTML, like Gecko) Chrome/143.0.7499.192 Mobile Safari/537.36 (compatible; Googlebot/2.1; +http://www.google.com/bot.html)"
57.141.0.58 - - [02/Feb/2026:20:53:09 +0100] "GET /?o=11311117792601 HTTP/2.0" 404 16 "-" "meta-externalagent/1.1 (+https://developers.facebook.com/docs/sharing/webmasters/crawler)"
57.141.0.13 - - [02/Feb/2026:20:53:18 +0100] "GET /?o=49910214335101 HTTP/2.0" 404 16 "-" "meta-externalagent/1.1 (+https://developers.facebook.com/docs/sharing/webmasters/crawler)"
57.141.0.73 - - [02/Feb/2026:20:53:32 +0100] "GET /?o=75093170630504 HTTP/2.0" 404 16 "-" "meta-externalagent/1.1 (+https://developers.facebook.com/docs/sharing/webmasters/crawler)"
114.119.140.137 - - [02/Feb/2026:20:53:43 +0100] "GET /hotel_location/hotel-makepe-palace/ HTTP/1.1" 404 36 "https://www.loger.cm/hotel_destinations/douala/" "Mozilla/5.0 (Linux; Android 7.0;) AppleWebKit/537.36 (KHTML, like Gecko) Mobile Safari/537.36 (compatible; PetalBot;+https://webmaster.petalsearch.com/site/petalbot)"
57.141.0.36 - - [02/Feb/2026:20:54:05 +0100] "GET /?o=9746031689001 HTTP/2.0" 404 16 "-" "meta-externalagent/1.1 (+https://developers.facebook.com/docs/sharing/webmasters/crawler)"
57.141.0.25 - - [02/Feb/2026:20:54:10 +0100] "GET /?o=73035200622201 HTTP/2.0" 404 16 "-" "meta-externalagent/1.1 (+https://developers.facebook.com/docs/sharing/webmasters/crawler)"
57.141.0.23 - - [02/Feb/2026:20:54:21 +0100] "GET /?o=83879148905000 HTTP/2.0" 404 16 "-" "meta-externalagent/1.1 (+https://developers.facebook.com/docs/sharing/webmasters/crawler)"
57.141.0.43 - - [02/Feb/2026:20:55:08 +0100] "GET /?o=49899272692200 HTTP/2.0" 404 16 "-" "meta-externalagent/1.1 (+https://developers.facebook.com/docs/sharing/webmasters/crawler)"
57.141.0.48 - - [02/Feb/2026:20:55:11 +0100] "GET /?o=45212198915003 HTTP/2.0" 404 16 "-" "meta-externalagent/1.1 (+https://developers.facebook.com/docs/sharing/webmasters/crawler)"
114.119.133.119 - - [02/Feb/2026:20:55:16 +0100] "GET /hotel_location/hotel-makepe-palace HTTP/1.1" 404 36 "https://www.loger.cm/hotel_destinations/douala" "Mozilla/5.0 (Linux; Android 7.0;) AppleWebKit/537.36 (KHTML, like Gecko) Mobile Safari/537.36 (compatible; PetalBot;+https://webmaster.petalsearch.com/site/petalbot)"
57.141.0.42 - - [02/Feb/2026:20:55:44 +0100] "GET /?o=1398296901905 HTTP/2.0" 404 16 "-" "meta-externalagent/1.1 (+https://developers.facebook.com/docs/sharing/webmasters/crawler)"
57.141.0.34 - - [02/Feb/2026:20:56:16 +0100] "GET /?o=98079256253100 HTTP/2.0" 404 16 "-" "meta-externalagent/1.1 (+https://developers.facebook.com/docs/sharing/webmasters/crawler)"
57.141.0.77 - - [02/Feb/2026:20:56:30 +0100] "GET /?o=51273246904300 HTTP/2.0" 404 16 "-" "meta-externalagent/1.1 (+https://developers.facebook.com/docs/sharing/webmasters/crawler)"
57.141.0.7 - - [02/Feb/2026:20:56:40 +0100] "GET /?o=2709133380005 HTTP/2.0" 404 16 "-" "meta-externalagent/1.1 (+https://developers.facebook.com/docs/sharing/webmasters/crawler)"
114.119.146.40 - - [02/Feb/2026:20:56:52 +0100] "GET /hotel_location/hotel-le-rivage/ HTTP/1.1" 404 36 "https://www.loger.cm/hotel_destinations/limbe/" "Mozilla/5.0 (Linux; Android 7.0;) AppleWebKit/537.36 (KHTML, like Gecko) Mobile Safari/537.36 (compatible; PetalBot;+https://webmaster.petalsearch.com/site/petalbot)"
57.141.0.18 - - [02/Feb/2026:20:56:55 +0100] "GET /?o=62947297482100 HTTP/2.0" 404 16 "-" "meta-externalagent/1.1 (+https://developers.facebook.com/docs/sharing/webmasters/crawler)"
57.141.0.39 - - [02/Feb/2026:20:57:12 +0100] "GET /?o=07086273880800 HTTP/2.0" 404 16 "-" "meta-externalagent/1.1 (+https://developers.facebook.com/docs/sharing/webmasters/crawler)"
57.141.0.13 - - [02/Feb/2026:20:57:30 +0100] "GET /?o=95479157511105 HTTP/2.0" 404 16 "-" "meta-externalagent/1.1 (+https://developers.facebook.com/docs/sharing/webmasters/crawler)"
66.249.68.67 - - [02/Feb/2026:20:57:35 +0100] "GET /?o=311161268404 HTTP/1.1" 404 36 "-" "Mozilla/5.0 (Linux; Android 6.0.1; Nexus 5X Build/MMB29P) AppleWebKit/537.36 (KHTML, like Gecko) Chrome/143.0.7499.192 Mobile Safari/537.36 (compatible; Googlebot/2.1; +http://www.google.com/bot.html)"
57.141.0.5 - - [02/Feb/2026:20:57:52 +0100] "GET /?o=39720231263701 HTTP/2.0" 404 16 "-" "meta-externalagent/1.1 (+https://developers.facebook.com/docs/sharing/webmasters/crawler)"
66.249.68.66 - - [02/Feb/2026:20:57:55 +0100] "GET /?o=70748156140108 HTTP/1.1" 404 36 "-" "Mozilla/5.0 (Linux; Android 6.0.1; Nexus 5X Build/MMB29P) AppleWebKit/537.36 (KHTML, like Gecko) Chrome/143.0.7499.192 Mobile Safari/537.36 (compatible; Googlebot/2.1; +http://www.google.com/bot.html)"
57.141.0.22 - - [02/Feb/2026:20:58:10 +0100] "GET /?o=07781281055301 HTTP/2.0" 404 16 "-" "meta-externalagent/1.1 (+https://developers.facebook.com/docs/sharing/webmasters/crawler)"
114.119.146.171 - - [02/Feb/2026:20:58:26 +0100] "GET /hotel_location/hotel-la-plage HTTP/1.1" 404 36 "https://www.loger.cm/hotel_destinations/limbe/" "Mozilla/5.0 (Linux; Android 7.0;) AppleWebKit/537.36 (KHTML, like Gecko) Mobile Safari/537.36 (compatible; PetalBot;+https://webmaster.petalsearch.com/site/petalbot)"
66.249.68.66 - - [02/Feb/2026:20:58:35 +0100] "GET /?o=2947236008405 HTTP/1.1" 404 36 "-" "Mozilla/5.0 (Linux; Android 6.0.1; Nexus 5X Build/MMB29P) AppleWebKit/537.36 (KHTML, like Gecko) Chrome/143.0.7499.192 Mobile Safari/537.36 (compatible; Googlebot/2.1; +http://www.google.com/bot.html)"
57.141.0.8 - - [02/Feb/2026:20:58:37 +0100] "GET /?o=17970130117500 HTTP/2.0" 404 16 "-" "meta-externalagent/1.1 (+https://developers.facebook.com/docs/sharing/webmasters/crawler)"
57.141.0.44 - - [02/Feb/2026:20:59:01 +0100] "GET /?o=47938231369402 HTTP/2.0" 404 16 "-" "meta-externalagent/1.1 (+https://developers.facebook.com/docs/sharing/webmasters/crawler)"
57.141.0.29 - - [02/Feb/2026:20:59:15 +0100] "GET /?o=57021232794902 HTTP/2.0" 404 16 "-" "meta-externalagent/1.1 (+https://developers.facebook.com/docs/sharing/webmasters/crawler)"
66.249.68.66 - - [02/Feb/2026:20:59:29 +0100] "GET /?o=1217115355000 HTTP/1.1" 404 36 "-" "Mozilla/5.0 (Linux; Android 6.0.1; Nexus 5X Build/MMB29P) AppleWebKit/537.36 (KHTML, like Gecko) Chrome/143.0.7499.192 Mobile Safari/537.36 (compatible; Googlebot/2.1; +http://www.google.com/bot.html)"
66.249.68.66 - - [02/Feb/2026:20:59:29 +0100] "GET /?o=82252153513600 HTTP/1.1" 404 36 "-" "Mozilla/5.0 (Linux; Android 6.0.1; Nexus 5X Build/MMB29P) AppleWebKit/537.36 (KHTML, like Gecko) Chrome/143.0.7499.192 Mobile Safari/537.36 (compatible; Googlebot/2.1; +http://www.google.com/bot.html)"
20.205.1.54 - - [02/Feb/2026:20:59:47 +0100] "GET /wp-content/plugins/hellopress/wp_filemanager.php HTTP/1.1" 404 16 "-" "-"
57.141.0.27 - - [02/Feb/2026:20:59:48 +0100] "GET /?o=19859250692402 HTTP/2.0" 404 16 "-" "meta-externalagent/1.1 (+https://developers.facebook.com/docs/sharing/webmasters/crawler)"
66.249.68.66 - - [02/Feb/2026:20:59:48 +0100] "GET /?o=73209264156405 HTTP/1.1" 404 36 "-" "Mozilla/5.0 (Linux; Android 6.0.1; Nexus 5X Build/MMB29P) AppleWebKit/537.36 (KHTML, like Gecko) Chrome/143.0.7499.192 Mobile Safari/537.36 (compatible; Googlebot/2.1; +http://www.google.com/bot.html)"
20.205.1.54 - - [02/Feb/2026:20:59:48 +0100] "GET /f35.php HTTP/1.1" 404 16 "-" "-"
66.249.68.65 - - [02/Feb/2026:20:59:49 +0100] "GET /?o=79229204768002 HTTP/1.1" 404 36 "-" "Mozilla/5.0 (Linux; Android 6.0.1; Nexus 5X Build/MMB29P) AppleWebKit/537.36 (KHTML, like Gecko) Chrome/143.0.7499.192 Mobile Safari/537.36 (compatible; Googlebot/2.1; +http://www.google.com/bot.html)"
20.205.1.54 - - [02/Feb/2026:20:59:49 +0100] "GET /e.php HTTP/1.1" 404 16 "-" "-"
20.205.1.54 - - [02/Feb/2026:20:59:49 +0100] "GET /ver.php HTTP/1.1" 404 16 "-" "-"
20.205.1.54 - - [02/Feb/2026:20:59:50 +0100] "GET /z.php HTTP/1.1" 404 16 "-" "-"
20.205.1.54 - - [02/Feb/2026:20:59:50 +0100] "GET /file22.php HTTP/1.1" 404 16 "-" "-"
20.205.1.54 - - [02/Feb/2026:20:59:51 +0100] "GET /css.php HTTP/1.1" 404 16 "-" "-"
20.205.1.54 - - [02/Feb/2026:20:59:51 +0100] "GET /wp-configs.php HTTP/1.1" 404 16 "-" "-"
20.205.1.54 - - [02/Feb/2026:20:59:52 +0100] "GET /wp-good.php HTTP/1.1" 404 16 "-" "-"
20.205.1.54 - - [02/Feb/2026:20:59:52 +0100] "GET /ahax.php HTTP/1.1" 404 16 "-" "-"
20.205.1.54 - - [02/Feb/2026:20:59:52 +0100] "GET /abcd.php HTTP/1.1" 404 16 "-" "-"
20.205.1.54 - - [02/Feb/2026:20:59:53 +0100] "GET /222.php HTTP/1.1" 404 16 "-" "-"
20.205.1.54 - - [02/Feb/2026:20:59:53 +0100] "GET /about.php HTTP/1.1" 404 16 "-" "-"
20.205.1.54 - - [02/Feb/2026:20:59:54 +0100] "GET /amax.php HTTP/1.1" 404 16 "-" "-"
20.205.1.54 - - [02/Feb/2026:20:59:54 +0100] "GET /image.php HTTP/1.1" 404 16 "-" "-"
20.205.1.54 - - [02/Feb/2026:20:59:55 +0100] "GET /990.php HTTP/1.1" 404 16 "-" "-"
20.205.1.54 - - [02/Feb/2026:20:59:55 +0100] "GET /bypass.php HTTP/1.1" 404 16 "-" "-"
20.205.1.54 - - [02/Feb/2026:20:59:55 +0100] "GET /ma.php HTTP/1.1" 404 16 "-" "-"
20.205.1.54 - - [02/Feb/2026:20:59:56 +0100] "GET /ws.php HTTP/1.1" 404 16 "-" "-"
20.205.1.54 - - [02/Feb/2026:20:59:56 +0100] "GET /data.php HTTP/1.1" 404 16 "-" "-"
20.205.1.54 - - [02/Feb/2026:20:59:57 +0100] "GET /check.php HTTP/1.1" 404 16 "-" "-"
20.205.1.54 - - [02/Feb/2026:20:59:58 +0100] "GET /ad.php HTTP/1.1" 404 16 "-" "-"
20.205.1.54 - - [02/Feb/2026:20:59:58 +0100] "GET /wp-header-json.php HTTP/1.1" 404 16 "-" "-"
20.205.1.54 - - [02/Feb/2026:20:59:58 +0100] "GET /ultra.php HTTP/1.1" 404 16 "-" "-"
20.205.1.54 - - [02/Feb/2026:20:59:59 +0100] "GET /chosen.php HTTP/1.1" 404 16 "-" "-"
20.205.1.54 - - [02/Feb/2026:21:00:00 +0100] "GET /m.php HTTP/1.1" 404 16 "-" "-"
114.119.155.96 - - [02/Feb/2026:21:00:00 +0100] "GET /hotel_location/hotel-hilton/ HTTP/1.1" 404 36 "-" "Mozilla/5.0 (Linux; Android 7.0;) AppleWebKit/537.36 (KHTML, like Gecko) Mobile Safari/537.36 (compatible; PetalBot;+https://webmaster.petalsearch.com/site/petalbot)"
20.205.1.54 - - [02/Feb/2026:21:00:00 +0100] "GET /wp-includes/assets/index.php HTTP/1.1" 404 16 "-" "-"
20.205.1.54 - - [02/Feb/2026:21:00:01 +0100] "GET /xa.php HTTP/1.1" 404 16 "-" "-"
57.141.0.47 - - [02/Feb/2026:21:00:01 +0100] "GET /?o=5008722837100 HTTP/2.0" 404 16 "-" "meta-externalagent/1.1 (+https://developers.facebook.com/docs/sharing/webmasters/crawler)"
20.205.1.54 - - [02/Feb/2026:21:00:01 +0100] "GET /fm.php HTTP/1.1" 404 16 "-" "-"
20.205.1.54 - - [02/Feb/2026:21:00:02 +0100] "GET /footer.php HTTP/1.1" 404 16 "-" "-"
20.205.1.54 - - [02/Feb/2026:21:00:02 +0100] "GET /buy.php HTTP/1.1" 404 16 "-" "-"
20.205.1.54 - - [02/Feb/2026:21:00:03 +0100] "GET /pro.php HTTP/1.1" 404 16 "-" "-"
20.205.1.54 - - [02/Feb/2026:21:00:03 +0100] "GET /error.php HTTP/1.1" 404 16 "-" "-"
20.205.1.54 - - [02/Feb/2026:21:00:04 +0100] "GET /xmlrpc.php HTTP/1.1" 404 16 "-" "-"
20.205.1.54 - - [02/Feb/2026:21:00:06 +0100] "GET /file.php HTTP/1.1" 404 16 "-" "-"
20.205.1.54 - - [02/Feb/2026:21:00:06 +0100] "GET /k.php HTTP/1.1" 404 16 "-" "-"
20.205.1.54 - - [02/Feb/2026:21:00:07 +0100] "GET /themes.php HTTP/1.1" 404 16 "-" "-"
20.205.1.54 - - [02/Feb/2026:21:00:07 +0100] "GET /p.php HTTP/1.1" 404 16 "-" "-"
20.205.1.54 - - [02/Feb/2026:21:00:07 +0100] "GET /999.php HTTP/1.1" 404 16 "-" "-"
20.205.1.54 - - [02/Feb/2026:21:00:08 +0100] "GET /xxxx.php HTTP/1.1" 404 16 "-" "-"
20.205.1.54 - - [02/Feb/2026:21:00:08 +0100] "GET /as.php HTTP/1.1" 404 16 "-" "-"
20.205.1.54 - - [02/Feb/2026:21:00:09 +0100] "GET /s1.php HTTP/1.1" 404 16 "-" "-"
20.205.1.54 - - [02/Feb/2026:21:00:09 +0100] "GET /1.php HTTP/1.1" 404 16 "-" "-"
20.205.1.54 - - [02/Feb/2026:21:00:09 +0100] "GET /re.php HTTP/1.1" 404 16 "-" "-"
20.205.1.54 - - [02/Feb/2026:21:00:10 +0100] "GET /file56.php HTTP/1.1" 404 16 "-" "-"
66.249.68.67 - - [02/Feb/2026:21:00:25 +0100] "GET /?o=0052730127605 HTTP/1.1" 404 36 "-" "Mozilla/5.0 (Linux; Android 6.0.1; Nexus 5X Build/MMB29P) AppleWebKit/537.36 (KHTML, like Gecko) Chrome/143.0.7499.192 Mobile Safari/537.36 (compatible; Googlebot/2.1; +http://www.google.com/bot.html)"
57.141.0.78 - - [02/Feb/2026:21:00:47 +0100] "GET /?o=7293778381504 HTTP/2.0" 404 16 "-" "meta-externalagent/1.1 (+https://developers.facebook.com/docs/sharing/webmasters/crawler)"
114.119.155.96 - - [02/Feb/2026:21:01:34 +0100] "GET /hotel_location/hotel-far-north HTTP/1.1" 404 36 "https://www.loger.cm/hotel_destinations/maroua" "Mozilla/5.0 (Linux; Android 7.0;) AppleWebKit/537.36 (KHTML, like Gecko) Mobile Safari/537.36 (compatible; PetalBot;+https://webmaster.petalsearch.com/site/petalbot)"
57.141.0.41 - - [02/Feb/2026:21:01:39 +0100] "GET /?o=32042268390702 HTTP/2.0" 404 16 "-" "meta-externalagent/1.1 (+https://developers.facebook.com/docs/sharing/webmasters/crawler)"
66.249.68.65 - - [02/Feb/2026:21:02:12 +0100] "GET /?o=1189984213203 HTTP/1.1" 404 36 "-" "Mozilla/5.0 (Linux; Android 6.0.1; Nexus 5X Build/MMB29P) AppleWebKit/537.36 (KHTML, like Gecko) Chrome/143.0.7499.192 Mobile Safari/537.36 (compatible; Googlebot/2.1; +http://www.google.com/bot.html)"
66.249.68.66 - - [02/Feb/2026:21:02:32 +0100] "GET /?o=59732298118409 HTTP/1.1" 404 36 "-" "Mozilla/5.0 (Linux; Android 6.0.1; Nexus 5X Build/MMB29P) AppleWebKit/537.36 (KHTML, like Gecko) Chrome/143.0.7499.192 Mobile Safari/537.36 (compatible; Googlebot/2.1; +http://www.google.com/bot.html)"
57.141.0.56 - - [02/Feb/2026:21:02:48 +0100] "GET /?o=21739279139101 HTTP/2.0" 404 16 "-" "meta-externalagent/1.1 (+https://developers.facebook.com/docs/sharing/webmasters/crawler)"
114.119.146.40 - - [02/Feb/2026:21:03:10 +0100] "GET /hotel_destinations/ngaoundere/ HTTP/1.1" 404 36 "https://www.loger.cm/hotel_destinations/ngaoundere/" "Mozilla/5.0 (Linux; Android 7.0;) AppleWebKit/537.36 (KHTML, like Gecko) Mobile Safari/537.36 (compatible; PetalBot;+https://webmaster.petalsearch.com/site/petalbot)"
57.141.0.44 - - [02/Feb/2026:21:04:15 +0100] "GET /?o=4108281107403 HTTP/2.0" 404 16 "-" "meta-externalagent/1.1 (+https://developers.facebook.com/docs/sharing/webmasters/crawler)"
66.249.68.65 - - [02/Feb/2026:21:04:20 +0100] "GET /?o=78012158282002&channel=5c0d2e&from=info.php%3Fid%3D1582820-11600%26name%3D%E3%83%80%E3%82%A4%E3%83%AF%28DAIWA%29+%E6%9C%AC%E6%B5%81%E7%AB%BF+%E3%83%97%E3%83%A9%E3%82%A4%E3%83%A0%E6%9C%AC%E6%B5%81++TT%2FP-3%2FP-6%2FP-10+%E5%90%84%E7%A8%AE+%282023%E5%B9%B4%E3%83%A2%E3%83%87%E3%83%AB%29%EF%BC%88daiwa%E6%9C%AC%E6%B5%81%E7%AB%BF%E7%9A%84%E5%83%B9%E6%A0%BC%E6%8E%A8%E8%96%A6-+2025%E5%B9%B46%E6%9C%88%7C+%E6%AF%94%E5%83%B9%E6%AF%94%E5%80%8B%E5%A4%A0BigGo%EF%BC%89 HTTP/1.1" 404 36 "-" "Mozilla/5.0 (Linux; Android 6.0.1; Nexus 5X Build/MMB29P) AppleWebKit/537.36 (KHTML, like Gecko) Chrome/143.0.7499.192 Mobile Safari/537.36 (compatible; Googlebot/2.1; +http://www.google.com/bot.html)"
66.249.68.68 - - [02/Feb/2026:21:04:20 +0100] "GET /?o=1480847667200&channel=7527a4&from=brands.php%3Fid%3D476672-6768%26name%3D%E3%82%B3%E3%83%8B%E3%82%B7++-+%E3%83%9C%E3%83%B3%E3%83%89+%E8%80%90%E7%86%B1%E3%83%8F%E3%82%B1%E5%A1%97%E3%82%8AHG%281.5kg%29+5%E5%80%8B%E3%82%BB%E3%83%83%E3%83%88%EF%BC%88%E3%82%A2%E3%82%AF%E3%82%A2%E3%83%9C%E3%82%A6%E3%82%B9%E3%82%A4%E3%83%97%E3%83%A9%E3%82%A4%E3%83%9E%E3%83%BC+%E3%82%A2%E3%82%AF%E3%82%A2%E3%83%9C%E3%82%A6%E3%82%B9%E3%82%A4+%E3%83%97%E3%83%A9%E3%82%A4%E3%83%9E%E3%83%BC+%E3%82%B9%E3%82%BA%E3%82%AB%E3%83%95%E3%82%A1%E3%82%A4%E3%83%B3+15kg%E7%BC%B6+%7C+%E3%82%A6%E3%83%AC%E3%82%BF%E3%83%B3+%E9%98%B2%E6%B0%B4%E6%9D%90%2C%E3%82%A6%E3%83%AC%E3%82%BF%E3%83%B3+%E3%82%B9%E3%82%BA%E3%82%AB%E3%83%95%E3%82%A1%E3%82%A4%E3%83%B3+%7C+%E9%98%B2%E6%B0%B4%E6%9D%90%E6%96%99%E5%B1%8B%E4%B8%80%E7%95%AA++%E6%9C%AC%E5%BA%97%EF%BC%89 HTTP/1.1" 404 36 "-" "Mozilla/5.0 (Linux; Android 6.0.1; Nexus 5X Build/MMB29P) AppleWebKit/537.36 (KHTML, like Gecko) Chrome/143.0.7499.192 Mobile Safari/537.36 (compatible; Googlebot/2.1; +http://www.google.com/bot.html)"
114.119.133.119 - - [02/Feb/2026:21:04:42 +0100] "GET /hotel_destinations/ngaoundere HTTP/1.1" 404 36 "-" "Mozilla/5.0 (Linux; Android 7.0;) AppleWebKit/537.36 (KHTML, like Gecko) Mobile Safari/537.36 (compatible; PetalBot;+https://webmaster.petalsearch.com/site/petalbot)"
66.249.68.66 - - [02/Feb/2026:21:05:14 +0100] "GET /?o=15116195894800 HTTP/1.1" 404 36 "-" "Mozilla/5.0 (Linux; Android 6.0.1; Nexus 5X Build/MMB29P) AppleWebKit/537.36 (KHTML, like Gecko) Chrome/143.0.7499.192 Mobile Safari/537.36 (compatible; Googlebot/2.1; +http://www.google.com/bot.html)"
57.141.0.57 - - [02/Feb/2026:21:05:31 +0100] "GET /?o=3418778899201 HTTP/2.0" 404 16 "-" "meta-externalagent/1.1 (+https://developers.facebook.com/docs/sharing/webmasters/crawler)"
66.249.68.67 - - [02/Feb/2026:21:05:45 +0100] "GET /?o=99900129638803 HTTP/1.1" 404 36 "-" "Mozilla/5.0 (Linux; Android 6.0.1; Nexus 5X Build/MMB29P) AppleWebKit/537.36 (KHTML, like Gecko) Chrome/143.0.7499.192 Mobile Safari/537.36 (compatible; Googlebot/2.1; +http://www.google.com/bot.html)"
114.119.146.40 - - [02/Feb/2026:21:06:16 +0100] "GET /hotel_destinations/maroua HTTP/1.1" 404 36 "https://www.loger.cm/booking?city_id=162&check_in=2021-05-10&check_out=2021-05-11&adults=1&children=0" "Mozilla/5.0 (Linux; Android 7.0;) AppleWebKit/537.36 (KHTML, like Gecko) Mobile Safari/537.36 (compatible; PetalBot;+https://webmaster.petalsearch.com/site/petalbot)"
57.141.0.14 - - [02/Feb/2026:21:06:40 +0100] "GET /?o=27730236287504 HTTP/2.0" 404 16 "-" "meta-externalagent/1.1 (+https://developers.facebook.com/docs/sharing/webmasters/crawler)"
114.119.136.64 - - [02/Feb/2026:21:07:50 +0100] "GET /hotel_destinations/kribi HTTP/1.1" 404 36 "https://www.loger.cm/hotel_destinations/ngaoundere" "Mozilla/5.0 (Linux; Android 7.0;) AppleWebKit/537.36 (KHTML, like Gecko) Mobile Safari/537.36 (compatible; PetalBot;+https://webmaster.petalsearch.com/site/petalbot)"
57.141.0.8 - - [02/Feb/2026:21:07:52 +0100] "GET /?o=02020156850703 HTTP/2.0" 404 16 "-" "meta-externalagent/1.1 (+https://developers.facebook.com/docs/sharing/webmasters/crawler)"
66.249.68.65 - - [02/Feb/2026:21:07:56 +0100] "GET /00445204075.shtml HTTP/1.1" 404 36 "-" "Mozilla/5.0 (Linux; Android 6.0.1; Nexus 5X Build/MMB29P) AppleWebKit/537.36 (KHTML, like Gecko) Chrome/143.0.7499.192 Mobile Safari/537.36 (compatible; Googlebot/2.1; +http://www.google.com/bot.html)"
66.249.68.66 - - [02/Feb/2026:21:07:56 +0100] "GET /?o=02170116387400&channel=f035f8&from=jp.php%3Fid%3D1163874-914%26name%3Dms%E6%A7%98+%E3%83%AA%E3%82%AF%E3%82%A8%E3%82%B9%E3%83%88++2%E7%82%B9+%E3%81%BE%E3%81%A8%E3%82%81%E5%95%86%E5%93%81%EF%BC%88%E3%81%8A%E6%B0%97%E3%81%AB%E5%85%A5%E3%82%8A+%E3%83%AA%E3%82%AF%E3%82%A8%E3%82%B9%E3%83%88+S%E6%A7%98+2%E7%82%B9+%E3%83%A1%E3%83%AB%E3%82%AB%E3%83%AA+-+%E3%81%BE%E3%81%A8%E3%82%81%E5%95%86%E5%93%81+%E3%83%87%E3%83%A5%E3%82%A8%E3%83%AB%E3%83%9E%E3%82%B9%E3%82%BF%E3%83%BC%E3%82%BA+-+%E3%83%87%E3%83%A5%E3%82%A8%E3%83%AB%E3%83%9E%E3%82%B9%E3%82%BF%E3%83%BC%E3%82%BA%EF%BC%89 HTTP/1.1" 404 36 "-" "Mozilla/5.0 (Linux; Android 6.0.1; Nexus 5X Build/MMB29P) AppleWebKit/537.36 (KHTML, like Gecko) Chrome/143.0.7499.192 Mobile Safari/537.36 (compatible; Googlebot/2.1; +http://www.google.com/bot.html)"
66.249.68.65 - - [02/Feb/2026:21:07:57 +0100] "GET /?o=23130295988404 HTTP/1.1" 404 36 "-" "Mozilla/5.0 (Linux; Android 6.0.1; Nexus 5X Build/MMB29P) AppleWebKit/537.36 (KHTML, like Gecko) Chrome/143.0.7499.192 Mobile Safari/537.36 (compatible; Googlebot/2.1; +http://www.google.com/bot.html)"
57.141.0.49 - - [02/Feb/2026:21:08:46 +0100] "GET /?o=93206140753600 HTTP/2.0" 404 16 "-" "meta-externalagent/1.1 (+https://developers.facebook.com/docs/sharing/webmasters/crawler)"
66.249.68.67 - - [02/Feb/2026:21:09:18 +0100] "GET /?o=07387260914602 HTTP/1.1" 404 36 "-" "Mozilla/5.0 (Linux; Android 6.0.1; Nexus 5X Build/MMB29P) AppleWebKit/537.36 (KHTML, like Gecko) Chrome/143.0.7499.192 Mobile Safari/537.36 (compatible; Googlebot/2.1; +http://www.google.com/bot.html)"
114.119.143.207 - - [02/Feb/2026:21:09:26 +0100] "GET /hotel_destinations/garoua/ HTTP/1.1" 404 36 "https://www.loger.cm/hotel_destinations/ngaoundere/" "Mozilla/5.0 (Linux; Android 7.0;) AppleWebKit/537.36 (KHTML, like Gecko) Mobile Safari/537.36 (compatible; PetalBot;+https://webmaster.petalsearch.com/site/petalbot)"
57.141.0.45 - - [02/Feb/2026:21:09:26 +0100] "GET /?o=99079180822203 HTTP/2.0" 404 16 "-" "meta-externalagent/1.1 (+https://developers.facebook.com/docs/sharing/webmasters/crawler)"
57.141.0.58 - - [02/Feb/2026:21:09:58 +0100] "GET /?o=23870218848107 HTTP/2.0" 404 16 "-" "meta-externalagent/1.1 (+https://developers.facebook.com/docs/sharing/webmasters/crawler)"
66.249.68.65 - - [02/Feb/2026:21:10:12 +0100] "GET /?o=0574795859301 HTTP/1.1" 404 36 "-" "Mozilla/5.0 (Linux; Android 6.0.1; Nexus 5X Build/MMB29P) AppleWebKit/537.36 (KHTML, like Gecko) Chrome/143.0.7499.192 Mobile Safari/537.36 (compatible; Googlebot/2.1; +http://www.google.com/bot.html)"
66.249.68.65 - - [02/Feb/2026:21:10:13 +0100] "GET /?o=59230294735602 HTTP/1.1" 404 36 "-" "Mozilla/5.0 (Linux; Android 6.0.1; Nexus 5X Build/MMB29P) AppleWebKit/537.36 (KHTML, like Gecko) Chrome/143.0.7499.192 Mobile Safari/537.36 (compatible; Googlebot/2.1; +http://www.google.com/bot.html)"
57.141.0.21 - - [02/Feb/2026:21:10:39 +0100] "GET /?o=17790114971000 HTTP/2.0" 404 16 "-" "meta-externalagent/1.1 (+https://developers.facebook.com/docs/sharing/webmasters/crawler)"
114.119.140.137 - - [02/Feb/2026:21:10:59 +0100] "GET /hotel_destinations/douala/ HTTP/1.1" 404 36 "https://www.loger.cm/hotel_destinations/limbe/" "Mozilla/5.0 (Linux; Android 7.0;) AppleWebKit/537.36 (KHTML, like Gecko) Mobile Safari/537.36 (compatible; PetalBot;+https://webmaster.petalsearch.com/site/petalbot)"
57.141.0.34 - - [02/Feb/2026:21:11:17 +0100] "GET /?o=94030141689302 HTTP/2.0" 404 16 "-" "meta-externalagent/1.1 (+https://developers.facebook.com/docs/sharing/webmasters/crawler)"
20.89.56.154 - - [02/Feb/2026:21:11:31 +0100] "GET /wp-content/plugins/hellopress/wp_filemanager.php HTTP/1.1" 200 37120 "-" "-"
20.89.56.154 - - [02/Feb/2026:21:11:31 +0100] "GET /black.php HTTP/1.1" 200 37081 "-" "-"
20.89.56.154 - - [02/Feb/2026:21:11:32 +0100] "GET /menu.php HTTP/1.1" 200 37080 "-" "-"
20.89.56.154 - - [02/Feb/2026:21:11:32 +0100] "GET /bjfl.php HTTP/1.1" 200 37080 "-" "-"
20.89.56.154 - - [02/Feb/2026:21:11:33 +0100] "GET /sko.php HTTP/1.1" 200 37079 "-" "-"
20.89.56.154 - - [02/Feb/2026:21:11:33 +0100] "GET /obfuscate.php HTTP/1.1" 200 37085 "-" "-"
20.89.56.154 - - [02/Feb/2026:21:11:34 +0100] "GET /img.php HTTP/1.1" 200 37079 "-" "-"
20.89.56.154 - - [02/Feb/2026:21:11:34 +0100] "GET /co.php HTTP/1.1" 200 37078 "-" "-"
20.89.56.154 - - [02/Feb/2026:21:11:35 +0100] "GET /iswfg.php HTTP/1.1" 200 37081 "-" "-"
20.89.56.154 - - [02/Feb/2026:21:11:35 +0100] "GET /acxx.php?p= HTTP/1.1" 200 37083 "-" "-"
20.89.56.154 - - [02/Feb/2026:21:11:36 +0100] "GET /vjooe.php HTTP/1.1" 200 37081 "-" "-"
20.89.56.154 - - [02/Feb/2026:21:11:37 +0100] "GET /wikindex.php HTTP/1.1" 200 37084 "-" "-"
20.89.56.154 - - [02/Feb/2026:21:11:37 +0100] "GET /tool.php HTTP/1.1" 200 37080 "-" "-"
20.89.56.154 - - [02/Feb/2026:21:11:38 +0100] "GET /py.php HTTP/1.1" 200 37078 "-" "-"
20.89.56.154 - - [02/Feb/2026:21:11:39 +0100] "GET /155.php HTTP/1.1" 200 37079 "-" "-"
20.89.56.154 - - [02/Feb/2026:21:11:39 +0100] "GET /iko.php HTTP/1.1" 200 37079 "-" "-"
20.89.56.154 - - [02/Feb/2026:21:11:40 +0100] "GET /wefile.php HTTP/1.1" 200 37082 "-" "-"
20.89.56.154 - - [02/Feb/2026:21:11:41 +0100] "GET /gfd.php HTTP/1.1" 200 37079 "-" "-"
20.89.56.154 - - [02/Feb/2026:21:11:41 +0100] "GET /bnm.php HTTP/1.1" 200 37079 "-" "-"
20.89.56.154 - - [02/Feb/2026:21:11:42 +0100] "GET /edit-tags.php HTTP/1.1" 200 37085 "-" "-"
20.89.56.154 - - [02/Feb/2026:21:11:42 +0100] "GET /vx.php HTTP/1.1" 200 37078 "-" "-"
20.89.56.154 - - [02/Feb/2026:21:11:43 +0100] "GET /lkj.php HTTP/1.1" 200 37079 "-" "-"
20.89.56.154 - - [02/Feb/2026:21:11:44 +0100] "GET /ioxi-o.php HTTP/1.1" 200 37082 "-" "-"
20.89.56.154 - - [02/Feb/2026:21:11:45 +0100] "GET /wp-admin/js/wp-conflg.php?p= HTTP/1.1" 200 37100 "-" "-"
20.89.56.154 - - [02/Feb/2026:21:11:45 +0100] "GET /about/function.php HTTP/1.1" 200 37090 "-" "-"
20.89.56.154 - - [02/Feb/2026:21:11:46 +0100] "GET /wp-includes/block-patterns/index.php HTTP/1.1" 200 37108 "-" "-"
20.89.56.154 - - [02/Feb/2026:21:11:47 +0100] "GET /wp-admin/maint/about.php HTTP/1.1" 200 37096 "-" "-"
20.89.56.154 - - [02/Feb/2026:21:11:48 +0100] "GET /readme.php?p= HTTP/1.1" 200 37081 "-" "-"
20.89.56.154 - - [02/Feb/2026:21:11:49 +0100] "GET /wp-includes/js/codemirror/index.php HTTP/1.1" 200 37107 "-" "-"
20.89.56.154 - - [02/Feb/2026:21:11:49 +0100] "GET /classwithtostring.php HTTP/1.1" 200 37093 "-" "-"
20.89.56.154 - - [02/Feb/2026:21:11:50 +0100] "GET /.well-known/index.php HTTP/1.1" 200 37093 "-" "-"
20.89.56.154 - - [02/Feb/2026:21:11:51 +0100] "GET /alfa.php HTTP/1.1" 200 37080 "-" "-"
20.89.56.154 - - [02/Feb/2026:21:11:51 +0100] "GET /wp-includes/images/wp-login.php HTTP/1.1" 200 37103 "-" "-"
20.89.56.154 - - [02/Feb/2026:21:11:52 +0100] "GET /atx.php HTTP/1.1" 200 37079 "-" "-"
20.89.56.154 - - [02/Feb/2026:21:11:53 +0100] "GET /inputs.php HTTP/1.1" 200 37082 "-" "-"
20.89.56.154 - - [02/Feb/2026:21:11:54 +0100] "GET /wp-content/radio.php HTTP/1.1" 200 37092 "-" "-"
20.89.56.154 - - [02/Feb/2026:21:11:54 +0100] "GET /404.php HTTP/1.1" 200 37079 "-" "-"
20.89.56.154 - - [02/Feb/2026:21:11:55 +0100] "GET /global.php HTTP/1.1" 200 37082 "-" "-"
20.89.56.154 - - [02/Feb/2026:21:11:56 +0100] "GET /core.php HTTP/1.1" 200 37080 "-" "-"
20.89.56.154 - - [02/Feb/2026:21:11:57 +0100] "GET /thoms.php HTTP/1.1" 200 37081 "-" "-"
20.89.56.154 - - [02/Feb/2026:21:11:58 +0100] "GET /irc.js.php HTTP/1.1" 200 37082 "-" "-"
57.141.0.26 - - [02/Feb/2026:21:11:58 +0100] "GET /?o=8989039956900 HTTP/2.0" 404 16 "-" "meta-externalagent/1.1 (+https://developers.facebook.com/docs/sharing/webmasters/crawler)"
66.249.68.66 - - [02/Feb/2026:21:12:11 +0100] "GET /?o=4276872352800 HTTP/1.1" 404 36 "-" "Mozilla/5.0 (Linux; Android 6.0.1; Nexus 5X Build/MMB29P) AppleWebKit/537.36 (KHTML, like Gecko) Chrome/143.0.7499.192 Mobile Safari/537.36 (compatible; Googlebot/2.1; +http://www.google.com/bot.html)"
57.141.0.16 - - [02/Feb/2026:21:12:31 +0100] "GET /?o=81815223457000 HTTP/2.0" 404 16 "-" "meta-externalagent/1.1 (+https://developers.facebook.com/docs/sharing/webmasters/crawler)"
114.119.155.96 - - [02/Feb/2026:21:12:33 +0100] "GET /booking/a-propos/ HTTP/1.1" 404 36 "https://loger.cm/" "Mozilla/5.0 (Linux; Android 7.0;) AppleWebKit/537.36 (KHTML, like Gecko) Mobile Safari/537.36 (compatible; PetalBot;+https://webmaster.petalsearch.com/site/petalbot)"
57.141.0.10 - - [02/Feb/2026:21:13:01 +0100] "GET /?o=96197185685800 HTTP/2.0" 404 16 "-" "meta-externalagent/1.1 (+https://developers.facebook.com/docs/sharing/webmasters/crawler)"
57.141.0.31 - - [02/Feb/2026:21:13:16 +0100] "GET /?o=6121939142204 HTTP/2.0" 404 16 "-" "meta-externalagent/1.1 (+https://developers.facebook.com/docs/sharing/webmasters/crawler)"
57.141.0.56 - - [02/Feb/2026:21:13:37 +0100] "GET /?o=33157259799011 HTTP/2.0" 404 16 "-" "meta-externalagent/1.1 (+https://developers.facebook.com/docs/sharing/webmasters/crawler)"
66.249.68.66 - - [02/Feb/2026:21:13:58 +0100] "GET /?o=55999180270800 HTTP/1.1" 404 36 "-" "Mozilla/5.0 (Linux; Android 6.0.1; Nexus 5X Build/MMB29P) AppleWebKit/537.36 (KHTML, like Gecko) Chrome/143.0.7499.192 Mobile Safari/537.36 (compatible; Googlebot/2.1; +http://www.google.com/bot.html)"
57.141.0.45 - - [02/Feb/2026:21:14:05 +0100] "GET /?o=69818208594401 HTTP/2.0" 404 16 "-" "meta-externalagent/1.1 (+https://developers.facebook.com/docs/sharing/webmasters/crawler)"
114.119.155.96 - - [02/Feb/2026:21:14:06 +0100] "GET /wp-includes/SimplePie/Decode/?C=S%3BO%3DA HTTP/1.1" 404 36 "https://www.loger.cm/wp-includes/SimplePie/Decode/?C=N%3BO%3DD" "Mozilla/5.0 (Linux; Android 7.0;) AppleWebKit/537.36 (KHTML, like Gecko) Mobile Safari/537.36 (compatible; PetalBot;+https://webmaster.petalsearch.com/site/petalbot)"
57.141.0.12 - - [02/Feb/2026:21:14:47 +0100] "GET /?o=74983286848002 HTTP/2.0" 404 16 "-" "meta-externalagent/1.1 (+https://developers.facebook.com/docs/sharing/webmasters/crawler)"
66.249.68.65 - - [02/Feb/2026:21:14:52 +0100] "GET /?o=86950174527000&channel=ebf6c0&from=info.php%3Fid%3D1745270-36%26name%3D%E3%80%90%E4%B8%AD%E5%8F%A4%E3%80%91%E6%97%A5%E7%AB%8B+%E3%82%A8%E3%82%A2%E3%82%B3%E3%83%B3%E3%83%AA%E3%83%A2%E3%82%B3%E3%83%B3++RAR-8J2%EF%BC%88Amazon.co.jp%3A+ALLIMITY+%E3%83%80%E3%82%A4%E3%83%A8%E3%82%A6%E3%83%AA%E3%83%A2%E3%82%B3%E3%83%B3+fit+for+%E6%97%A5%E7%AB%8B+%E7%99%BD%E3%81%8F%E3%81%BE%E3%81%8F%E3%82%93+RAR-+HITACHI+%E6%B1%8E%E7%94%A8+%E3%83%9E%E3%83%AB%E3%83%81+%E3%82%A8%E3%82%A2%E3%82%B3%E3%83%B3++%E4%BA%92%E6%8F%9B%E3%81%AE%E3%83%AA%E3%83%A2%E3%82%B3%E3%83%B3+SP-RC3+RAR-4P1+RAR-3R3+RAR-3X2+RAR-6G1+RAR-4G5+RAR-5C2+RAR-4H4+RAR-5C5%E3%81%AA%E3%81%A9++%3A+%E3%83%9B%E3%83%BC%E3%83%A0%EF%BC%86%E3%82%AD%E3%83%83%E3%83%81%E3%83%B3%EF%BC%89 HTTP/1.1" 404 36 "-" "Mozilla/5.0 (Linux; Android 6.0.1; Nexus 5X Build/MMB29P) AppleWebKit/537.36 (KHTML, like Gecko) Chrome/143.0.7499.192 Mobile Safari/537.36 (compatible; Googlebot/2.1; +http://www.google.com/bot.html)"
66.249.68.66 - - [02/Feb/2026:21:14:53 +0100] "GET /?o=07078281838001 HTTP/1.1" 404 36 "-" "Mozilla/5.0 (Linux; Android 6.0.1; Nexus 5X Build/MMB29P) AppleWebKit/537.36 (KHTML, like Gecko) Chrome/143.0.7499.192 Mobile Safari/537.36 (compatible; Googlebot/2.1; +http://www.google.com/bot.html)"
57.141.0.5 - - [02/Feb/2026:21:15:15 +0100] "GET /?o=57280140203905 HTTP/2.0" 404 16 "-" "meta-externalagent/1.1 (+https://developers.facebook.com/docs/sharing/webmasters/crawler)"
114.119.143.207 - - [02/Feb/2026:21:15:42 +0100] "GET /hotel_location/jouvence-2000-2/ HTTP/1.1" 404 36 "https://www.loger.cm/hotel_destinations/yaounde" "Mozilla/5.0 (Linux; Android 7.0;) AppleWebKit/537.36 (KHTML, like Gecko) Mobile Safari/537.36 (compatible; PetalBot;+https://webmaster.petalsearch.com/site/petalbot)"
66.249.68.67 - - [02/Feb/2026:21:15:48 +0100] "GET /?o=82055125642502&channel=c0c581&from=blog.php%3Fid%3D1256425-2624%26name%3D%5B%E3%83%9B%E3%82%A4%E3%83%BC%E3%83%AB%E3%81%AE%E3%81%BF%E5%8D%98%E5%93%814%E6%9C%AC%E3%82%BB%E3%83%83%E3%83%88%5D++Weds+MUD+VANCE+X+TypeM+14%E3%82%A4%E3%83%B3%E3%83%81%C3%974.5J+PCD%EF%BC%9A100+%E7%A9%B4%E6%95%B0%EF%BC%9A4+%E3%82%A4%E3%83%B3%E3%82%BB%E3%83%83%E3%83%88%EF%BC%9A45+%E3%83%9E%E3%83%83%E3%83%88%E3%82%AC%E3%83%B3%E3%83%A1%E3%82%BF+%28MGMT%29%EF%BC%88%E3%82%A6%E3%82%A7%E3%83%83%E3%82%BA+%E3%82%A2%E3%83%89%E3%83%99%E3%83%B3%E3%83%81%E3%83%A3%E3%83%BC+%E3%83%9E%E3%83%83%E3%83%89%E3%83%B4%E3%82%A1%E3%83%B3%E3%82%B9+X+%E3%82%BF%E3%82%A4%E3%83%97M+14%E3%82%A4%E3%83%B3%E3%83%81+4.5J+%E3%82%B0%E3%83%83%E3%83%89%E3%82%A4%E3%83%A4%E3%83%BC+%E3%82%A8%E3%83%95%E3%82%A3%E3%82%B7%E3%82%A8%E3%83%B3%E3%83%88+%E3%82%B0%E3%83%AA%E3%83%83%E3%83%97+%E3%82%B3%E3%83%B3%E3%83%95%E3%82%A9%E3%83%BC%E3%83%88%EF%BC%89 HTTP/1.1" 404 36 "-" "Mozilla/5.0 (Linux; Android 6.0.1; Nexus 5X Build/MMB29P) AppleWebKit/537.36 (KHTML, like Gecko) Chrome/143.0.7499.192 Mobile Safari/537.36 (compatible; Googlebot/2.1; +http://www.google.com/bot.html)"
66.249.68.66 - - [02/Feb/2026:21:15:48 +0100] "GET /?o=8781888221303&channel=ed50dc&from=jp.php%3Fid%3D882213-12804%26name%3D%E9%9B%BB%E6%B0%97%E3%82%B7%E3%83%A7%E3%83%83%E3%82%AF%E7%B7%8A%E6%80%A5%E6%95%91%E5%8A%A9%E3%83%84%E3%83%BC%E3%83%AB%E3%80%81%E3%82%AA%E3%83%BC%E3%83%97%E3%83%8B%E3%83%B3%E3%82%B0%E3%83%95%E3%83%83%E3%82%AF%E4%BB%98%E3%81%8D%E3%80%81%E3%83%9D%E3%83%BC%E3%82%BF%E3%83%96%E3%83%AB%E6%84%9F%E9%9B%BB%E9%98%B2%E6%AD%A2%E6%95%91%E5%8A%A9%E3%83%95%E3%83%83%E3%82%AF%E3%83%9B%E3%83%83%E3%83%88%E3%82%B9%E3%83%86%E3%82%A3%E3%83%83%E3%82%AF%E3%80%81%E9%9B%BB%E6%B0%97%E5%AE%89%E5%85%A8%E3%82%B9%E3%83%86%E3%82%A3%E3%83%83%E3%82%AF%E3%82%AD%E3%83%83%E3%83%88%28%E8%B5%A4%E3%80%813.+%EF%BC%88%E3%83%9D%E3%83%BC%E3%82%BF%E3%83%96%E3%83%AB%E3%82%B7%E3%83%A3%E3%83%AF%E3%83%BC%E6%B8%A9%E6%B0%B4+%E3%81%8A%E9%A2%A8%E5%91%82+%E7%81%BD%E5%AE%B3%E7%94%A8+7800mAh+%E4%B8%AD%E9%9B%BB%E5%8B%95+%E5%85%85%E9%9B%BB%E5%BC%8F+%E3%83%9D%E3%83%BC%E3%82%BF%E3%83%96%E3%83%AB%E3%82%B7%E3%83%A3%E3%83%AF%E3%83%BC%E3%82%A2%E3%82%A6%E3%83%88%E3%83%89%E3%82%A2%E3%82%B7%E3%83%A3%E3%83%AF%E3%83%BC+%E9%9B%BB%E5%8B%95%E3%82%B7%E3%83%A3%E3%83%AF%E3%83%BC+%E3%82%A2%E3%82%A6%E3%83%88%E3%83%89+%E3%82%B3%E3%83%BC%E3%83%89%E3%83%AC%E3%82%B9++%E7%B0%A1%E6%98%93%E3%82%B7%E3%83%A3%E3%83%AF%E3%83%BC+%E7%AF%80%E6%B0%B4+-+%E3%83%A1%E3%83%AB%E3%82%AB%E3%83%AA%EF%BC%89 HTTP/1.1" 404 36 "-" "Mozilla/5.0 (Linux; Android 6.0.1; Nexus 5X Build/MMB29P) AppleWebKit/537.36 (KHTML, like Gecko) Chrome/143.0.7499.192 Mobile Safari/537.36 (compatible; Googlebot/2.1; +http://www.google.com/bot.html)"
66.249.68.68 - - [02/Feb/2026:21:15:49 +0100] "GET /?o=1401194403400 HTTP/1.1" 404 36 "-" "Mozilla/5.0 (Linux; Android 6.0.1; Nexus 5X Build/MMB29P) AppleWebKit/537.36 (KHTML, like Gecko) Chrome/143.0.7499.192 Mobile Safari/537.36 (compatible; Googlebot/2.1; +http://www.google.com/bot.html)"
57.141.0.53 - - [02/Feb/2026:21:16:00 +0100] "GET /?o=6707381560804 HTTP/2.0" 404 16 "-" "meta-externalagent/1.1 (+https://developers.facebook.com/docs/sharing/webmasters/crawler)"
66.249.68.66 - - [02/Feb/2026:21:16:27 +0100] "GET /?o=98519290326005 HTTP/1.1" 404 36 "-" "Mozilla/5.0 (Linux; Android 6.0.1; Nexus 5X Build/MMB29P) AppleWebKit/537.36 (KHTML, like Gecko) Chrome/143.0.7499.192 Mobile Safari/537.36 (compatible; Googlebot/2.1; +http://www.google.com/bot.html)"
57.141.0.24 - - [02/Feb/2026:21:16:45 +0100] "GET /?o=37000175099403 HTTP/2.0" 404 16 "-" "meta-externalagent/1.1 (+https://developers.facebook.com/docs/sharing/webmasters/crawler)"
114.119.140.137 - - [02/Feb/2026:21:17:16 +0100] "GET /blog HTTP/1.1" 404 36 "https://www.loger.cm/politique-de-confidentialite/" "Mozilla/5.0 (Linux; Android 7.0;) AppleWebKit/537.36 (KHTML, like Gecko) Mobile Safari/537.36 (compatible; PetalBot;+https://webmaster.petalsearch.com/site/petalbot)"
57.141.0.32 - - [02/Feb/2026:21:17:45 +0100] "GET /?o=07828134205501 HTTP/2.0" 404 16 "-" "meta-externalagent/1.1 (+https://developers.facebook.com/docs/sharing/webmasters/crawler)"
66.249.68.66 - - [02/Feb/2026:21:18:31 +0100] "GET /?o=79785266140003 HTTP/1.1" 404 36 "-" "Mozilla/5.0 (Linux; Android 6.0.1; Nexus 5X Build/MMB29P) AppleWebKit/537.36 (KHTML, like Gecko) Chrome/143.0.7499.192 Mobile Safari/537.36 (compatible; Googlebot/2.1; +http://www.google.com/bot.html)"
66.249.68.66 - - [02/Feb/2026:21:18:31 +0100] "GET /?o=1137480748904&channel=afda44&from=shared.php%3Fid%3D807489-4097%26name%3D%E3%82%AA%E3%83%95%E3%82%A3%E3%82%B9%E3%83%81%E3%82%A7%E3%82%A2+%E3%83%87%E3%82%B9%E3%82%AF%E3%83%81%E3%82%A7%E3%82%A2+%E3%83%87%E3%82%B6%E3%82%A4%E3%83%B3%E3%83%81%E3%82%A7%E3%82%A2+%E6%A4%85%E5%AD%90+%E7%84%A1%E6%AE%B5%E9%9A%8E%E9%AB%98%E3%81%95%E8%AA%BF%E7%AF%80+PVC%E3%82%B7%E3%83%BC%E3%83%88+%E3%83%AD%E3%83%83%E3%82%AD%E3%83%B3%E3%82%B0%E6%A9%9F%E8%83%BD+%E3%82%AD%E3%83%A3%E3%82%B9%E3%82%BF%E3%83%BC+%E3%83%9B%E3%83%AF%E3%82%A4%E3%83%88++%E8%90%A9%E5%8E%9F%E3%80%90%2Fsrm%E3%80%91%EF%BC%88%E6%A5%BD%E5%A4%A9%E5%B8%82%E5%A0%B4%E3%80%91%E3%82%AA%E3%83%95%E3%82%A3%E3%82%B9%E3%83%81%E3%82%A7%E3%82%A2+%E3%83%87%E3%82%B9%E3%82%AF%E3%83%81%E3%82%A7%E3%82%A2+%E3%83%87%E3%82%B6%E3%82%A4%E3%83%B3%E3%83%81%E3%82%A7%E3%82%A2+%E6%A4%85%E5%AD%90+%E3%83%AD%E3%83%83%E3%82%AD%E3%83%B3%E3%82%B0%E6%A9%9F%E8%83%BD+%E3%81%B2%E3%81%98%E6%8E%9B%E3%81%91+%E4%BB%98%E3%81%8D+360%E5%BA%A6%E5%9B%9E%E8%BB%A2+%E3%82%B0%E3%83%AC%E3%83%BC+%E3%81%8A%E3%81%97%E3%82%83%E3%82%8C+%E8%90%A9%E5%8E%9F%E3%80%90%2Fsrm%E3%80%91+%3A++%E3%82%A6%E3%83%AB%E3%83%88%E3%83%A9%E3%81%8E%E3%81%8A%E3%82%93%E6%A5%BD%E5%A4%A9%E5%B8%82%E5%A0%B4%E5%BA%97%EF%BC%89 HTTP/1.1" 404 36 "-" "Mozilla/5.0 (Linux; Android 6.0.1; Nexus 5X Build/MMB29P) AppleWebKit/537.36 (KHTML, like Gecko) Chrome/143.0.7499.192 Mobile Safari/537.36 (compatible; Googlebot/2.1; +http://www.google.com/bot.html)"
66.249.68.65 - - [02/Feb/2026:21:18:36 +0100] "GET /?o=77702249097703 HTTP/1.1" 404 36 "-" "Mozilla/5.0 (Linux; Android 6.0.1; Nexus 5X Build/MMB29P) AppleWebKit/537.36 (KHTML, like Gecko) Chrome/143.0.7499.192 Mobile Safari/537.36 (compatible; Googlebot/2.1; +http://www.google.com/bot.html)"
66.249.68.66 - - [02/Feb/2026:21:18:36 +0100] "GET /?o=92716100910 HTTP/1.1" 404 36 "-" "Mozilla/5.0 (Linux; Android 6.0.1; Nexus 5X Build/MMB29P) AppleWebKit/537.36 (KHTML, like Gecko) Chrome/143.0.7499.192 Mobile Safari/537.36 (compatible; Googlebot/2.1; +http://www.google.com/bot.html)"
114.119.143.207 - - [02/Feb/2026:21:18:50 +0100] "GET /annonces/maison-titree-a-vendre/ HTTP/1.1" 404 36 "https://www.loger.cm/acheter/" "Mozilla/5.0 (Linux; Android 7.0;) AppleWebKit/537.36 (KHTML, like Gecko) Mobile Safari/537.36 (compatible; PetalBot;+https://webmaster.petalsearch.com/site/petalbot)"
57.141.0.25 - - [02/Feb/2026:21:18:51 +0100] "GET /?o=07225126032503 HTTP/2.0" 404 16 "-" "meta-externalagent/1.1 (+https://developers.facebook.com/docs/sharing/webmasters/crawler)"
66.249.68.66 - - [02/Feb/2026:21:19:07 +0100] "GET /?o=27626147056801 HTTP/1.1" 404 36 "-" "Mozilla/5.0 (Linux; Android 6.0.1; Nexus 5X Build/MMB29P) AppleWebKit/537.36 (KHTML, like Gecko) Chrome/143.0.7499.192 Mobile Safari/537.36 (compatible; Googlebot/2.1; +http://www.google.com/bot.html)"
57.141.0.32 - - [02/Feb/2026:21:19:35 +0100] "GET /?o=6220237940200 HTTP/2.0" 404 16 "-" "meta-externalagent/1.1 (+https://developers.facebook.com/docs/sharing/webmasters/crawler)"
114.119.146.40 - - [02/Feb/2026:21:20:16 +0100] "GET /acheter/ HTTP/1.1" 404 36 "https://www.loger.cm/politique-de-confidentialite/" "Mozilla/5.0 (Linux; Android 7.0;) AppleWebKit/537.36 (KHTML, like Gecko) Mobile Safari/537.36 (compatible; PetalBot;+https://webmaster.petalsearch.com/site/petalbot)"
57.141.0.78 - - [02/Feb/2026:21:20:32 +0100] "GET /?o=01191254930906 HTTP/2.0" 404 16 "-" "meta-externalagent/1.1 (+https://developers.facebook.com/docs/sharing/webmasters/crawler)"
100.29.160.53 - - [02/Feb/2026:21:20:35 +0100] "GET /robots.txt HTTP/1.1" 404 36 "-" "Mozilla/5.0 AppleWebKit/537.36 (KHTML, like Gecko; compatible; Amazonbot/0.1; +https://developer.amazon.com/support/amazonbot) Chrome/119.0.6045.214 Safari/537.36"
57.141.0.30 - - [02/Feb/2026:21:21:40 +0100] "GET /?o=10816231319400 HTTP/2.0" 404 16 "-" "meta-externalagent/1.1 (+https://developers.facebook.com/docs/sharing/webmasters/crawler)"
114.119.159.233 - - [02/Feb/2026:21:21:41 +0100] "GET /acheter HTTP/1.1" 404 36 "https://www.loger.cm/acheter/" "Mozilla/5.0 (Linux; Android 7.0;) AppleWebKit/537.36 (KHTML, like Gecko) Mobile Safari/537.36 (compatible; PetalBot;+https://webmaster.petalsearch.com/site/petalbot)"
66.249.68.68 - - [02/Feb/2026:21:21:47 +0100] "GET /?o=3718722660204 HTTP/1.1" 404 36 "-" "Mozilla/5.0 (Linux; Android 6.0.1; Nexus 5X Build/MMB29P) AppleWebKit/537.36 (KHTML, like Gecko) Chrome/143.0.7499.192 Mobile Safari/537.36 (compatible; Googlebot/2.1; +http://www.google.com/bot.html)"
66.249.68.66 - - [02/Feb/2026:21:23:05 +0100] "GET /?o=7806174531800 HTTP/1.1" 404 36 "-" "Mozilla/5.0 (Linux; Android 6.0.1; Nexus 5X Build/MMB29P) AppleWebKit/537.36 (KHTML, like Gecko) Chrome/143.0.7499.192 Mobile Safari/537.36 (compatible; Googlebot/2.1; +http://www.google.com/bot.html)"
114.119.140.137 - - [02/Feb/2026:21:23:08 +0100] "GET /2024/11/19/windows-download-kdenlive-21-08-1-leistungsstarke-videobearbeitungssoftware/ HTTP/1.1" 404 36 "https://www.loger.cm/2024/11/19/uinddoj-ddaaunlodd-eclipse-2021-09-sphttoyyaar-smprke-srbbrh-oyaardd-prsstthaa/?C=D%3BO%3DA" "Mozilla/5.0 (Linux; Android 7.0;) AppleWebKit/537.36 (KHTML, like Gecko) Mobile Safari/537.36 (compatible; PetalBot;+https://webmaster.petalsearch.com/site/petalbot)"
57.141.0.68 - - [02/Feb/2026:21:23:16 +0100] "GET /?o=2567165244300 HTTP/2.0" 404 16 "-" "meta-externalagent/1.1 (+https://developers.facebook.com/docs/sharing/webmasters/crawler)"
66.249.68.67 - - [02/Feb/2026:21:23:59 +0100] "GET /?o=11206281109711 HTTP/1.1" 404 36 "-" "Mozilla/5.0 (Linux; Android 6.0.1; Nexus 5X Build/MMB29P) AppleWebKit/537.36 (KHTML, like Gecko) Chrome/143.0.7499.192 Mobile Safari/537.36 (compatible; Googlebot/2.1; +http://www.google.com/bot.html)"
114.119.143.207 - - [02/Feb/2026:21:24:32 +0100] "GET /2024/11/19/download-sqlite-3-36-0-for-windows-reliable-database-management-system/ HTTP/1.1" 404 36 "https://www.loger.cm/2024/11/19/uinddoj-ddaaunlodd-eclipse-2021-09-sphttoyyaar-smprke-srbbrh-oyaardd-prsstthaa/?C=D%3BO%3DA" "Mozilla/5.0 (Linux; Android 7.0;) AppleWebKit/537.36 (KHTML, like Gecko) Mobile Safari/537.36 (compatible; PetalBot;+https://webmaster.petalsearch.com/site/petalbot)"
57.141.0.42 - - [02/Feb/2026:21:25:15 +0100] "GET /?o=32281167152700 HTTP/2.0" 404 16 "-" "meta-externalagent/1.1 (+https://developers.facebook.com/docs/sharing/webmasters/crawler)"
114.119.136.64 - - [02/Feb/2026:21:25:59 +0100] "GET /sitemap_index.xml HTTP/1.1" 404 36 "-" "Mozilla/5.0 (Linux; Android 7.0;) AppleWebKit/537.36 (KHTML, like Gecko) Mobile Safari/537.36 (compatible; PetalBot;+https://webmaster.petalsearch.com/site/petalbot)"
66.249.68.66 - - [02/Feb/2026:21:26:39 +0100] "GET /?o=6079164022801 HTTP/1.1" 404 36 "-" "Mozilla/5.0 (Linux; Android 6.0.1; Nexus 5X Build/MMB29P) AppleWebKit/537.36 (KHTML, like Gecko) Chrome/143.0.7499.192 Mobile Safari/537.36 (compatible; Googlebot/2.1; +http://www.google.com/bot.html)"
114.119.136.64 - - [02/Feb/2026:21:27:24 +0100] "GET /politique-de-confidentialite/ HTTP/1.1" 404 36 "https://loger.cm/" "Mozilla/5.0 (Linux; Android 7.0;) AppleWebKit/537.36 (KHTML, like Gecko) Mobile Safari/537.36 (compatible; PetalBot;+https://webmaster.petalsearch.com/site/petalbot)"
66.249.68.65 - - [02/Feb/2026:21:28:27 +0100] "GET /?o=12534116342801 HTTP/1.1" 404 36 "-" "Mozilla/5.0 (Linux; Android 6.0.1; Nexus 5X Build/MMB29P) AppleWebKit/537.36 (KHTML, like Gecko) Chrome/143.0.7499.192 Mobile Safari/537.36 (compatible; Googlebot/2.1; +http://www.google.com/bot.html)"
66.249.68.66 - - [02/Feb/2026:21:28:28 +0100] "GET /?o=88429130004400&channel=b9f3e3&from=product.php%3Fid%3D1300044-2416%26name%3D%E3%82%B5%E3%82%AB%E3%82%A8++SAKAE+%E3%80%90%E5%88%A5%E9%80%94%E9%80%81%E6%96%99%E3%80%91+%E3%80%90%E5%80%8B%E4%BA%BA%E5%AE%85%E4%B8%8D%E5%8F%AF%E3%80%91+%E4%B8%AD%E9%87%8F%E6%A3%9AWG%E5%9E%8B+WG-1764R+%5B313-0047462%5D%EF%BC%88NEW-1544%E3%80%90%E9%80%81%E6%96%99%E7%84%A1%E6%96%99%E3%80%91+%7C+%E3%82%B5%E3%82%AB%E3%82%A8+%E4%B8%AD%E8%BB%BD%E9%87%8F%E6%A3%9ANE%E5%9E%8B%E3%83%BBNEW%E5%9E%8B%E9%80%9A%E8%B2%A9+-+Kagg.jp%EF%BC%89 HTTP/1.1" 404 36 "-" "Mozilla/5.0 (Linux; Android 6.0.1; Nexus 5X Build/MMB29P) AppleWebKit/537.36 (KHTML, like Gecko) Chrome/143.0.7499.192 Mobile Safari/537.36 (compatible; Googlebot/2.1; +http://www.google.com/bot.html)"
66.249.68.66 - - [02/Feb/2026:21:28:29 +0100] "GET /?o=69103218901000 HTTP/1.1" 404 36 "-" "Mozilla/5.0 (Linux; Android 6.0.1; Nexus 5X Build/MMB29P) AppleWebKit/537.36 (KHTML, like Gecko) Chrome/143.0.7499.192 Mobile Safari/537.36 (compatible; Googlebot/2.1; +http://www.google.com/bot.html)"
57.141.0.6 - - [02/Feb/2026:21:28:38 +0100] "GET /?o=0875746164101 HTTP/2.0" 404 16 "-" "meta-externalagent/1.1 (+https://developers.facebook.com/docs/sharing/webmasters/crawler)"
114.119.146.171 - - [02/Feb/2026:21:28:50 +0100] "GET /page-sitemap.xml HTTP/1.1" 404 36 "-" "Mozilla/5.0 (Linux; Android 7.0;) AppleWebKit/537.36 (KHTML, like Gecko) Mobile Safari/537.36 (compatible; PetalBot;+https://webmaster.petalsearch.com/site/petalbot)"
57.141.0.45 - - [02/Feb/2026:21:30:03 +0100] "GET /?o=08232143612002 HTTP/2.0" 404 16 "-" "meta-externalagent/1.1 (+https://developers.facebook.com/docs/sharing/webmasters/crawler)"
114.119.136.64 - - [02/Feb/2026:21:30:15 +0100] "GET /category/uncategorized/ HTTP/1.1" 404 36 "https://loger.cm/2025/09/23/hello-world/" "Mozilla/5.0 (Linux; Android 7.0;) AppleWebKit/537.36 (KHTML, like Gecko) Mobile Safari/537.36 (compatible; PetalBot;+https://webmaster.petalsearch.com/site/petalbot)"
66.249.68.67 - - [02/Feb/2026:21:30:16 +0100] "GET /?o=82971115107306 HTTP/1.1" 404 36 "-" "Mozilla/5.0 (Linux; Android 6.0.1; Nexus 5X Build/MMB29P) AppleWebKit/537.36 (KHTML, like Gecko) Chrome/143.0.7499.192 Mobile Safari/537.36 (compatible; Googlebot/2.1; +http://www.google.com/bot.html)"
57.141.0.12 - - [02/Feb/2026:21:31:11 +0100] "GET /?o=82429165937300 HTTP/2.0" 404 16 "-" "meta-externalagent/1.1 (+https://developers.facebook.com/docs/sharing/webmasters/crawler)"
114.119.159.233 - - [02/Feb/2026:21:31:40 +0100] "GET /author/admin_0e396irx/ HTTP/1.1" 404 36 "https://loger.cm/2025/09/23/hello-world/" "Mozilla/5.0 (Linux; Android 7.0;) AppleWebKit/537.36 (KHTML, like Gecko) Mobile Safari/537.36 (compatible; PetalBot;+https://webmaster.petalsearch.com/site/petalbot)"
57.141.0.38 - - [02/Feb/2026:21:32:41 +0100] "GET /?o=68528212795104 HTTP/2.0" 404 16 "-" "meta-externalagent/1.1 (+https://developers.facebook.com/docs/sharing/webmasters/crawler)"
114.119.136.64 - - [02/Feb/2026:21:33:06 +0100] "GET /author-sitemap.xml HTTP/1.1" 404 36 "-" "Mozilla/5.0 (Linux; Android 7.0;) AppleWebKit/537.36 (KHTML, like Gecko) Mobile Safari/537.36 (compatible; PetalBot;+https://webmaster.petalsearch.com/site/petalbot)"
158.23.146.168 - - [02/Feb/2026:21:33:12 +0100] "GET /wp-content/plugins/fix/up.php HTTP/1.1" 404 36 "-" "Mozilla/5.0 (Windows NT 10.0; Win64; x64) AppleWebKit/537.36 (KHTML, like Gecko) Chrome/85.0.4183.102 Safari/537.36"
40.77.167.116 - - [02/Feb/2026:21:33:20 +0100] "GET /?o=82850101074500&channel=85db39&from=shop.php%3Fid%3D1010745-5966%26name%3D%E9%95%B7%E9%87%8E%E8%A8%88%E5%99%A8+AC201330.4MP%E9%95%B7%E9%87%8E++%E6%99%AE%E9%80%9A%E5%BD%A2%E5%9C%A7%E5%8A%9B%E8%A8%88%28A%E6%9E%A0%E7%AB%8B%E5%BD%A2%E3%83%BB%CF%8675%E3%83%BBG3%2F8B%E3%83%BB0.0%E3%80%9C0.40Mpa%294984439%EF%BC%88%E9%95%B7%E9%87%8E%E8%A8%88%E5%99%A8%EF%BD%9CNAGANO+KEIKI+%E8%A8%88%E6%B8%AC%E6%A9%9F%E5%99%A8+%E9%80%9A%E8%B2%A9+%7C+%E3%83%93%E3%83%83%E3%82%AF%E3%82%AB%E3%83%A1%E3%83%A9.com%EF%BC%89 HTTP/2.0" 404 36 "-" "Mozilla/5.0 AppleWebKit/537.36 (KHTML, like Gecko; compatible; bingbot/2.0; +http://www.bing.com/bingbot.htm) Chrome/116.0.1938.76 Safari/537.36"
57.141.0.58 - - [02/Feb/2026:21:34:12 +0100] "GET /?o=80401263753502 HTTP/2.0" 404 16 "-" "meta-externalagent/1.1 (+https://developers.facebook.com/docs/sharing/webmasters/crawler)"
114.119.140.137 - - [02/Feb/2026:21:34:34 +0100] "GET /author/smookcreative HTTP/1.1" 404 36 "-" "Mozilla/5.0 (Linux; Android 7.0;) AppleWebKit/537.36 (KHTML, like Gecko) Mobile Safari/537.36 (compatible; PetalBot;+https://webmaster.petalsearch.com/site/petalbot)"
177.74.231.55 - - [02/Feb/2026:21:34:39 +0100] "GET /?o=98024110858404 HTTP/2.0" 404 36 "https://www.google.com/" "Mozilla/5.0 (Windows NT 10.0; Win64; x64) AppleWebKit/537.36 (KHTML, like Gecko) Chrome/124.0.4078.52 Safari/537.36"
116.98.222.121 - - [02/Feb/2026:21:34:43 +0100] "GET /?o=98024110858404 HTTP/2.0" 404 36 "https://www.google.com/" "Mozilla/5.0 (Windows NT 10.0; WOW64) AppleWebKit/537.36 (KHTML, like Gecko) Chrome/134.0.4181.88 Safari/537.36"
141.98.255.199 - - [02/Feb/2026:21:34:45 +0100] "GET /?o=27017106747803&channel=3f9e2f&from=news.php%3Fid%3D1067478-159%26name%3D%E3%82%AA%E3%83%BC%E3%82%B1%E3%83%BC%E5%99%A8%E6%9D%90%5BKHRP25D72TP%5D%E5%86%B7%E5%AA%92%E5%88%86%E5%B2%90%E7%AE%A1%E3%80%80%E3%83%97%E3%83%AC%E5%8A%A0%E5%B7%A5%E3%82%B8%E3%83%A7%E3%82%A4%E3%83%B3%E3%83%88 HTTP/1.1" 404 36 "-" "Mozilla/5.0 (Symbian/3; Series60/5.2 NokiaN8-00/014.002; Profile/MIDP-2.1 Configuration/CLDC-1.1; en-us) AppleWebKit/525 (KHTML, like Gecko) Version/3.0 BrowserNG/7.2.6.4 3gpp-gba"
