114.119.146.40 - - [02/Feb/2026:18:08:54 +0100] "GET /wp-includes/SimplePie/HTTP/?C=S%3BO%3DA HTTP/1.1" 404 36 "https://www.loger.cm/wp-includes/SimplePie/HTTP/?C=S%3BO%3DA" "Mozilla/5.0 (Linux; Android 7.0;) AppleWebKit/537.36 (KHTML, like Gecko) Mobile Safari/537.36 (compatible; PetalBot;+https://webmaster.petalsearch.com/site/petalbot)"
66.249.68.68 - - [02/Feb/2026:18:09:11 +0100] "GET /?o=48815269119302 HTTP/1.1" 404 36 "-" "Mozilla/5.0 (Linux; Android 6.0.1; Nexus 5X Build/MMB29P) AppleWebKit/537.36 (KHTML, like Gecko) Chrome/143.0.7499.192 Mobile Safari/537.36 (compatible; Googlebot/2.1; +http://www.google.com/bot.html)"
66.249.68.66 - - [02/Feb/2026:18:09:12 +0100] "GET /?o=2659715864603 HTTP/1.1" 404 36 "-" "Mozilla/5.0 (Linux; Android 6.0.1; Nexus 5X Build/MMB29P) AppleWebKit/537.36 (KHTML, like Gecko) Chrome/143.0.7499.192 Mobile Safari/537.36 (compatible; Googlebot/2.1; +http://www.google.com/bot.html)"
66.249.68.66 - - [02/Feb/2026:18:09:20 +0100] "GET /?o=71518243262802 HTTP/1.1" 404 36 "-" "Mozilla/5.0 (Linux; Android 6.0.1; Nexus 5X Build/MMB29P) AppleWebKit/537.36 (KHTML, like Gecko) Chrome/143.0.7499.192 Mobile Safari/537.36 (compatible; Googlebot/2.1; +http://www.google.com/bot.html)"
66.249.68.66 - - [02/Feb/2026:18:09:20 +0100] "GET /?o=19171273088800 HTTP/1.1" 404 36 "-" "Mozilla/5.0 (Linux; Android 6.0.1; Nexus 5X Build/MMB29P) AppleWebKit/537.36 (KHTML, like Gecko) Chrome/143.0.7499.192 Mobile Safari/537.36 (compatible; Googlebot/2.1; +http://www.google.com/bot.html)"
57.141.0.47 - - [02/Feb/2026:18:09:32 +0100] "GET /?o=78172187123800 HTTP/2.0" 404 16 "-" "meta-externalagent/1.1 (+https://developers.facebook.com/docs/sharing/webmasters/crawler)"
66.249.68.68 - - [02/Feb/2026:18:10:03 +0100] "GET /room_type/chambre-simple-8/?check_in=2021-04-22&check_out=2021-04-23&adults=1&city=Kribi HTTP/1.1" 404 36 "-" "Mozilla/5.0 (Linux; Android 6.0.1; Nexus 5X Build/MMB29P) AppleWebKit/537.36 (KHTML, like Gecko) Chrome/143.0.7499.192 Mobile Safari/537.36 (compatible; Googlebot/2.1; +http://www.google.com/bot.html)"
114.119.159.233 - - [02/Feb/2026:18:10:27 +0100] "GET /wp-includes/SimplePie/HTTP/?C=M%3BO%3DA HTTP/1.1" 404 36 "https://www.loger.cm/wp-includes/SimplePie/HTTP/?C=S%3BO%3DA" "Mozilla/5.0 (Linux; Android 7.0;) AppleWebKit/537.36 (KHTML, like Gecko) Mobile Safari/537.36 (compatible; PetalBot;+https://webmaster.petalsearch.com/site/petalbot)"
57.141.0.31 - - [02/Feb/2026:18:10:50 +0100] "GET /?o=1907180096304 HTTP/2.0" 404 16 "-" "meta-externalagent/1.1 (+https://developers.facebook.com/docs/sharing/webmasters/crawler)"
114.119.136.64 - - [02/Feb/2026:18:12:02 +0100] "GET /wp-includes/SimplePie/Exception.php HTTP/1.1" 404 36 "https://www.loger.cm/wp-includes/SimplePie/?C=N%3BO%3DD" "Mozilla/5.0 (Linux; Android 7.0;) AppleWebKit/537.36 (KHTML, like Gecko) Mobile Safari/537.36 (compatible; PetalBot;+https://webmaster.petalsearch.com/site/petalbot)"
57.141.0.68 - - [02/Feb/2026:18:12:24 +0100] "GET /?o=5178779744604 HTTP/2.0" 404 16 "-" "meta-externalagent/1.1 (+https://developers.facebook.com/docs/sharing/webmasters/crawler)"
66.249.68.66 - - [02/Feb/2026:18:13:20 +0100] "GET /?o=16597185327402 HTTP/1.1" 404 36 "-" "Mozilla/5.0 (Linux; Android 6.0.1; Nexus 5X Build/MMB29P) AppleWebKit/537.36 (KHTML, like Gecko) Chrome/143.0.7499.192 Mobile Safari/537.36 (compatible; Googlebot/2.1; +http://www.google.com/bot.html)"
114.119.133.119 - - [02/Feb/2026:18:13:36 +0100] "GET /wp-includes/SimplePie/Enclosure.php HTTP/1.1" 404 36 "https://www.loger.cm/wp-includes/SimplePie/?C=N%3BO%3DD" "Mozilla/5.0 (Linux; Android 7.0;) AppleWebKit/537.36 (KHTML, like Gecko) Mobile Safari/537.36 (compatible; PetalBot;+https://webmaster.petalsearch.com/site/petalbot)"
57.141.0.42 - - [02/Feb/2026:18:15:07 +0100] "GET /?o=6780622655108 HTTP/2.0" 404 16 "-" "meta-externalagent/1.1 (+https://developers.facebook.com/docs/sharing/webmasters/crawler)"
114.119.143.207 - - [02/Feb/2026:18:15:11 +0100] "GET /wp-includes/SimplePie/Decode?C=D%3BO%3DA HTTP/1.1" 404 36 "-" "Mozilla/5.0 (Linux; Android 7.0;) AppleWebKit/537.36 (KHTML, like Gecko) Mobile Safari/537.36 (compatible; PetalBot;+https://webmaster.petalsearch.com/site/petalbot)"
114.119.146.171 - - [02/Feb/2026:18:16:46 +0100] "GET /wp-includes/js/jquery/ui/tabs.min.js HTTP/1.1" 200 3945 "https://www.loger.cm/wp-includes/js/jquery/ui/?C=D%3BO%3DA" "Mozilla/5.0 (Linux; Android 7.0;) AppleWebKit/537.36 (KHTML, like Gecko) Mobile Safari/537.36 (compatible; PetalBot;+https://webmaster.petalsearch.com/site/petalbot)"
66.249.68.67 - - [02/Feb/2026:18:17:05 +0100] "GET /?o=05270141842600&channel=75ea7b&from=pin.php%3Fid%3D1418426-11506%26name%3D%E3%83%9E%E3%82%AD%E3%82%BF+%E3%83%91%E3%82%A6%E3%83%80%E3%83%95%E3%82%A3%E3%83%AB%E3%82%BF%28%E7%B2%89%E3%81%98%E3%82%93%E7%94%A8%29+A-33548+%E3%80%90%E3%82%B3%E3%83%B3%E3%82%AF%E3%83%AA%E3%83%BC%E3%83%88+%E7%9F%B3%E6%9D%90+%E7%B2%89%E5%A1%B5+%E5%90%B8%E5%BC%95+%E6%8E%83%E9%99%A4+%E9%9B%86%E5%A1%B5+%E9%9B%86%E3%81%98%E3%82%93+%E5%B7%A5%E5%85%B7+%E7%94%A8%E5%93%81+makita+%E7%B4%94%E6%AD%A3%E5%93%81+%E3%83%91%E3%83%BC%E3%83%84+%E9%83%A8%E5%93%81+%E6%B6%88%E8%80%97%E5%93%81+%E4%BA%A4%E6%8F%9B+%E5%A4%89%E3%81%88+%E6%9B%BF%E3%81%88++%E3%82%AA%E3%83%97%E3%82%B7%E3%83%A7%E3%83%B3%E5%93%81%E3%80%91%E3%80%90%E3%81%8A%E3%81%97%E3%82%83%E3%82%8C+%E3%81%8A%E3%81%99%E3%81%99%E3%82%81%E3%80%91%5BCB99%5D%EF%BC%88%E3%83%9E%E3%82%AD%E3%82%BF%29+%E9%9B%86%E3%81%98%E3%82%93%E6%A9%9F%E7%94%A8+HEPA%E3%83%91%E3%82%A6%E3%83%80%E3%83%95%E3%82%A3%E3%83%AB%E3%82%BF%E3%82%BB%E3%83%83%E3%83%88%E5%93%81+A-75312+%E6%BA%B6%E6%8E%A5%E3%83%92%E3%83%A5%E3%83%BC%E3%83%A0%E5%AF%BE%E5%BF%9C+%E9%81%A9%E7%94%A8%E3%83%A2%E3%83%87%E3%83%AB%EF%BC%9A490%E3%83%BB490S+makita+%7C+%E9%9B%BB%E5%8B%95%E5%B7%A5%E5%85%B7%2C%E9%9B%86%E3%81%98%E3%82%93%E6%A9%9F++%E6%8E%83%E9%99%A4%E6%A9%9F%2C%E9%9B%86%E5%A1%B5%E6%A9%9F%2C%E3%83%9B%E3%83%BC%E3%82%B9%E3%81%AA%E3%81%A9%E3%82%A2%E3%82%AF%E3%82%BB%E3%82%B5%E3%83%AA%E3%83%BC+%7C+%E3%82%AB%E3%83%8A%E3%82%B8%E3%83%B3+%E3%83%8D%E3%83%83%E3%83%88%E3%82%B7%E3%83%A7%E3%83%83%E3%83%97%E6%9C%AC%E5%BA%97+%7C+0088381799461%EF%BC%89 HTTP/1.1" 404 36 "-" "Mozilla/5.0 (Linux; Android 6.0.1; Nexus 5X Build/MMB29P) AppleWebKit/537.36 (KHTML, like Gecko) Chrome/143.0.7499.192 Mobile Safari/537.36 (compatible; Googlebot/2.1; +http://www.google.com/bot.html)"
66.249.68.68 - - [02/Feb/2026:18:17:23 +0100] "GET /?o=21107185592004&channel=15786c&from=product.php%3Fid%3D1855920-4651%26name%3D%E3%80%90%E3%82%BF%E3%82%A4%E3%83%A4%E4%BA%A4%E6%8F%9B%E5%AF%BE%E8%B1%A1%E3%80%914%E6%9C%AC+%E3%82%B5%E3%83%9E%E3%83%BC%E3%82%BF%E3%82%A4%E3%83%A4+195%2F60R15+88V+%E3%83%94%E3%83%AC%E3%83%AA++%E3%83%91%E3%83%AF%E3%82%B8%E3%83%BC+PIRELLI+POWERGY%EF%BC%882%E6%9C%AC+%E3%82%B5%E3%83%9E%E3%83%BC%E3%82%BF%E3%82%A4%E3%83%A4+295%2F40R21+111V+XL+%E3%83%94%E3%83%AC%E3%83%AA+%E3%82%B9%E3%82%B3%E3%83%BC%E3%83%94%E3%82%AA%E3%83%B3MS+PIRELLI+SCORPION+MS%EF%BC%89 HTTP/1.1" 404 36 "-" "Mozilla/5.0 (Linux; Android 6.0.1; Nexus 5X Build/MMB29P) AppleWebKit/537.36 (KHTML, like Gecko) Chrome/143.0.7499.192 Mobile Safari/537.36 (compatible; Googlebot/2.1; +http://www.google.com/bot.html)"
57.141.0.60 - - [02/Feb/2026:18:17:50 +0100] "GET /?o=1192573546701 HTTP/2.0" 404 16 "-" "meta-externalagent/1.1 (+https://developers.facebook.com/docs/sharing/webmasters/crawler)"
57.141.0.43 - - [02/Feb/2026:18:17:59 +0100] "GET /?o=35998233766301 HTTP/2.0" 404 16 "-" "meta-externalagent/1.1 (+https://developers.facebook.com/docs/sharing/webmasters/crawler)"
66.249.68.65 - - [02/Feb/2026:18:18:05 +0100] "GET /?o=68060294402406 HTTP/1.1" 404 36 "-" "Mozilla/5.0 (Linux; Android 6.0.1; Nexus 5X Build/MMB29P) AppleWebKit/537.36 (KHTML, like Gecko) Chrome/143.0.7499.192 Mobile Safari/537.36 (compatible; Googlebot/2.1; +http://www.google.com/bot.html)"
57.141.0.54 - - [02/Feb/2026:18:18:09 +0100] "GET /?o=37952280016100 HTTP/2.0" 404 16 "-" "meta-externalagent/1.1 (+https://developers.facebook.com/docs/sharing/webmasters/crawler)"
114.119.146.40 - - [02/Feb/2026:18:18:18 +0100] "GET /wp-includes/SimplePie/Decode/HTML/Entities.php HTTP/1.1" 404 36 "https://www.loger.cm/wp-includes/SimplePie/Decode/HTML/" "Mozilla/5.0 (Linux; Android 7.0;) AppleWebKit/537.36 (KHTML, like Gecko) Mobile Safari/537.36 (compatible; PetalBot;+https://webmaster.petalsearch.com/site/petalbot)"
66.249.68.66 - - [02/Feb/2026:18:18:24 +0100] "GET /?o=09927206455600 HTTP/1.1" 404 36 "-" "Mozilla/5.0 (Linux; Android 6.0.1; Nexus 5X Build/MMB29P) AppleWebKit/537.36 (KHTML, like Gecko) Chrome/143.0.7499.192 Mobile Safari/537.36 (compatible; Googlebot/2.1; +http://www.google.com/bot.html)"
192.144.148.122 - - [02/Feb/2026:18:19:18 +0100] "GET / HTTP/1.1" 404 36 "http://loger.cm" "Mozilla/5.0 (iPhone; CPU iPhone OS 13_2_3 like Mac OS X) AppleWebKit/605.1.15 (KHTML, like Gecko) Version/13.0.3 Mobile/15E148 Safari/604.1"
57.141.0.32 - - [02/Feb/2026:18:19:24 +0100] "GET /?o=08021184148001 HTTP/2.0" 404 16 "-" "meta-externalagent/1.1 (+https://developers.facebook.com/docs/sharing/webmasters/crawler)"
114.119.143.207 - - [02/Feb/2026:18:19:53 +0100] "GET /wp-includes/SimplePie/Decode/HTML/?C=S%3BO%3DA HTTP/1.1" 404 36 "https://www.loger.cm/wp-includes/SimplePie/Decode/HTML/" "Mozilla/5.0 (Linux; Android 7.0;) AppleWebKit/537.36 (KHTML, like Gecko) Mobile Safari/537.36 (compatible; PetalBot;+https://webmaster.petalsearch.com/site/petalbot)"
66.249.68.66 - - [02/Feb/2026:18:21:06 +0100] "GET /?o=68610205303601 HTTP/1.1" 404 36 "-" "Mozilla/5.0 (Linux; Android 6.0.1; Nexus 5X Build/MMB29P) AppleWebKit/537.36 (KHTML, like Gecko) Chrome/143.0.7499.192 Mobile Safari/537.36 (compatible; Googlebot/2.1; +http://www.google.com/bot.html)"
66.249.68.65 - - [02/Feb/2026:18:21:07 +0100] "GET /?o=81271180708001 HTTP/1.1" 404 36 "-" "Mozilla/5.0 (Linux; Android 6.0.1; Nexus 5X Build/MMB29P) AppleWebKit/537.36 (KHTML, like Gecko) Chrome/143.0.7499.192 Mobile Safari/537.36 (compatible; Googlebot/2.1; +http://www.google.com/bot.html)"
66.249.68.67 - - [02/Feb/2026:18:21:08 +0100] "GET /?o=26427177430000 HTTP/1.1" 404 36 "-" "Mozilla/5.0 (Linux; Android 6.0.1; Nexus 5X Build/MMB29P) AppleWebKit/537.36 (KHTML, like Gecko) Chrome/143.0.7499.192 Mobile Safari/537.36 (compatible; Googlebot/2.1; +http://www.google.com/bot.html)"
114.119.155.96 - - [02/Feb/2026:18:21:28 +0100] "GET /wp-includes/SimplePie/Decode/ HTTP/1.1" 404 36 "https://www.loger.cm/wp-includes/SimplePie/?C=N%3BO%3DD" "Mozilla/5.0 (Linux; Android 7.0;) AppleWebKit/537.36 (KHTML, like Gecko) Mobile Safari/537.36 (compatible; PetalBot;+https://webmaster.petalsearch.com/site/petalbot)"
57.141.0.28 - - [02/Feb/2026:18:21:29 +0100] "GET /?o=82782259580500 HTTP/2.0" 404 16 "-" "meta-externalagent/1.1 (+https://developers.facebook.com/docs/sharing/webmasters/crawler)"
66.249.68.65 - - [02/Feb/2026:18:22:08 +0100] "GET /?o=3603290800402 HTTP/1.1" 404 36 "-" "Mozilla/5.0 (Linux; Android 6.0.1; Nexus 5X Build/MMB29P) AppleWebKit/537.36 (KHTML, like Gecko) Chrome/143.0.7499.192 Mobile Safari/537.36 (compatible; Googlebot/2.1; +http://www.google.com/bot.html)"
66.249.68.67 - - [02/Feb/2026:18:22:25 +0100] "GET /comprehensive-uniswap-market-analysis-report-2024-3-3-1-7/ HTTP/1.1" 404 36 "-" "Mozilla/5.0 (Linux; Android 6.0.1; Nexus 5X Build/MMB29P) AppleWebKit/537.36 (KHTML, like Gecko) Chrome/143.0.7499.192 Mobile Safari/537.36 (compatible; Googlebot/2.1; +http://www.google.com/bot.html)"
114.119.159.233 - - [02/Feb/2026:18:23:03 +0100] "GET /wp-includes/SimplePie/Copyright.php HTTP/1.1" 404 36 "https://www.loger.cm/wp-includes/SimplePie/?C=N%3BO%3DD" "Mozilla/5.0 (Linux; Android 7.0;) AppleWebKit/537.36 (KHTML, like Gecko) Mobile Safari/537.36 (compatible; PetalBot;+https://webmaster.petalsearch.com/site/petalbot)"
57.141.0.7 - - [02/Feb/2026:18:23:04 +0100] "GET /?o=14600230685201 HTTP/2.0" 404 16 "-" "meta-externalagent/1.1 (+https://developers.facebook.com/docs/sharing/webmasters/crawler)"
66.249.68.67 - - [02/Feb/2026:18:23:09 +0100] "GET /?o=88955236916005 HTTP/1.1" 404 36 "-" "Mozilla/5.0 (Linux; Android 6.0.1; Nexus 5X Build/MMB29P) AppleWebKit/537.36 (KHTML, like Gecko) Chrome/143.0.7499.192 Mobile Safari/537.36 (compatible; Googlebot/2.1; +http://www.google.com/bot.html)"
57.141.0.54 - - [02/Feb/2026:18:24:03 +0100] "GET /?o=84210275797402 HTTP/2.0" 404 16 "-" "meta-externalagent/1.1 (+https://developers.facebook.com/docs/sharing/webmasters/crawler)"
114.119.143.207 - - [02/Feb/2026:18:24:36 +0100] "GET /wp-includes/SimplePie/Content/Type/Sniffer.php HTTP/1.1" 404 36 "https://www.loger.cm/wp-includes/SimplePie/Content/Type/" "Mozilla/5.0 (Linux; Android 7.0;) AppleWebKit/537.36 (KHTML, like Gecko) Mobile Safari/537.36 (compatible; PetalBot;+https://webmaster.petalsearch.com/site/petalbot)"
57.141.0.6 - - [02/Feb/2026:18:25:48 +0100] "GET /?o=4915350892801 HTTP/2.0" 404 16 "-" "meta-externalagent/1.1 (+https://developers.facebook.com/docs/sharing/webmasters/crawler)"
114.119.140.137 - - [02/Feb/2026:18:26:12 +0100] "GET /wp-includes/SimplePie/Content/?C=N%3BO%3DD HTTP/1.1" 404 36 "https://www.loger.cm/wp-includes/SimplePie/Content/" "Mozilla/5.0 (Linux; Android 7.0;) AppleWebKit/537.36 (KHTML, like Gecko) Mobile Safari/537.36 (compatible; PetalBot;+https://webmaster.petalsearch.com/site/petalbot)"
185.129.62.64 - - [02/Feb/2026:18:26:24 +0100] "GET / HTTP/2.0" 404 36 "-" "\"Mozilla/5.0 (Macintosh; Intel Mac OS X 10_15_7) AppleWebKit/537.36 (KHTML, like Gecko) Chrome/142.0.0.0 Safari/537.36\""
146.70.22.181 - - [02/Feb/2026:18:26:24 +0100] "GET /?o=27017106747803&channel=3f9e2f&from=news.php%3Fid%3D1067478-159%26name%3D%E3%82%AA%E3%83%BC%E3%82%B1%E3%83%BC%E5%99%A8%E6%9D%90%5BKHRP25D72TP%5D%E5%86%B7%E5%AA%92%E5%88%86%E5%B2%90%E7%AE%A1%E3%80%80%E3%83%97%E3%83%AC%E5%8A%A0%E5%B7%A5%E3%82%B8%E3%83%A7%E3%82%A4%E3%83%B3%E3%83%88 HTTP/1.1" 404 36 "-" "Mozilla/5.0 (Windows NT 10.0; WOW64) AppleWebKit/537.36 (KHTML, like Gecko) Chrome/48.0.2564.116 UBrowser/5.6.13705.206 Safari/537.36"
146.70.22.181 - - [02/Feb/2026:18:26:24 +0100] "GET /?channel=3f9e2f&from=news.php%3Fid%3D1067478-159%26name%3D%E3%82%AA%E3%83%BC%E3%82%B1%E3%83%BC%E5%99%A8%E6%9D%90%5BKHRP25D72TP%5D%E5%86%B7%E5%AA%92%E5%88%86%E5%B2%90%E7%AE%A1%E3%80%80%E3%83%97%E3%83%AC%E5%8A%A0%E5%B7%A5%E3%82%B8%E3%83%A7%E3%82%A4%E3%83%B3%E3%83%88&o=27017106747803%27 HTTP/1.1" 404 36 "-" "Mozilla/5.0 (Linux; Android 11; moto e20) AppleWebKit/537.36 (KHTML, like Gecko) Chrome/101.0.4951.41 Mobile Safari/537.36"
146.70.22.181 - - [02/Feb/2026:18:26:24 +0100] "GET /?channel=3f9e2f%27&from=news.php%3Fid%3D1067478-159%26name%3D%E3%82%AA%E3%83%BC%E3%82%B1%E3%83%BC%E5%99%A8%E6%9D%90%5BKHRP25D72TP%5D%E5%86%B7%E5%AA%92%E5%88%86%E5%B2%90%E7%AE%A1%E3%80%80%E3%83%97%E3%83%AC%E5%8A%A0%E5%B7%A5%E3%82%B8%E3%83%A7%E3%82%A4%E3%83%B3%E3%83%88&o=27017106747803 HTTP/1.1" 404 36 "-" "Mozilla/5.0 (iPhone; CPU iPhone OS 10_3 like Mac OS X) AppleWebKit/602.1.50 (KHTML, like Gecko) CriOS/56.0.2924.75 Mobile/14E5239e Safari/602.1"
146.70.22.181 - - [02/Feb/2026:18:26:24 +0100] "GET /?channel=3f9e2f&from=news.php%3Fid%3D1067478-159%26name%3D%E3%82%AA%E3%83%BC%E3%82%B1%E3%83%BC%E5%99%A8%E6%9D%90%5BKHRP25D72TP%5D%E5%86%B7%E5%AA%92%E5%88%86%E5%B2%90%E7%AE%A1%E3%80%80%E3%83%97%E3%83%AC%E5%8A%A0%E5%B7%A5%E3%82%B8%E3%83%A7%E3%82%A4%E3%83%B3%E3%83%88%27&o=27017106747803 HTTP/1.1" 404 36 "-" "Mozilla/5.0 (iPhone; U; CPU iPhone OS 4_2_1 like Mac OS X; da-dk) AppleWebKit/533.17.9 (KHTML, like Gecko) Version/5.0.2 Mobile/8C148 Safari/6533.18.5"
57.141.0.11 - - [02/Feb/2026:18:26:57 +0100] "GET /?o=28712174768500 HTTP/2.0" 404 16 "-" "meta-externalagent/1.1 (+https://developers.facebook.com/docs/sharing/webmasters/crawler)"
57.141.0.17 - - [02/Feb/2026:18:27:06 +0100] "GET /?o=02691122934301 HTTP/2.0" 404 16 "-" "meta-externalagent/1.1 (+https://developers.facebook.com/docs/sharing/webmasters/crawler)"
66.249.68.65 - - [02/Feb/2026:18:27:11 +0100] "GET /?o=20354174190800 HTTP/1.1" 404 36 "-" "Mozilla/5.0 (Linux; Android 6.0.1; Nexus 5X Build/MMB29P) AppleWebKit/537.36 (KHTML, like Gecko) Chrome/143.0.7499.192 Mobile Safari/537.36 (compatible; Googlebot/2.1; +http://www.google.com/bot.html)"
52.167.144.204 - - [02/Feb/2026:18:27:32 +0100] "GET /?o=1211831460000&channel=7cbf11&from=category-info.php%3Fid%3D314600-2624%26name%3DZOOM+%E3%83%80%E3%82%A6%E3%83%B3%E3%82%B5%E3%82%B9+%E3%83%9B%E3%83%B3%E3%83%80+%E3%82%A8%E3%83%87%E3%82%A3%E3%83%83%E3%82%AF%E3%82%B9+BE4++H16%2F7%E3%80%9CH21%2F8+K20A+4WD+2.0L+%E3%83%80%E3%82%A6%E3%83%B3%E3%83%95%E3%82%A9%E3%83%BC%E3%82%B9%EF%BC%88ZOOM+%E3%83%80%E3%82%A6%E3%83%B3%E3%83%95%E3%82%A9%E3%83%BC%E3%82%B9+%E3%81%AE%E3%83%91%E3%83%BC%E3%83%84%E3%83%AC%E3%83%93%E3%83%A5%E3%83%BC+%7C+%E3%82%A8%E3%82%AF%E3%82%B7%E3%83%BC%E3%82%AC%28%E3%81%9F%E3%81%8B%E3%82%B0%E3%83%AD%29+%7C+%E3%81%BF%E3%82%93%E3%82%AB%E3%83%A9%EF%BC%89 HTTP/2.0" 404 36 "-" "Mozilla/5.0 AppleWebKit/537.36 (KHTML, like Gecko; compatible; bingbot/2.0; +http://www.bing.com/bingbot.htm) Chrome/116.0.1938.76 Safari/537.36"
114.119.146.40 - - [02/Feb/2026:18:27:46 +0100] "GET /wp-includes/SimplePie/Content/?C=M%3BO%3DA HTTP/1.1" 404 36 "https://www.loger.cm/wp-includes/SimplePie/Content/" "Mozilla/5.0 (Linux; Android 7.0;) AppleWebKit/537.36 (KHTML, like Gecko) Mobile Safari/537.36 (compatible; PetalBot;+https://webmaster.petalsearch.com/site/petalbot)"
66.249.68.66 - - [02/Feb/2026:18:28:12 +0100] "GET /?o=0109989026004 HTTP/1.1" 404 36 "-" "Mozilla/5.0 (Linux; Android 6.0.1; Nexus 5X Build/MMB29P) AppleWebKit/537.36 (KHTML, like Gecko) Chrome/143.0.7499.192 Mobile Safari/537.36 (compatible; Googlebot/2.1; +http://www.google.com/bot.html)"
66.249.68.65 - - [02/Feb/2026:18:28:13 +0100] "GET /?o=502127585201 HTTP/1.1" 404 36 "-" "Mozilla/5.0 (Linux; Android 6.0.1; Nexus 5X Build/MMB29P) AppleWebKit/537.36 (KHTML, like Gecko) Chrome/143.0.7499.192 Mobile Safari/537.36 (compatible; Googlebot/2.1; +http://www.google.com/bot.html)"
66.249.68.66 - - [02/Feb/2026:18:28:13 +0100] "GET /solana-api-dokiyumentesiyon-2024-2-3-7-12/ HTTP/1.1" 404 36 "-" "Mozilla/5.0 (Linux; Android 6.0.1; Nexus 5X Build/MMB29P) AppleWebKit/537.36 (KHTML, like Gecko) Chrome/143.0.7499.192 Mobile Safari/537.36 (compatible; Googlebot/2.1; +http://www.google.com/bot.html)"
57.141.0.34 - - [02/Feb/2026:18:28:26 +0100] "GET /?o=80386194907003 HTTP/2.0" 404 16 "-" "meta-externalagent/1.1 (+https://developers.facebook.com/docs/sharing/webmasters/crawler)"
66.249.68.66 - - [02/Feb/2026:18:28:28 +0100] "GET /?o=192429169301 HTTP/1.1" 404 36 "-" "Mozilla/5.0 (Linux; Android 6.0.1; Nexus 5X Build/MMB29P) AppleWebKit/537.36 (KHTML, like Gecko) Chrome/143.0.7499.192 Mobile Safari/537.36 (compatible; Googlebot/2.1; +http://www.google.com/bot.html)"
57.141.0.13 - - [02/Feb/2026:18:28:35 +0100] "GET /?o=2131144902402 HTTP/2.0" 404 16 "-" "meta-externalagent/1.1 (+https://developers.facebook.com/docs/sharing/webmasters/crawler)"
66.249.68.66 - - [02/Feb/2026:18:29:14 +0100] "GET /?o=27053273319202 HTTP/1.1" 404 36 "-" "Mozilla/5.0 (Linux; Android 6.0.1; Nexus 5X Build/MMB29P) AppleWebKit/537.36 (KHTML, like Gecko) Chrome/143.0.7499.192 Mobile Safari/537.36 (compatible; Googlebot/2.1; +http://www.google.com/bot.html)"
114.119.136.64 - - [02/Feb/2026:18:29:20 +0100] "GET /wp-includes/SimplePie/Content/?C=D%3BO%3DA HTTP/1.1" 404 36 "https://www.loger.cm/wp-includes/SimplePie/Content/" "Mozilla/5.0 (Linux; Android 7.0;) AppleWebKit/537.36 (KHTML, like Gecko) Mobile Safari/537.36 (compatible; PetalBot;+https://webmaster.petalsearch.com/site/petalbot)"
114.119.146.40 - - [02/Feb/2026:18:30:57 +0100] "GET /wp-includes/SimplePie/Category.php HTTP/1.1" 404 36 "https://www.loger.cm/wp-includes/SimplePie/?C=N%3BO%3DD" "Mozilla/5.0 (Linux; Android 7.0;) AppleWebKit/537.36 (KHTML, like Gecko) Mobile Safari/537.36 (compatible; PetalBot;+https://webmaster.petalsearch.com/site/petalbot)"
57.141.0.36 - - [02/Feb/2026:18:31:50 +0100] "GET /?o=80526244978801 HTTP/2.0" 404 16 "-" "meta-externalagent/1.1 (+https://developers.facebook.com/docs/sharing/webmasters/crawler)"
57.141.0.14 - - [02/Feb/2026:18:32:00 +0100] "GET /?o=41058200234905 HTTP/2.0" 404 16 "-" "meta-externalagent/1.1 (+https://developers.facebook.com/docs/sharing/webmasters/crawler)"
66.249.68.67 - - [02/Feb/2026:18:32:16 +0100] "GET /?o=39886203378400 HTTP/1.1" 404 36 "-" "Mozilla/5.0 (Linux; Android 6.0.1; Nexus 5X Build/MMB29P) AppleWebKit/537.36 (KHTML, like Gecko) Chrome/143.0.7499.192 Mobile Safari/537.36 (compatible; Googlebot/2.1; +http://www.google.com/bot.html)"
114.119.140.137 - - [02/Feb/2026:18:32:27 +0100] "GET /wp-includes/SimplePie/Caption.php HTTP/1.1" 404 36 "https://www.loger.cm/wp-includes/SimplePie/?C=N%3BO%3DD" "Mozilla/5.0 (Linux; Android 7.0;) AppleWebKit/537.36 (KHTML, like Gecko) Mobile Safari/537.36 (compatible; PetalBot;+https://webmaster.petalsearch.com/site/petalbot)"
57.141.0.48 - - [02/Feb/2026:18:33:15 +0100] "GET /?o=19967191771601 HTTP/2.0" 404 16 "-" "meta-externalagent/1.1 (+https://developers.facebook.com/docs/sharing/webmasters/crawler)"
66.249.68.65 - - [02/Feb/2026:18:33:16 +0100] "GET /?o=3027218712400 HTTP/1.1" 404 36 "-" "Mozilla/5.0 (Linux; Android 6.0.1; Nexus 5X Build/MMB29P) AppleWebKit/537.36 (KHTML, like Gecko) Chrome/144.0.7559.109 Mobile Safari/537.36 (compatible; Googlebot/2.1; +http://www.google.com/bot.html)"
57.141.0.26 - - [02/Feb/2026:18:33:24 +0100] "GET /?o=39943238938300 HTTP/2.0" 404 16 "-" "meta-externalagent/1.1 (+https://developers.facebook.com/docs/sharing/webmasters/crawler)"
66.249.68.66 - - [02/Feb/2026:18:33:29 +0100] "GET /?o=0469880805600 HTTP/1.1" 404 36 "-" "Mozilla/5.0 (Linux; Android 6.0.1; Nexus 5X Build/MMB29P) AppleWebKit/537.36 (KHTML, like Gecko) Chrome/143.0.7499.192 Mobile Safari/537.36 (compatible; Googlebot/2.1; +http://www.google.com/bot.html)"
66.249.68.66 - - [02/Feb/2026:18:33:29 +0100] "GET /?o=59592242174800 HTTP/1.1" 404 36 "-" "Mozilla/5.0 (Linux; Android 6.0.1; Nexus 5X Build/MMB29P) AppleWebKit/537.36 (KHTML, like Gecko) Chrome/143.0.7499.192 Mobile Safari/537.36 (compatible; Googlebot/2.1; +http://www.google.com/bot.html)"
66.249.68.65 - - [02/Feb/2026:18:33:30 +0100] "GET /?o=17732119346401&channel=6515c2&from=category-info.php%3Fid%3D1193464-1362%26name%3D%EF%BC%B4%EF%BC%B2%EF%BC%B5%EF%BC%B3%EF%BC%A3%EF%BC%AF%E3%80%80%E3%82%B9%E3%83%88%E3%83%AD%E3%83%B3%E3%82%B0%E3%83%A1%E3%83%83%E3%82%B7%E3%83%A5%E3%82%B7%E3%83%BC%E3%83%88%E3%80%80%EF%BC%91%EF%BC%8E%EF%BC%98%EF%BD%8D%C3%97%EF%BC%95%EF%BC%8E%EF%BC%94%EF%BD%8D%E3%80%80%E3%82%B0%E3%83%AA%E3%83%BC%E3%83%B3%E3%80%801%E6%9E%9A++%28GM1854GN%29%EF%BC%88%EF%BC%B4%EF%BC%B2%EF%BC%B5%EF%BC%B3%EF%BC%A3%EF%BC%AF+%E3%82%B9%E3%83%88%E3%83%AD%E3%83%B3%E3%82%B0%E3%83%A1%E3%83%83%E3%82%B7%E3%83%A5%E3%82%B7%E3%83%BC%E3%83%88+%EF%BC%91%EF%BC%8E%EF%BC%98%EF%BD%8D%EF%BC%B8%EF%BC%95%EF%BC%8E%EF%BC%94%EF%BD%8D+%E3%82%B0%E3%83%AC%E3%83%BC%EF%BC%BF+%E3%81%AE%E9%80%9A%E8%B2%A9+%7C+%E3%83%9B%E3%83%BC%E3%83%A0%E3%82%BB%E3%83%B3%E3%82%BF%E3%83%BC+%E3%82%B3%E3%83%A1%E3%83%AA%E3%83%89%E3%83%83%E3%83%88%E3%82%B3%E3%83%A0%EF%BC%89 HTTP/1.1" 404 36 "-" "Mozilla/5.0 (Linux; Android 6.0.1; Nexus 5X Build/MMB29P) AppleWebKit/537.36 (KHTML, like Gecko) Chrome/143.0.7499.192 Mobile Safari/537.36 (compatible; Googlebot/2.1; +http://www.google.com/bot.html)"
114.119.140.137 - - [02/Feb/2026:18:34:02 +0100] "GET /wp-includes/SimplePie/Cache/Redis.php HTTP/1.1" 404 36 "https://www.loger.cm/wp-includes/SimplePie/Cache/?C=D%3BO%3DA" "Mozilla/5.0 (Linux; Android 7.0;) AppleWebKit/537.36 (KHTML, like Gecko) Mobile Safari/537.36 (compatible; PetalBot;+https://webmaster.petalsearch.com/site/petalbot)"
57.141.0.25 - - [02/Feb/2026:18:34:39 +0100] "GET /?o=9157094632901 HTTP/2.0" 404 16 "-" "meta-externalagent/1.1 (+https://developers.facebook.com/docs/sharing/webmasters/crawler)"
57.141.0.75 - - [02/Feb/2026:18:35:12 +0100] "GET /?o=19593140806 HTTP/2.0" 404 16 "-" "meta-externalagent/1.1 (+https://developers.facebook.com/docs/sharing/webmasters/crawler)"
66.249.68.66 - - [02/Feb/2026:18:35:18 +0100] "GET /?o=18109198863201 HTTP/1.1" 404 36 "-" "Mozilla/5.0 (Linux; Android 6.0.1; Nexus 5X Build/MMB29P) AppleWebKit/537.36 (KHTML, like Gecko) Chrome/143.0.7499.192 Mobile Safari/537.36 (compatible; Googlebot/2.1; +http://www.google.com/bot.html)"
114.119.133.119 - - [02/Feb/2026:18:35:36 +0100] "GET /wp-includes/SimplePie/Cache/File.php HTTP/1.1" 404 36 "https://www.loger.cm/wp-includes/SimplePie/Cache/?C=D%3BO%3DA" "Mozilla/5.0 (Linux; Android 7.0;) AppleWebKit/537.36 (KHTML, like Gecko) Mobile Safari/537.36 (compatible; PetalBot;+https://webmaster.petalsearch.com/site/petalbot)"
57.141.0.74 - - [02/Feb/2026:18:36:12 +0100] "GET /?o=17808152612502 HTTP/2.0" 404 16 "-" "meta-externalagent/1.1 (+https://developers.facebook.com/docs/sharing/webmasters/crawler)"
114.119.140.137 - - [02/Feb/2026:18:37:10 +0100] "GET /wp-includes/SimplePie/Cache/Base.php HTTP/1.1" 404 36 "https://www.loger.cm/wp-includes/SimplePie/Cache/?C=D%3BO%3DA" "Mozilla/5.0 (Linux; Android 7.0;) AppleWebKit/537.36 (KHTML, like Gecko) Mobile Safari/537.36 (compatible; PetalBot;+https://webmaster.petalsearch.com/site/petalbot)"
66.249.68.67 - - [02/Feb/2026:18:37:18 +0100] "GET /?o=70901191539205 HTTP/1.1" 404 36 "-" "Mozilla/5.0 (Linux; Android 6.0.1; Nexus 5X Build/MMB29P) AppleWebKit/537.36 (KHTML, like Gecko) Chrome/143.0.7499.192 Mobile Safari/537.36 (compatible; Googlebot/2.1; +http://www.google.com/bot.html)"
114.119.159.233 - - [02/Feb/2026:18:38:47 +0100] "GET /wp-includes/js/tinymce/skins/lightgray/img?C=S%3BO%3DA HTTP/1.1" 301 324 "-" "Mozilla/5.0 (Linux; Android 7.0;) AppleWebKit/537.36 (KHTML, like Gecko) Mobile Safari/537.36 (compatible; PetalBot;+https://webmaster.petalsearch.com/site/petalbot)"
114.119.159.233 - - [02/Feb/2026:18:38:48 +0100] "GET /wp-includes/js/tinymce/skins/lightgray/img/?C=S%3BO%3DA HTTP/1.1" 404 36 "-" "Mozilla/5.0 (Linux; Android 7.0;) AppleWebKit/537.36 (KHTML, like Gecko) Mobile Safari/537.36 (compatible; PetalBot;+https://webmaster.petalsearch.com/site/petalbot)"
185.65.134.248 - - [02/Feb/2026:18:39:17 +0100] "GET /?o=27017106747803&channel=3f9e2f&from=news.php%3Fid%3D1067478-159%26name%3D%E3%82%AA%E3%83%BC%E3%82%B1%E3%83%BC%E5%99%A8%E6%9D%90%5BKHRP25D72TP%5D%E5%86%B7%E5%AA%92%E5%88%86%E5%B2%90%E7%AE%A1%E3%80%80%E3%83%97%E3%83%AC%E5%8A%A0%E5%B7%A5%E3%82%B8%E3%83%A7%E3%82%A4%E3%83%B3%E3%83%88 HTTP/1.1" 404 36 "-" "Mozilla/5.0 (Linux; Android 11; SM-G980F) AppleWebKit/537.36 (KHTML, like Gecko) Chrome/101.0.4951.61 Mobile Safari/537.36"
185.65.134.248 - - [02/Feb/2026:18:39:17 +0100] "GET /?channel=3f9e2f&from=news.php%3Fid%3D1067478-159%26name%3D%E3%82%AA%E3%83%BC%E3%82%B1%E3%83%BC%E5%99%A8%E6%9D%90%5BKHRP25D72TP%5D%E5%86%B7%E5%AA%92%E5%88%86%E5%B2%90%E7%AE%A1%E3%80%80%E3%83%97%E3%83%AC%E5%8A%A0%E5%B7%A5%E3%82%B8%E3%83%A7%E3%82%A4%E3%83%B3%E3%83%88&o=27017106747803%27 HTTP/1.1" 404 36 "-" "Mozilla/5.0 (Windows NT 10.0) AppleWebKit/537.36 (KHTML, like Gecko) Chrome/100.0.4896.127 Safari/537.36"
185.65.134.248 - - [02/Feb/2026:18:39:17 +0100] "GET /?channel=3f9e2f%27&from=news.php%3Fid%3D1067478-159%26name%3D%E3%82%AA%E3%83%BC%E3%82%B1%E3%83%BC%E5%99%A8%E6%9D%90%5BKHRP25D72TP%5D%E5%86%B7%E5%AA%92%E5%88%86%E5%B2%90%E7%AE%A1%E3%80%80%E3%83%97%E3%83%AC%E5%8A%A0%E5%B7%A5%E3%82%B8%E3%83%A7%E3%82%A4%E3%83%B3%E3%83%88&o=27017106747803 HTTP/1.1" 404 36 "-" "Mozilla/5.0 (compatible; bingbot/2.0 http://www.bing.com/bingbot.htm)"
185.65.134.248 - - [02/Feb/2026:18:39:17 +0100] "GET /?channel=3f9e2f&from=news.php%3Fid%3D1067478-159%26name%3D%E3%82%AA%E3%83%BC%E3%82%B1%E3%83%BC%E5%99%A8%E6%9D%90%5BKHRP25D72TP%5D%E5%86%B7%E5%AA%92%E5%88%86%E5%B2%90%E7%AE%A1%E3%80%80%E3%83%97%E3%83%AC%E5%8A%A0%E5%B7%A5%E3%82%B8%E3%83%A7%E3%82%A4%E3%83%B3%E3%83%88%27&o=27017106747803 HTTP/1.1" 404 36 "-" "ELinks (0.4.3; NetBSD 3.0.2PATCH sparc64; 141x19)"
114.119.143.207 - - [02/Feb/2026:18:40:20 +0100] "GET /wp-includes/SimplePie/Cache/?C=M%3BO%3DA HTTP/1.1" 404 36 "https://www.loger.cm/wp-includes/SimplePie/Cache/?C=D%3BO%3DA" "Mozilla/5.0 (Linux; Android 7.0;) AppleWebKit/537.36 (KHTML, like Gecko) Mobile Safari/537.36 (compatible; PetalBot;+https://webmaster.petalsearch.com/site/petalbot)"
66.249.68.67 - - [02/Feb/2026:18:41:31 +0100] "GET /?o=7079466104702 HTTP/1.1" 404 36 "-" "Mozilla/5.0 (Linux; Android 6.0.1; Nexus 5X Build/MMB29P) AppleWebKit/537.36 (KHTML, like Gecko) Chrome/143.0.7499.192 Mobile Safari/537.36 (compatible; Googlebot/2.1; +http://www.google.com/bot.html)"
57.141.0.50 - - [02/Feb/2026:18:41:31 +0100] "GET /?o=42097190905805 HTTP/2.0" 404 16 "-" "meta-externalagent/1.1 (+https://developers.facebook.com/docs/sharing/webmasters/crawler)"
114.119.143.207 - - [02/Feb/2026:18:41:52 +0100] "GET /wp-includes/SimplePie/Author.php HTTP/1.1" 404 36 "https://www.loger.cm/wp-includes/SimplePie/?C=N%3BO%3DD" "Mozilla/5.0 (Linux; Android 7.0;) AppleWebKit/537.36 (KHTML, like Gecko) Mobile Safari/537.36 (compatible; PetalBot;+https://webmaster.petalsearch.com/site/petalbot)"
66.249.68.67 - - [02/Feb/2026:18:42:03 +0100] "GET /?o=40008135235200 HTTP/1.1" 404 36 "-" "Mozilla/5.0 (Linux; Android 6.0.1; Nexus 5X Build/MMB29P) AppleWebKit/537.36 (KHTML, like Gecko) Chrome/143.0.7499.192 Mobile Safari/537.36 (compatible; Googlebot/2.1; +http://www.google.com/bot.html)"
66.249.68.67 - - [02/Feb/2026:18:42:03 +0100] "GET /62816771098.shtml HTTP/1.1" 404 36 "-" "Mozilla/5.0 (Linux; Android 6.0.1; Nexus 5X Build/MMB29P) AppleWebKit/537.36 (KHTML, like Gecko) Chrome/143.0.7499.192 Mobile Safari/537.36 (compatible; Googlebot/2.1; +http://www.google.com/bot.html)"
57.141.0.19 - - [02/Feb/2026:18:43:26 +0100] "GET /?o=41089235186402 HTTP/2.0" 404 16 "-" "meta-externalagent/1.1 (+https://developers.facebook.com/docs/sharing/webmasters/crawler)"
114.119.146.40 - - [02/Feb/2026:18:43:29 +0100] "GET /wp-includes/Requests/Utility/FilteredIterator.php HTTP/1.1" 404 36 "https://www.loger.cm/wp-includes/Requests/Utility/?C=M%3BO%3DA" "Mozilla/5.0 (Linux; Android 7.0;) AppleWebKit/537.36 (KHTML, like Gecko) Mobile Safari/537.36 (compatible; PetalBot;+https://webmaster.petalsearch.com/site/petalbot)"
114.119.140.137 - - [02/Feb/2026:18:45:00 +0100] "GET /wp-includes/Requests/Utility/CaseInsensitiveDictionary.php HTTP/1.1" 404 36 "https://www.loger.cm/wp-includes/Requests/Utility/?C=M%3BO%3DA" "Mozilla/5.0 (Linux; Android 7.0;) AppleWebKit/537.36 (KHTML, like Gecko) Mobile Safari/537.36 (compatible; PetalBot;+https://webmaster.petalsearch.com/site/petalbot)"
66.249.68.67 - - [02/Feb/2026:18:46:04 +0100] "GET /?o=0126215926404 HTTP/1.1" 404 36 "-" "Mozilla/5.0 (Linux; Android 6.0.1; Nexus 5X Build/MMB29P) AppleWebKit/537.36 (KHTML, like Gecko) Chrome/143.0.7499.192 Mobile Safari/537.36 (compatible; Googlebot/2.1; +http://www.google.com/bot.html)"
66.249.68.65 - - [02/Feb/2026:18:46:05 +0100] "GET /?o=27770208550203 HTTP/1.1" 404 36 "-" "Mozilla/5.0 (Linux; Android 6.0.1; Nexus 5X Build/MMB29P) AppleWebKit/537.36 (KHTML, like Gecko) Chrome/143.0.7499.192 Mobile Safari/537.36 (compatible; Googlebot/2.1; +http://www.google.com/bot.html)"
66.249.68.65 - - [02/Feb/2026:18:46:06 +0100] "GET /?o=87445225225600 HTTP/1.1" 404 36 "-" "Mozilla/5.0 (Linux; Android 6.0.1; Nexus 5X Build/MMB29P) AppleWebKit/537.36 (KHTML, like Gecko) Chrome/143.0.7499.192 Mobile Safari/537.36 (compatible; Googlebot/2.1; +http://www.google.com/bot.html)"
66.249.68.67 - - [02/Feb/2026:18:46:06 +0100] "GET /?o=80900283994400 HTTP/1.1" 404 36 "-" "Mozilla/5.0 (Linux; Android 6.0.1; Nexus 5X Build/MMB29P) AppleWebKit/537.36 (KHTML, like Gecko) Chrome/143.0.7499.192 Mobile Safari/537.36 (compatible; Googlebot/2.1; +http://www.google.com/bot.html)"
185.195.233.159 - - [02/Feb/2026:18:46:10 +0100] "GET /?o=27017106747803&channel=3f9e2f&from=news.php%3Fid%3D1067478-159%26name%3D%E3%82%AA%E3%83%BC%E3%82%B1%E3%83%BC%E5%99%A8%E6%9D%90%5BKHRP25D72TP%5D%E5%86%B7%E5%AA%92%E5%88%86%E5%B2%90%E7%AE%A1%E3%80%80%E3%83%97%E3%83%AC%E5%8A%A0%E5%B7%A5%E3%82%B8%E3%83%A7%E3%82%A4%E3%83%B3%E3%83%88 HTTP/1.1" 404 36 "-" "Mozilla/5.0 (Linux; Android 11; SM-M317F) AppleWebKit/537.36 (KHTML, like Gecko) Chrome/101.0.4951.41 Mobile Safari/537.36"
185.195.233.159 - - [02/Feb/2026:18:46:10 +0100] "GET /?channel=3f9e2f%27&from=news.php%3Fid%3D1067478-159%26name%3D%E3%82%AA%E3%83%BC%E3%82%B1%E3%83%BC%E5%99%A8%E6%9D%90%5BKHRP25D72TP%5D%E5%86%B7%E5%AA%92%E5%88%86%E5%B2%90%E7%AE%A1%E3%80%80%E3%83%97%E3%83%AC%E5%8A%A0%E5%B7%A5%E3%82%B8%E3%83%A7%E3%82%A4%E3%83%B3%E3%83%88&o=27017106747803 HTTP/1.1" 404 36 "-" "Mozilla/5.0 (Windows; U; Windows NT 6.1; en-GB; rv:1.9.1.17) Gecko/20110123 (like Firefox/3.x) SeaMonkey/2.0.12"
185.195.233.159 - - [02/Feb/2026:18:46:10 +0100] "GET /?channel=3f9e2f&from=news.php%3Fid%3D1067478-159%26name%3D%E3%82%AA%E3%83%BC%E3%82%B1%E3%83%BC%E5%99%A8%E6%9D%90%5BKHRP25D72TP%5D%E5%86%B7%E5%AA%92%E5%88%86%E5%B2%90%E7%AE%A1%E3%80%80%E3%83%97%E3%83%AC%E5%8A%A0%E5%B7%A5%E3%82%B8%E3%83%A7%E3%82%A4%E3%83%B3%E3%83%88%27&o=27017106747803 HTTP/1.1" 404 36 "-" "UCWEB/8.8 (iPhone; CPU OS_6; en-US)AppleWebKit/534.1 U3/3.0.0 Mobile"
185.195.233.159 - - [02/Feb/2026:18:46:10 +0100] "GET /?channel=3f9e2f&from=news.php%3Fid%3D1067478-159%26name%3D%E3%82%AA%E3%83%BC%E3%82%B1%E3%83%BC%E5%99%A8%E6%9D%90%5BKHRP25D72TP%5D%E5%86%B7%E5%AA%92%E5%88%86%E5%B2%90%E7%AE%A1%E3%80%80%E3%83%97%E3%83%AC%E5%8A%A0%E5%B7%A5%E3%82%B8%E3%83%A7%E3%82%A4%E3%83%B3%E3%83%88&o=27017106747803%27 HTTP/1.1" 404 36 "-" "Mozilla/5.0 (Linux; Android 12; SM-G991B) AppleWebKit/537.36 (KHTML, like Gecko) Chrome/101.0.4951.61 Mobile Safari/537.36"
57.141.0.15 - - [02/Feb/2026:18:46:18 +0100] "GET /?o=6500487921700 HTTP/2.0" 404 16 "-" "meta-externalagent/1.1 (+https://developers.facebook.com/docs/sharing/webmasters/crawler)"
66.249.68.65 - - [02/Feb/2026:18:46:31 +0100] "GET /?o=1310055526806 HTTP/1.1" 404 36 "-" "Mozilla/5.0 (Linux; Android 6.0.1; Nexus 5X Build/MMB29P) AppleWebKit/537.36 (KHTML, like Gecko) Chrome/143.0.7499.192 Mobile Safari/537.36 (compatible; Googlebot/2.1; +http://www.google.com/bot.html)"
66.249.68.65 - - [02/Feb/2026:18:46:31 +0100] "GET /?o=75878238981202 HTTP/1.1" 404 36 "-" "Mozilla/5.0 (Linux; Android 6.0.1; Nexus 5X Build/MMB29P) AppleWebKit/537.36 (KHTML, like Gecko) Chrome/143.0.7499.192 Mobile Safari/537.36 (compatible; Googlebot/2.1; +http://www.google.com/bot.html)"
114.119.146.171 - - [02/Feb/2026:18:46:36 +0100] "GET /wp-includes/Requests/Utility/ HTTP/1.1" 404 36 "https://www.loger.cm/wp-includes/Requests/?C=N%3BO%3DD" "Mozilla/5.0 (Linux; Android 7.0;) AppleWebKit/537.36 (KHTML, like Gecko) Mobile Safari/537.36 (compatible; PetalBot;+https://webmaster.petalsearch.com/site/petalbot)"
66.249.68.66 - - [02/Feb/2026:18:47:07 +0100] "GET /?o=76992249234005 HTTP/1.1" 404 36 "-" "Mozilla/5.0 (Linux; Android 6.0.1; Nexus 5X Build/MMB29P) AppleWebKit/537.36 (KHTML, like Gecko) Chrome/143.0.7499.192 Mobile Safari/537.36 (compatible; Googlebot/2.1; +http://www.google.com/bot.html)"
57.141.0.69 - - [02/Feb/2026:18:47:15 +0100] "GET /?o=697111432200 HTTP/2.0" 404 16 "-" "meta-externalagent/1.1 (+https://developers.facebook.com/docs/sharing/webmasters/crawler)"
57.141.0.5 - - [02/Feb/2026:18:47:23 +0100] "GET /?o=01307228552000 HTTP/2.0" 404 16 "-" "meta-externalagent/1.1 (+https://developers.facebook.com/docs/sharing/webmasters/crawler)"
57.141.0.39 - - [02/Feb/2026:18:47:36 +0100] "GET /?o=02187157570304 HTTP/2.0" 404 16 "-" "meta-externalagent/1.1 (+https://developers.facebook.com/docs/sharing/webmasters/crawler)"
57.141.0.33 - - [02/Feb/2026:18:48:06 +0100] "GET /?o=50498275099600 HTTP/2.0" 404 16 "-" "meta-externalagent/1.1 (+https://developers.facebook.com/docs/sharing/webmasters/crawler)"
114.119.159.233 - - [02/Feb/2026:18:48:09 +0100] "GET /wp-includes/Requests/Transport/?C=S%3BO%3DA HTTP/1.1" 404 36 "https://www.loger.cm/wp-includes/Requests/Transport/" "Mozilla/5.0 (Linux; Android 7.0;) AppleWebKit/537.36 (KHTML, like Gecko) Mobile Safari/537.36 (compatible; PetalBot;+https://webmaster.petalsearch.com/site/petalbot)"
20.205.96.233 - - [02/Feb/2026:18:48:25 +0100] "GET /wp-content/plugins/hellopress/wp_filemanager.php HTTP/1.1" 404 16 "-" "-"
20.205.96.233 - - [02/Feb/2026:18:48:25 +0100] "GET /166.php HTTP/1.1" 404 16 "-" "-"
20.205.96.233 - - [02/Feb/2026:18:48:26 +0100] "GET /2026.php HTTP/1.1" 404 16 "-" "-"
20.205.96.233 - - [02/Feb/2026:18:48:27 +0100] "GET /muzu.php HTTP/1.1" 404 16 "-" "-"
20.205.96.233 - - [02/Feb/2026:18:48:28 +0100] "GET /reze.php HTTP/1.1" 404 16 "-" "-"
20.205.96.233 - - [02/Feb/2026:18:48:28 +0100] "GET /jsond.php HTTP/1.1" 404 16 "-" "-"
20.205.96.233 - - [02/Feb/2026:18:48:29 +0100] "GET /x7.php HTTP/1.1" 404 16 "-" "-"
20.205.96.233 - - [02/Feb/2026:18:48:29 +0100] "GET /bgymj.php HTTP/1.1" 404 16 "-" "-"
20.205.96.233 - - [02/Feb/2026:18:48:30 +0100] "GET /lala.php HTTP/1.1" 404 16 "-" "-"
20.205.96.233 - - [02/Feb/2026:18:48:30 +0100] "GET /8xyz.php HTTP/1.1" 404 16 "-" "-"
20.205.96.233 - - [02/Feb/2026:18:48:31 +0100] "GET /wsd.php HTTP/1.1" 404 16 "-" "-"
20.205.96.233 - - [02/Feb/2026:18:48:31 +0100] "GET /Update/f35.php HTTP/1.1" 404 16 "-" "-"
20.205.96.233 - - [02/Feb/2026:18:48:32 +0100] "GET /la.php HTTP/1.1" 404 16 "-" "-"
66.249.68.65 - - [02/Feb/2026:18:48:32 +0100] "GET /?o=60994119970404 HTTP/1.1" 404 36 "-" "Mozilla/5.0 (Linux; Android 6.0.1; Nexus 5X Build/MMB29P) AppleWebKit/537.36 (KHTML, like Gecko) Chrome/143.0.7499.192 Mobile Safari/537.36 (compatible; Googlebot/2.1; +http://www.google.com/bot.html)"
20.205.96.233 - - [02/Feb/2026:18:48:32 +0100] "GET /Wp-good.php HTTP/1.1" 404 16 "-" "-"
20.205.96.233 - - [02/Feb/2026:18:48:33 +0100] "GET /tphp.php HTTP/1.1" 404 16 "-" "-"
20.205.96.233 - - [02/Feb/2026:18:48:33 +0100] "GET /a1.php HTTP/1.1" 404 16 "-" "-"
20.205.96.233 - - [02/Feb/2026:18:48:34 +0100] "GET /nyan.php HTTP/1.1" 404 16 "-" "-"
20.205.96.233 - - [02/Feb/2026:18:48:34 +0100] "GET /autoload_classmap.php HTTP/1.1" 404 16 "-" "-"
20.205.96.233 - - [02/Feb/2026:18:48:34 +0100] "GET /alfa.php HTTP/1.1" 404 16 "-" "-"
20.205.96.233 - - [02/Feb/2026:18:48:35 +0100] "GET /wp-includes/assets/index.php HTTP/1.1" 404 16 "-" "-"
20.205.96.233 - - [02/Feb/2026:18:48:35 +0100] "GET /luxe.php HTTP/1.1" 404 16 "-" "-"
20.205.96.233 - - [02/Feb/2026:18:48:36 +0100] "GET /update/wpupex.php/ HTTP/1.1" 404 16 "-" "-"
20.205.96.233 - - [02/Feb/2026:18:48:36 +0100] "GET /rezor.php HTTP/1.1" 404 16 "-" "-"
20.205.96.233 - - [02/Feb/2026:18:48:37 +0100] "GET /doc.php HTTP/1.1" 404 16 "-" "-"
146.88.233.70 - - [02/Feb/2026:18:48:37 +0100] "POST /wp-cron.php?doing_wp_cron=1770054517.7744150161743164062500 HTTP/1.1" 404 36 "-" "WordPress/6.8.3; https://www.loger.cm"
20.205.96.233 - - [02/Feb/2026:18:48:37 +0100] "GET /wp-admin/user/index.php HTTP/1.1" 302 - "-" "-"
20.205.96.233 - - [02/Feb/2026:18:48:39 +0100] "GET /wp-login.php?redirect_to=https%3A%2F%2Fmail.loger.cm%2Fwp-admin%2Fuser%2Findex.php&reauth=1 HTTP/1.1" 200 18836 "-" "-"
20.205.96.233 - - [02/Feb/2026:18:48:40 +0100] "GET /wp-includes/css/about.php HTTP/1.1" 404 16 "-" "-"
20.205.96.233 - - [02/Feb/2026:18:48:40 +0100] "GET /install.php HTTP/1.1" 404 16 "-" "-"
20.205.96.233 - - [02/Feb/2026:18:48:41 +0100] "GET /~norapump/hah.php HTTP/1.1" 404 16 "-" "-"
20.205.96.233 - - [02/Feb/2026:18:48:42 +0100] "GET /sto.php HTTP/1.1" 404 16 "-" "-"
20.205.96.233 - - [02/Feb/2026:18:48:42 +0100] "GET /x.php HTTP/1.1" 404 16 "-" "-"
20.205.96.233 - - [02/Feb/2026:18:48:42 +0100] "GET /test.php HTTP/1.1" 404 16 "-" "-"
20.205.96.233 - - [02/Feb/2026:18:48:43 +0100] "GET /wp-includes/blocks/ HTTP/1.1" 200 2 "-" "-"
20.205.96.233 - - [02/Feb/2026:18:48:43 +0100] "GET /n3.php HTTP/1.1" 404 16 "-" "-"
20.205.96.233 - - [02/Feb/2026:18:48:44 +0100] "GET /wp-admin/install.php HTTP/1.1" 404 16 "-" "-"
20.205.96.233 - - [02/Feb/2026:18:48:44 +0100] "GET /o.php HTTP/1.1" 404 16 "-" "-"
20.205.96.233 - - [02/Feb/2026:18:48:44 +0100] "GET /wp-includes/ID3/index.php HTTP/1.1" 404 16 "-" "-"
20.205.96.233 - - [02/Feb/2026:18:48:45 +0100] "GET /class-t.api.php HTTP/1.1" 404 16 "-" "-"
20.205.96.233 - - [02/Feb/2026:18:48:45 +0100] "GET /.trash7309/f/ HTTP/1.1" 404 16 "-" "-"
20.205.96.233 - - [02/Feb/2026:18:48:46 +0100] "GET /wp.php HTTP/1.1" 404 16 "-" "-"
20.205.96.233 - - [02/Feb/2026:18:48:48 +0100] "GET /wp-includes/customize/index.php HTTP/1.1" 404 16 "-" "-"
20.205.96.233 - - [02/Feb/2026:18:48:48 +0100] "GET /wp-content/themes/seotheme/mar.php HTTP/1.1" 404 16 "-" "-"
20.205.96.233 - - [02/Feb/2026:18:48:48 +0100] "GET /h.php HTTP/1.1" 404 16 "-" "-"
20.205.96.233 - - [02/Feb/2026:18:48:49 +0100] "GET /skin/install/default/security.php HTTP/1.1" 404 16 "-" "-"
20.205.96.233 - - [02/Feb/2026:18:48:49 +0100] "GET /wrt.php HTTP/1.1" 404 16 "-" "-"
20.205.96.233 - - [02/Feb/2026:18:48:50 +0100] "GET /wp-content/plugins/Core-EconX/up.php HTTP/1.1" 404 16 "-" "-"
20.205.96.233 - - [02/Feb/2026:18:48:50 +0100] "GET /wp-includes/css/ HTTP/1.1" 404 16 "-" "-"
20.205.96.233 - - [02/Feb/2026:18:48:51 +0100] "GET /images/c99.php HTTP/1.1" 404 16 "-" "-"
20.205.96.233 - - [02/Feb/2026:18:48:51 +0100] "GET /png.php HTTP/1.1" 404 16 "-" "-"
20.205.96.233 - - [02/Feb/2026:18:48:52 +0100] "GET /wp-includes/ID3/index.php HTTP/1.1" 404 16 "-" "-"
20.205.96.233 - - [02/Feb/2026:18:48:53 +0100] "GET /zwso.php HTTP/1.1" 404 16 "-" "-"
20.205.96.233 - - [02/Feb/2026:18:48:53 +0100] "GET /wp-content/languages/index.php HTTP/1.1" 404 16 "-" "-"
20.205.96.233 - - [02/Feb/2026:18:48:54 +0100] "GET /wp-content/ HTTP/1.1" 200 - "-" "-"
20.205.96.233 - - [02/Feb/2026:18:48:54 +0100] "GET /wp/wp-includes/index.php HTTP/1.1" 404 16 "-" "-"
20.205.96.233 - - [02/Feb/2026:18:48:54 +0100] "GET /ton.php HTTP/1.1" 404 16 "-" "-"
20.205.96.233 - - [02/Feb/2026:18:48:55 +0100] "GET /wso.php HTTP/1.1" 404 16 "-" "-"
20.205.96.233 - - [02/Feb/2026:18:48:55 +0100] "GET /images/fk2e3/ HTTP/1.1" 404 16 "-" "-"
20.205.96.233 - - [02/Feb/2026:18:48:56 +0100] "GET /a2.php HTTP/1.1" 404 16 "-" "-"
20.205.96.233 - - [02/Feb/2026:18:48:56 +0100] "GET /shell.php HTTP/1.1" 404 16 "-" "-"
20.205.96.233 - - [02/Feb/2026:18:48:56 +0100] "GET /wp-includes/IXR/moon.php HTTP/1.1" 404 16 "-" "-"
20.205.96.233 - - [02/Feb/2026:18:48:57 +0100] "GET /sxo.php HTTP/1.1" 404 16 "-" "-"
20.205.96.233 - - [02/Feb/2026:18:48:58 +0100] "GET /wp-admin/ HTTP/1.1" 302 - "-" "-"
20.205.96.233 - - [02/Feb/2026:18:49:00 +0100] "GET /wp-login.php?redirect_to=https%3A%2F%2Fmail.loger.cm%2Fwp-admin%2F&reauth=1 HTTP/1.1" 200 18718 "-" "-"
20.205.96.233 - - [02/Feb/2026:18:49:00 +0100] "GET /wp-content/ HTTP/1.1" 200 - "-" "-"
20.205.96.233 - - [02/Feb/2026:18:49:01 +0100] "GET /mans.php HTTP/1.1" 404 16 "-" "-"
20.205.96.233 - - [02/Feb/2026:18:49:01 +0100] "GET /dropdown.php HTTP/1.1" 404 16 "-" "-"
20.205.96.233 - - [02/Feb/2026:18:49:02 +0100] "GET /WordPress/x/ HTTP/1.1" 404 16 "-" "-"
20.205.96.233 - - [02/Feb/2026:18:49:02 +0100] "GET /ze.php HTTP/1.1" 404 16 "-" "-"
20.205.96.233 - - [02/Feb/2026:18:49:02 +0100] "GET /geck.php HTTP/1.1" 404 16 "-" "-"
20.205.96.233 - - [02/Feb/2026:18:49:03 +0100] "GET /menu.php HTTP/1.1" 404 16 "-" "-"
20.205.96.233 - - [02/Feb/2026:18:49:04 +0100] "GET /admin/function.php HTTP/1.1" 404 16 "-" "-"
20.205.96.233 - - [02/Feb/2026:18:49:04 +0100] "GET /index/function.php HTTP/1.1" 404 16 "-" "-"
20.205.96.233 - - [02/Feb/2026:18:49:04 +0100] "GET /flower.php HTTP/1.1" 404 16 "-" "-"
20.205.96.233 - - [02/Feb/2026:18:49:05 +0100] "GET /ftp.php HTTP/1.1" 404 16 "-" "-"
20.205.96.233 - - [02/Feb/2026:18:49:05 +0100] "GET /mds.php HTTP/1.1" 404 16 "-" "-"
20.205.96.233 - - [02/Feb/2026:18:49:06 +0100] "GET /ahax.php HTTP/1.1" 404 16 "-" "-"
20.205.96.233 - - [02/Feb/2026:18:49:06 +0100] "GET /wp-admin/class-db.php HTTP/1.1" 404 16 "-" "-"
20.205.96.233 - - [02/Feb/2026:18:49:06 +0100] "GET /cool.php HTTP/1.1" 404 16 "-" "-"
20.205.96.233 - - [02/Feb/2026:18:49:07 +0100] "GET /gm.php HTTP/1.1" 404 16 "-" "-"
20.205.96.233 - - [02/Feb/2026:18:49:07 +0100] "GET /simple.php HTTP/1.1" 404 16 "-" "-"
20.205.96.233 - - [02/Feb/2026:18:49:08 +0100] "GET /elp.php HTTP/1.1" 404 16 "-" "-"
20.205.96.233 - - [02/Feb/2026:18:49:08 +0100] "GET /bolt.php HTTP/1.1" 404 16 "-" "-"
20.205.96.233 - - [02/Feb/2026:18:49:09 +0100] "GET /wp-content/uploads/index.php HTTP/1.1" 404 16 "-" "-"
20.205.96.233 - - [02/Feb/2026:18:49:09 +0100] "GET /inputs.php HTTP/1.1" 404 16 "-" "-"
20.205.96.233 - - [02/Feb/2026:18:49:09 +0100] "GET /.trash7309/fafa/ HTTP/1.1" 404 16 "-" "-"
20.205.96.233 - - [02/Feb/2026:18:49:11 +0100] "GET /system.php HTTP/1.1" 404 16 "-" "-"
20.205.96.233 - - [02/Feb/2026:18:49:11 +0100] "GET /wp-admin/maint/ HTTP/1.1" 404 16 "-" "-"
20.205.96.233 - - [02/Feb/2026:18:49:12 +0100] "GET /wp-admin/network/ HTTP/1.1" 302 - "-" "-"
20.205.96.233 - - [02/Feb/2026:18:49:13 +0100] "GET /wp-login.php?redirect_to=https%3A%2F%2Fmail.loger.cm%2Fwp-admin%2Fnetwork%2F&reauth=1 HTTP/1.1" 200 18788 "-" "-"
20.205.96.233 - - [02/Feb/2026:18:49:13 +0100] "GET /museu/yhweq.php HTTP/1.1" 404 16 "-" "-"
20.205.96.233 - - [02/Feb/2026:18:49:14 +0100] "GET /an.php HTTP/1.1" 404 16 "-" "-"
20.205.96.233 - - [02/Feb/2026:18:49:14 +0100] "GET /w.php HTTP/1.1" 404 16 "-" "-"
20.205.96.233 - - [02/Feb/2026:18:49:15 +0100] "GET /gmo.php HTTP/1.1" 404 16 "-" "-"
20.205.96.233 - - [02/Feb/2026:18:49:15 +0100] "GET /gib.php HTTP/1.1" 404 16 "-" "-"
20.205.96.233 - - [02/Feb/2026:18:49:16 +0100] "GET /wp-miiss.php.php HTTP/1.1" 404 16 "-" "-"
20.205.96.233 - - [02/Feb/2026:18:49:16 +0100] "GET /ho/wpup.php HTTP/1.1" 404 16 "-" "-"
20.205.96.233 - - [02/Feb/2026:18:49:17 +0100] "GET /moon.php HTTP/1.1" 404 16 "-" "-"
20.205.96.233 - - [02/Feb/2026:18:49:17 +0100] "GET /filesss.php HTTP/1.1" 404 16 "-" "-"
20.205.96.233 - - [02/Feb/2026:18:49:17 +0100] "GET /hey.php HTTP/1.1" 404 16 "-" "-"
20.205.96.233 - - [02/Feb/2026:18:49:18 +0100] "GET /wp-content/themes/seotheme/mar.php HTTP/1.1" 404 16 "-" "-"
20.205.96.233 - - [02/Feb/2026:18:49:18 +0100] "GET /1337.php HTTP/1.1" 404 16 "-" "-"
20.205.96.233 - - [02/Feb/2026:18:49:19 +0100] "GET /buy.php HTTP/1.1" 404 16 "-" "-"
20.205.96.233 - - [02/Feb/2026:18:49:19 +0100] "GET /apsarasarts/okk.php HTTP/1.1" 404 16 "-" "-"
20.205.96.233 - - [02/Feb/2026:18:49:19 +0100] "GET /m.php HTTP/1.1" 404 16 "-" "-"
20.205.96.233 - - [02/Feb/2026:18:49:21 +0100] "GET /wp-is.php HTTP/1.1" 404 16 "-" "-"
20.205.96.233 - - [02/Feb/2026:18:49:22 +0100] "GET /jmfi2.php HTTP/1.1" 404 16 "-" "-"
20.205.96.233 - - [02/Feb/2026:18:49:23 +0100] "GET /about/function.php HTTP/1.1" 404 16 "-" "-"
20.205.96.233 - - [02/Feb/2026:18:49:23 +0100] "GET /bnn_.php HTTP/1.1" 404 16 "-" "-"
20.205.96.233 - - [02/Feb/2026:18:49:24 +0100] "GET /wp-content/json.php HTTP/1.1" 404 16 "-" "-"
20.205.96.233 - - [02/Feb/2026:18:49:25 +0100] "GET /hzz.php HTTP/1.1" 404 16 "-" "-"
20.205.96.233 - - [02/Feb/2026:18:49:25 +0100] "GET /shell20211028.php HTTP/1.1" 404 16 "-" "-"
20.205.96.233 - - [02/Feb/2026:18:49:26 +0100] "GET /content.php HTTP/1.1" 404 16 "-" "-"
20.205.96.233 - - [02/Feb/2026:18:49:26 +0100] "GET /wp-content/ HTTP/1.1" 200 - "-" "-"
20.205.96.233 - - [02/Feb/2026:18:49:26 +0100] "GET /ps.php HTTP/1.1" 404 16 "-" "-"
20.205.96.233 - - [02/Feb/2026:18:49:28 +0100] "GET /wp-content/themes/about.php HTTP/1.1" 404 16 "-" "-"
20.205.96.233 - - [02/Feb/2026:18:49:28 +0100] "GET /.trash7309/dd/ HTTP/1.1" 404 16 "-" "-"
20.205.96.233 - - [02/Feb/2026:18:49:28 +0100] "GET /cache.php HTTP/1.1" 404 16 "-" "-"
20.205.96.233 - - [02/Feb/2026:18:49:29 +0100] "GET /ss.php HTTP/1.1" 404 16 "-" "-"
20.205.96.233 - - [02/Feb/2026:18:49:30 +0100] "GET /p.php HTTP/1.1" 404 16 "-" "-"
66.249.68.66 - - [02/Feb/2026:18:49:30 +0100] "GET /?o=20035216418803 HTTP/1.1" 404 36 "-" "Mozilla/5.0 (Linux; Android 6.0.1; Nexus 5X Build/MMB29P) AppleWebKit/537.36 (KHTML, like Gecko) Chrome/144.0.7559.109 Mobile Safari/537.36 (compatible; Googlebot/2.1; +http://www.google.com/bot.html)"
20.205.96.233 - - [02/Feb/2026:18:49:30 +0100] "GET /wp-content/plugins/achdxhv/languages/admin.php HTTP/1.1" 404 16 "-" "-"
20.205.96.233 - - [02/Feb/2026:18:49:31 +0100] "GET /user.php HTTP/1.1" 404 16 "-" "-"
20.205.96.233 - - [02/Feb/2026:18:49:33 +0100] "GET /wp-includes/block-patterns/ HTTP/1.1" 404 16 "-" "-"
20.205.96.233 - - [02/Feb/2026:18:49:33 +0100] "GET /index/function.php HTTP/1.1" 404 16 "-" "-"
20.205.96.233 - - [02/Feb/2026:18:49:35 +0100] "GET /wp.php HTTP/1.1" 404 16 "-" "-"
20.205.96.233 - - [02/Feb/2026:18:49:35 +0100] "GET /rip.php HTTP/1.1" 404 16 "-" "-"
20.205.96.233 - - [02/Feb/2026:18:49:35 +0100] "GET /wp4.php HTTP/1.1" 404 16 "-" "-"
20.205.96.233 - - [02/Feb/2026:18:49:36 +0100] "GET /403.php HTTP/1.1" 404 16 "-" "-"
20.205.96.233 - - [02/Feb/2026:18:49:36 +0100] "GET /wp-admin/maint/index.php HTTP/1.1" 404 16 "-" "-"
20.205.96.233 - - [02/Feb/2026:18:49:37 +0100] "GET /asd67.php HTTP/1.1" 404 16 "-" "-"
20.205.96.233 - - [02/Feb/2026:18:49:38 +0100] "GET /sad/about.php HTTP/1.1" 404 16 "-" "-"
20.205.96.233 - - [02/Feb/2026:18:49:39 +0100] "GET /oivcl.php HTTP/1.1" 404 16 "-" "-"
20.205.96.233 - - [02/Feb/2026:18:49:39 +0100] "GET /about.php HTTP/1.1" 404 16 "-" "-"
20.205.96.233 - - [02/Feb/2026:18:49:40 +0100] "GET /wp-content/themes/deeto/login.php HTTP/1.1" 404 16 "-" "-"
20.205.96.233 - - [02/Feb/2026:18:49:41 +0100] "GET /v2.php HTTP/1.1" 404 16 "-" "-"
20.205.96.233 - - [02/Feb/2026:18:49:41 +0100] "GET /wp-content/themes/hideo/network.php HTTP/1.1" 404 16 "-" "-"
57.141.0.59 - - [02/Feb/2026:18:49:41 +0100] "GET /?o=08198210819302 HTTP/2.0" 404 16 "-" "meta-externalagent/1.1 (+https://developers.facebook.com/docs/sharing/webmasters/crawler)"
20.205.96.233 - - [02/Feb/2026:18:49:42 +0100] "GET /x/ HTTP/1.1" 404 16 "-" "-"
20.205.96.233 - - [02/Feb/2026:18:49:43 +0100] "GET /.cache/x.php HTTP/1.1" 404 16 "-" "-"
20.205.96.233 - - [02/Feb/2026:18:49:43 +0100] "GET /dr.php HTTP/1.1" 404 16 "-" "-"
