66.249.68.68 - - [02/Feb/2026:17:36:45 +0100] "GET /?o=60181238576507 HTTP/1.1" 404 36 "-" "Mozilla/5.0 (Linux; Android 6.0.1; Nexus 5X Build/MMB29P) AppleWebKit/537.36 (KHTML, like Gecko) Chrome/143.0.7499.192 Mobile Safari/537.36 (compatible; Googlebot/2.1; +http://www.google.com/bot.html)"
57.141.0.69 - - [02/Feb/2026:17:37:01 +0100] "GET /?o=75899191587303 HTTP/2.0" 404 16 "-" "meta-externalagent/1.1 (+https://developers.facebook.com/docs/sharing/webmasters/crawler)"
57.141.0.1 - - [02/Feb/2026:17:37:14 +0100] "GET /?o=292223178302 HTTP/2.0" 404 16 "-" "meta-externalagent/1.1 (+https://developers.facebook.com/docs/sharing/webmasters/crawler)"
57.141.0.56 - - [02/Feb/2026:17:37:22 +0100] "GET /?o=00994175556605 HTTP/2.0" 404 16 "-" "meta-externalagent/1.1 (+https://developers.facebook.com/docs/sharing/webmasters/crawler)"
57.141.0.68 - - [02/Feb/2026:17:37:30 +0100] "GET /?o=0599671523604 HTTP/2.0" 404 16 "-" "meta-externalagent/1.1 (+https://developers.facebook.com/docs/sharing/webmasters/crawler)"
114.119.136.64 - - [02/Feb/2026:17:37:32 +0100] "GET /wp-includes/Text/Diff.php HTTP/1.1" 404 36 "https://www.loger.cm/wp-includes/Text/?C=N%3BO%3DD" "Mozilla/5.0 (Linux; Android 7.0;) AppleWebKit/537.36 (KHTML, like Gecko) Mobile Safari/537.36 (compatible; PetalBot;+https://webmaster.petalsearch.com/site/petalbot)"
57.141.0.68 - - [02/Feb/2026:17:37:47 +0100] "GET /?o=1931096575802 HTTP/2.0" 404 16 "-" "meta-externalagent/1.1 (+https://developers.facebook.com/docs/sharing/webmasters/crawler)"
57.141.0.1 - - [02/Feb/2026:17:37:54 +0100] "GET /?o=2370851602400 HTTP/2.0" 404 16 "-" "meta-externalagent/1.1 (+https://developers.facebook.com/docs/sharing/webmasters/crawler)"
4.190.201.130 - - [02/Feb/2026:17:38:11 +0100] "GET /wp-content/plugins/hellopress/wp_filemanager.php HTTP/1.1" 404 16 "-" "-"
4.190.201.130 - - [02/Feb/2026:17:38:11 +0100] "GET /166.php HTTP/1.1" 404 16 "-" "-"
4.190.201.130 - - [02/Feb/2026:17:38:12 +0100] "GET /2026.php HTTP/1.1" 404 16 "-" "-"
4.190.201.130 - - [02/Feb/2026:17:38:12 +0100] "GET /muzu.php HTTP/1.1" 404 16 "-" "-"
4.190.201.130 - - [02/Feb/2026:17:38:13 +0100] "GET /reze.php HTTP/1.1" 404 16 "-" "-"
4.190.201.130 - - [02/Feb/2026:17:38:13 +0100] "GET /jsond.php HTTP/1.1" 404 16 "-" "-"
4.190.201.130 - - [02/Feb/2026:17:38:14 +0100] "GET /x7.php HTTP/1.1" 404 16 "-" "-"
4.190.201.130 - - [02/Feb/2026:17:38:14 +0100] "GET /bgymj.php HTTP/1.1" 404 16 "-" "-"
4.190.201.130 - - [02/Feb/2026:17:38:15 +0100] "GET /lala.php HTTP/1.1" 404 16 "-" "-"
4.190.201.130 - - [02/Feb/2026:17:38:15 +0100] "GET /8xyz.php HTTP/1.1" 404 16 "-" "-"
4.190.201.130 - - [02/Feb/2026:17:38:16 +0100] "GET /wsd.php HTTP/1.1" 404 16 "-" "-"
4.190.201.130 - - [02/Feb/2026:17:38:16 +0100] "GET /Update/f35.php HTTP/1.1" 404 16 "-" "-"
4.190.201.130 - - [02/Feb/2026:17:38:17 +0100] "GET /la.php HTTP/1.1" 404 16 "-" "-"
4.190.201.130 - - [02/Feb/2026:17:38:17 +0100] "GET /Wp-good.php HTTP/1.1" 404 16 "-" "-"
4.190.201.130 - - [02/Feb/2026:17:38:18 +0100] "GET /tphp.php HTTP/1.1" 404 16 "-" "-"
4.190.201.130 - - [02/Feb/2026:17:38:18 +0100] "GET /a1.php HTTP/1.1" 404 16 "-" "-"
4.190.201.130 - - [02/Feb/2026:17:38:19 +0100] "GET /nyan.php HTTP/1.1" 404 16 "-" "-"
4.190.201.130 - - [02/Feb/2026:17:38:19 +0100] "GET /autoload_classmap.php HTTP/1.1" 404 16 "-" "-"
4.190.201.130 - - [02/Feb/2026:17:38:19 +0100] "GET /alfa.php HTTP/1.1" 404 16 "-" "-"
4.190.201.130 - - [02/Feb/2026:17:38:20 +0100] "GET /wp-includes/assets/index.php HTTP/1.1" 404 16 "-" "-"
4.190.201.130 - - [02/Feb/2026:17:38:20 +0100] "GET /luxe.php HTTP/1.1" 404 16 "-" "-"
4.190.201.130 - - [02/Feb/2026:17:38:21 +0100] "GET /update/wpupex.php/ HTTP/1.1" 404 16 "-" "-"
4.190.201.130 - - [02/Feb/2026:17:38:21 +0100] "GET /rezor.php HTTP/1.1" 404 16 "-" "-"
4.190.201.130 - - [02/Feb/2026:17:38:22 +0100] "GET /doc.php HTTP/1.1" 404 16 "-" "-"
66.249.68.65 - - [02/Feb/2026:17:38:24 +0100] "GET /?o=41222272451609 HTTP/1.1" 404 36 "-" "Mozilla/5.0 (Linux; Android 6.0.1; Nexus 5X Build/MMB29P) AppleWebKit/537.36 (KHTML, like Gecko) Chrome/144.0.7559.109 Mobile Safari/537.36 (compatible; Googlebot/2.1; +http://www.google.com/bot.html)"
146.88.233.70 - - [02/Feb/2026:17:38:24 +0100] "POST /wp-cron.php?doing_wp_cron=1770050304.7181630134582519531250 HTTP/1.1" 404 36 "-" "WordPress/6.8.3; https://www.loger.cm"
4.190.201.130 - - [02/Feb/2026:17:38:22 +0100] "GET /wp-admin/user/index.php HTTP/1.1" 302 - "-" "-"
4.190.201.130 - - [02/Feb/2026:17:38:26 +0100] "GET /wp-login.php?redirect_to=https%3A%2F%2Floger.cm%2Fwp-admin%2Fuser%2Findex.php&reauth=1 HTTP/1.1" 200 18796 "-" "-"
4.190.201.130 - - [02/Feb/2026:17:38:27 +0100] "GET /wp-includes/css/about.php HTTP/1.1" 404 16 "-" "-"
4.190.201.130 - - [02/Feb/2026:17:38:27 +0100] "GET /install.php HTTP/1.1" 404 16 "-" "-"
4.190.201.130 - - [02/Feb/2026:17:38:28 +0100] "GET /~norapump/hah.php HTTP/1.1" 404 16 "-" "-"
4.190.201.130 - - [02/Feb/2026:17:38:28 +0100] "GET /sto.php HTTP/1.1" 404 16 "-" "-"
4.190.201.130 - - [02/Feb/2026:17:38:29 +0100] "GET /x.php HTTP/1.1" 404 16 "-" "-"
4.190.201.130 - - [02/Feb/2026:17:38:29 +0100] "GET /test.php HTTP/1.1" 404 16 "-" "-"
4.190.201.130 - - [02/Feb/2026:17:38:30 +0100] "GET /wp-includes/blocks/ HTTP/1.1" 200 2 "-" "-"
4.190.201.130 - - [02/Feb/2026:17:38:30 +0100] "GET /n3.php HTTP/1.1" 404 16 "-" "-"
4.190.201.130 - - [02/Feb/2026:17:38:31 +0100] "GET /wp-admin/install.php HTTP/1.1" 404 16 "-" "-"
4.190.201.130 - - [02/Feb/2026:17:38:31 +0100] "GET /o.php HTTP/1.1" 404 16 "-" "-"
4.190.201.130 - - [02/Feb/2026:17:38:32 +0100] "GET /wp-includes/ID3/index.php HTTP/1.1" 404 16 "-" "-"
4.190.201.130 - - [02/Feb/2026:17:38:32 +0100] "GET /class-t.api.php HTTP/1.1" 404 16 "-" "-"
4.190.201.130 - - [02/Feb/2026:17:38:33 +0100] "GET /.trash7309/f/ HTTP/1.1" 404 16 "-" "-"
4.190.201.130 - - [02/Feb/2026:17:38:33 +0100] "GET /wp.php HTTP/1.1" 404 16 "-" "-"
4.190.201.130 - - [02/Feb/2026:17:38:34 +0100] "GET /wp-includes/customize/index.php HTTP/1.1" 404 16 "-" "-"
4.190.201.130 - - [02/Feb/2026:17:38:34 +0100] "GET /wp-content/themes/seotheme/mar.php HTTP/1.1" 404 16 "-" "-"
66.249.68.66 - - [02/Feb/2026:17:38:34 +0100] "GET /?o=66032145668002 HTTP/1.1" 404 36 "-" "Mozilla/5.0 (Linux; Android 6.0.1; Nexus 5X Build/MMB29P) AppleWebKit/537.36 (KHTML, like Gecko) Chrome/143.0.7499.192 Mobile Safari/537.36 (compatible; Googlebot/2.1; +http://www.google.com/bot.html)"
66.249.68.66 - - [02/Feb/2026:17:38:34 +0100] "GET /?o=9877015745805&channel=8f211f&from=info.php%3Fid%3D157458-3026%26name%3DTrinorla+%E5%A5%B3%E6%80%A7%E7%94%A8+%E3%83%92%E3%83%83%E3%83%97%E3%83%AA%E3%83%95%E3%82%BF%E3%83%BC+%E3%83%91%E3%83%B3%E3%83%86%E3%82%A3%E3%83%BC+%E3%83%91%E3%83%83%E3%83%89%E5%85%A5%E3%82%8A+%E3%82%B7%E3%82%A7%E3%82%A4%E3%83%97%E3%82%A6%E3%82%A7%E3%82%A2+%E3%83%92%E3%83%83%E3%83%97%E3%82%A8%E3%83%B3%E3%83%8F%E3%83%B3%E3%82%B5%E3%83%BC+%E3%82%B3%E3%83%B3%E3%83%88%E3%83%AD%E3%83%BC%E3%83%AB+%E4%B8%8B%E7%9D%80++%E5%8E%9A%E6%89%8B%E3%83%91%E3%83%83%E3%83%89%EF%BC%88%E3%83%90%E3%83%83%E3%83%88%E3%83%AA%E3%83%95%E3%82%BF%E3%83%BC%E3%83%91%E3%83%B3%E3%83%86%E3%82%A3%E3%83%BC%E3%83%91%E3%83%83%E3%83%89%E5%85%A5%E3%82%8A%E3%82%B7%E3%82%A7%E3%82%A4%E3%83%97%E3%82%A6%E3%82%A7%E3%82%A2%E5%A5%B3%E6%80%A7%E7%94%A8%E3%83%92%E3%83%83%E3%83%97%E3%82%A8%E3%83%B3%E3%83%8F%E3%83%B3%E3%82%B5%E3%83%BC%E3%83%91%E3%83%83%E3%83%89%E3%82%B7%E3%83%A7%E3%83%BC%E3%83%84%E4%B8%8B%E7%9D%80%E3%81%8A%E3%81%AA%E3%81%8B%E3%82%B3%E3%83%B3%E3%83%88%E3%83%AD%E3%83%BC%E3%83%AB%E3%83%9C%E3%83%BC%E3%82%A4%E3%82%B7%E3%83%A7%E3%83%BC%E3%83%84%7C+Alibaba.com%EF%BC%89 HTTP/1.1" 404 36 "-" "Mozilla/5.0 (Linux; Android 6.0.1; Nexus 5X Build/MMB29P) AppleWebKit/537.36 (KHTML, like Gecko) Chrome/143.0.7499.192 Mobile Safari/537.36 (compatible; Googlebot/2.1; +http://www.google.com/bot.html)"
4.190.201.130 - - [02/Feb/2026:17:38:34 +0100] "GET /h.php HTTP/1.1" 404 16 "-" "-"
66.249.68.66 - - [02/Feb/2026:17:38:35 +0100] "GET /?o=760525810801 HTTP/1.1" 404 36 "-" "Mozilla/5.0 (Linux; Android 6.0.1; Nexus 5X Build/MMB29P) AppleWebKit/537.36 (KHTML, like Gecko) Chrome/143.0.7499.192 Mobile Safari/537.36 (compatible; Googlebot/2.1; +http://www.google.com/bot.html)"
4.190.201.130 - - [02/Feb/2026:17:38:35 +0100] "GET /skin/install/default/security.php HTTP/1.1" 404 16 "-" "-"
4.190.201.130 - - [02/Feb/2026:17:38:35 +0100] "GET /wrt.php HTTP/1.1" 404 16 "-" "-"
4.190.201.130 - - [02/Feb/2026:17:38:36 +0100] "GET /wp-content/plugins/Core-EconX/up.php HTTP/1.1" 404 16 "-" "-"
4.190.201.130 - - [02/Feb/2026:17:38:36 +0100] "GET /wp-includes/css/ HTTP/1.1" 404 16 "-" "-"
4.190.201.130 - - [02/Feb/2026:17:38:37 +0100] "GET /images/c99.php HTTP/1.1" 404 16 "-" "-"
4.190.201.130 - - [02/Feb/2026:17:38:37 +0100] "GET /png.php HTTP/1.1" 404 16 "-" "-"
4.190.201.130 - - [02/Feb/2026:17:38:38 +0100] "GET /wp-includes/ID3/index.php HTTP/1.1" 404 16 "-" "-"
4.190.201.130 - - [02/Feb/2026:17:38:38 +0100] "GET /zwso.php HTTP/1.1" 404 16 "-" "-"
4.190.201.130 - - [02/Feb/2026:17:38:39 +0100] "GET /wp-content/languages/index.php HTTP/1.1" 404 16 "-" "-"
4.190.201.130 - - [02/Feb/2026:17:38:39 +0100] "GET /wp-content/ HTTP/1.1" 200 - "-" "-"
4.190.201.130 - - [02/Feb/2026:17:38:40 +0100] "GET /wp/wp-includes/index.php HTTP/1.1" 404 16 "-" "-"
4.190.201.130 - - [02/Feb/2026:17:38:40 +0100] "GET /ton.php HTTP/1.1" 404 16 "-" "-"
4.190.201.130 - - [02/Feb/2026:17:38:41 +0100] "GET /wso.php HTTP/1.1" 404 16 "-" "-"
4.190.201.130 - - [02/Feb/2026:17:38:41 +0100] "GET /images/fk2e3/ HTTP/1.1" 404 16 "-" "-"
4.190.201.130 - - [02/Feb/2026:17:38:42 +0100] "GET /a2.php HTTP/1.1" 404 16 "-" "-"
4.190.201.130 - - [02/Feb/2026:17:38:42 +0100] "GET /shell.php HTTP/1.1" 404 16 "-" "-"
4.190.201.130 - - [02/Feb/2026:17:38:43 +0100] "GET /wp-includes/IXR/moon.php HTTP/1.1" 404 16 "-" "-"
4.190.201.130 - - [02/Feb/2026:17:38:43 +0100] "GET /sxo.php HTTP/1.1" 404 16 "-" "-"
4.190.201.130 - - [02/Feb/2026:17:38:44 +0100] "GET /wp-admin/ HTTP/1.1" 302 - "-" "-"
4.190.201.130 - - [02/Feb/2026:17:38:44 +0100] "GET /wp-login.php?redirect_to=https%3A%2F%2Floger.cm%2Fwp-admin%2F&reauth=1 HTTP/1.1" 200 18678 "-" "-"
4.190.201.130 - - [02/Feb/2026:17:38:45 +0100] "GET /wp-content/ HTTP/1.1" 200 - "-" "-"
4.190.201.130 - - [02/Feb/2026:17:38:46 +0100] "GET /mans.php HTTP/1.1" 404 16 "-" "-"
4.190.201.130 - - [02/Feb/2026:17:38:46 +0100] "GET /dropdown.php HTTP/1.1" 404 16 "-" "-"
4.190.201.130 - - [02/Feb/2026:17:38:47 +0100] "GET /WordPress/x/ HTTP/1.1" 404 16 "-" "-"
4.190.201.130 - - [02/Feb/2026:17:38:47 +0100] "GET /ze.php HTTP/1.1" 404 16 "-" "-"
4.190.201.130 - - [02/Feb/2026:17:38:48 +0100] "GET /geck.php HTTP/1.1" 404 16 "-" "-"
4.190.201.130 - - [02/Feb/2026:17:38:48 +0100] "GET /menu.php HTTP/1.1" 404 16 "-" "-"
4.190.201.130 - - [02/Feb/2026:17:38:49 +0100] "GET /admin/function.php HTTP/1.1" 404 16 "-" "-"
4.190.201.130 - - [02/Feb/2026:17:38:49 +0100] "GET /index/function.php HTTP/1.1" 404 16 "-" "-"
4.190.201.130 - - [02/Feb/2026:17:38:49 +0100] "GET /flower.php HTTP/1.1" 404 16 "-" "-"
4.190.201.130 - - [02/Feb/2026:17:38:50 +0100] "GET /ftp.php HTTP/1.1" 404 16 "-" "-"
4.190.201.130 - - [02/Feb/2026:17:38:50 +0100] "GET /mds.php HTTP/1.1" 404 16 "-" "-"
4.190.201.130 - - [02/Feb/2026:17:38:51 +0100] "GET /ahax.php HTTP/1.1" 404 16 "-" "-"
4.190.201.130 - - [02/Feb/2026:17:38:51 +0100] "GET /wp-admin/class-db.php HTTP/1.1" 404 16 "-" "-"
4.190.201.130 - - [02/Feb/2026:17:38:52 +0100] "GET /cool.php HTTP/1.1" 404 16 "-" "-"
4.190.201.130 - - [02/Feb/2026:17:38:52 +0100] "GET /gm.php HTTP/1.1" 404 16 "-" "-"
4.190.201.130 - - [02/Feb/2026:17:38:53 +0100] "GET /simple.php HTTP/1.1" 404 16 "-" "-"
4.190.201.130 - - [02/Feb/2026:17:38:53 +0100] "GET /elp.php HTTP/1.1" 404 16 "-" "-"
4.190.201.130 - - [02/Feb/2026:17:38:54 +0100] "GET /bolt.php HTTP/1.1" 404 16 "-" "-"
4.190.201.130 - - [02/Feb/2026:17:38:54 +0100] "GET /wp-content/uploads/index.php HTTP/1.1" 404 16 "-" "-"
4.190.201.130 - - [02/Feb/2026:17:38:55 +0100] "GET /inputs.php HTTP/1.1" 404 16 "-" "-"
4.190.201.130 - - [02/Feb/2026:17:38:55 +0100] "GET /.trash7309/fafa/ HTTP/1.1" 404 16 "-" "-"
4.190.201.130 - - [02/Feb/2026:17:38:56 +0100] "GET /system.php HTTP/1.1" 404 16 "-" "-"
4.190.201.130 - - [02/Feb/2026:17:38:56 +0100] "GET /wp-admin/maint/ HTTP/1.1" 404 16 "-" "-"
4.190.201.130 - - [02/Feb/2026:17:38:57 +0100] "GET /wp-admin/network/ HTTP/1.1" 302 - "-" "-"
4.190.201.130 - - [02/Feb/2026:17:38:57 +0100] "GET /wp-login.php?redirect_to=https%3A%2F%2Floger.cm%2Fwp-admin%2Fnetwork%2F&reauth=1 HTTP/1.1" 200 18748 "-" "-"
4.190.201.130 - - [02/Feb/2026:17:38:58 +0100] "GET /museu/yhweq.php HTTP/1.1" 404 16 "-" "-"
4.190.201.130 - - [02/Feb/2026:17:38:59 +0100] "GET /an.php HTTP/1.1" 404 16 "-" "-"
4.190.201.130 - - [02/Feb/2026:17:38:59 +0100] "GET /w.php HTTP/1.1" 404 16 "-" "-"
4.190.201.130 - - [02/Feb/2026:17:39:00 +0100] "GET /gmo.php HTTP/1.1" 404 16 "-" "-"
4.190.201.130 - - [02/Feb/2026:17:39:00 +0100] "GET /gib.php HTTP/1.1" 404 16 "-" "-"
4.190.201.130 - - [02/Feb/2026:17:39:01 +0100] "GET /wp-miiss.php.php HTTP/1.1" 404 16 "-" "-"
4.190.201.130 - - [02/Feb/2026:17:39:01 +0100] "GET /ho/wpup.php HTTP/1.1" 404 16 "-" "-"
4.190.201.130 - - [02/Feb/2026:17:39:02 +0100] "GET /moon.php HTTP/1.1" 404 16 "-" "-"
4.190.201.130 - - [02/Feb/2026:17:39:02 +0100] "GET /filesss.php HTTP/1.1" 404 16 "-" "-"
4.190.201.130 - - [02/Feb/2026:17:39:03 +0100] "GET /hey.php HTTP/1.1" 404 16 "-" "-"
4.190.201.130 - - [02/Feb/2026:17:39:03 +0100] "GET /wp-content/themes/seotheme/mar.php HTTP/1.1" 404 16 "-" "-"
4.190.201.130 - - [02/Feb/2026:17:39:03 +0100] "GET /1337.php HTTP/1.1" 404 16 "-" "-"
4.190.201.130 - - [02/Feb/2026:17:39:04 +0100] "GET /buy.php HTTP/1.1" 404 16 "-" "-"
4.190.201.130 - - [02/Feb/2026:17:39:04 +0100] "GET /apsarasarts/okk.php HTTP/1.1" 404 16 "-" "-"
114.119.133.119 - - [02/Feb/2026:17:39:04 +0100] "GET /wp-includes/Text/?C=D%3BO%3DA HTTP/1.1" 404 36 "https://www.loger.cm/wp-includes/Text/?C=N%3BO%3DD" "Mozilla/5.0 (Linux; Android 7.0;) AppleWebKit/537.36 (KHTML, like Gecko) Mobile Safari/537.36 (compatible; PetalBot;+https://webmaster.petalsearch.com/site/petalbot)"
4.190.201.130 - - [02/Feb/2026:17:39:05 +0100] "GET /m.php HTTP/1.1" 404 16 "-" "-"
4.190.201.130 - - [02/Feb/2026:17:39:06 +0100] "GET /wp-is.php HTTP/1.1" 404 16 "-" "-"
4.190.201.130 - - [02/Feb/2026:17:39:07 +0100] "GET /jmfi2.php HTTP/1.1" 404 16 "-" "-"
4.190.201.130 - - [02/Feb/2026:17:39:07 +0100] "GET /about/function.php HTTP/1.1" 404 16 "-" "-"
4.190.201.130 - - [02/Feb/2026:17:39:07 +0100] "GET /bnn_.php HTTP/1.1" 404 16 "-" "-"
4.190.201.130 - - [02/Feb/2026:17:39:08 +0100] "GET /wp-content/json.php HTTP/1.1" 404 16 "-" "-"
4.190.201.130 - - [02/Feb/2026:17:39:08 +0100] "GET /hzz.php HTTP/1.1" 404 16 "-" "-"
4.190.201.130 - - [02/Feb/2026:17:39:09 +0100] "GET /shell20211028.php HTTP/1.1" 404 16 "-" "-"
4.190.201.130 - - [02/Feb/2026:17:39:09 +0100] "GET /content.php HTTP/1.1" 404 16 "-" "-"
4.190.201.130 - - [02/Feb/2026:17:39:10 +0100] "GET /wp-content/ HTTP/1.1" 200 - "-" "-"
4.190.201.130 - - [02/Feb/2026:17:39:10 +0100] "GET /ps.php HTTP/1.1" 404 16 "-" "-"
4.190.201.130 - - [02/Feb/2026:17:39:11 +0100] "GET /wp-content/themes/about.php HTTP/1.1" 404 16 "-" "-"
4.190.201.130 - - [02/Feb/2026:17:39:11 +0100] "GET /.trash7309/dd/ HTTP/1.1" 404 16 "-" "-"
4.190.201.130 - - [02/Feb/2026:17:39:12 +0100] "GET /cache.php HTTP/1.1" 404 16 "-" "-"
4.190.201.130 - - [02/Feb/2026:17:39:12 +0100] "GET /ss.php HTTP/1.1" 404 16 "-" "-"
4.190.201.130 - - [02/Feb/2026:17:39:13 +0100] "GET /p.php HTTP/1.1" 404 16 "-" "-"
4.190.201.130 - - [02/Feb/2026:17:39:13 +0100] "GET /wp-content/plugins/achdxhv/languages/admin.php HTTP/1.1" 404 16 "-" "-"
4.190.201.130 - - [02/Feb/2026:17:39:14 +0100] "GET /user.php HTTP/1.1" 404 16 "-" "-"
4.190.201.130 - - [02/Feb/2026:17:39:14 +0100] "GET /wp-includes/block-patterns/ HTTP/1.1" 404 16 "-" "-"
4.190.201.130 - - [02/Feb/2026:17:39:15 +0100] "GET /index/function.php HTTP/1.1" 404 16 "-" "-"
4.190.201.130 - - [02/Feb/2026:17:39:15 +0100] "GET /wp.php HTTP/1.1" 404 16 "-" "-"
4.190.201.130 - - [02/Feb/2026:17:39:16 +0100] "GET /rip.php HTTP/1.1" 404 16 "-" "-"
4.190.201.130 - - [02/Feb/2026:17:39:16 +0100] "GET /wp4.php HTTP/1.1" 404 16 "-" "-"
4.190.201.130 - - [02/Feb/2026:17:39:17 +0100] "GET /403.php HTTP/1.1" 404 16 "-" "-"
4.190.201.130 - - [02/Feb/2026:17:39:17 +0100] "GET /wp-admin/maint/index.php HTTP/1.1" 404 16 "-" "-"
4.190.201.130 - - [02/Feb/2026:17:39:17 +0100] "GET /asd67.php HTTP/1.1" 404 16 "-" "-"
4.190.201.130 - - [02/Feb/2026:17:39:18 +0100] "GET /sad/about.php HTTP/1.1" 404 16 "-" "-"
4.190.201.130 - - [02/Feb/2026:17:39:18 +0100] "GET /oivcl.php HTTP/1.1" 404 16 "-" "-"
4.190.201.130 - - [02/Feb/2026:17:39:19 +0100] "GET /about.php HTTP/1.1" 404 16 "-" "-"
4.190.201.130 - - [02/Feb/2026:17:39:19 +0100] "GET /wp-content/themes/deeto/login.php HTTP/1.1" 404 16 "-" "-"
4.190.201.130 - - [02/Feb/2026:17:39:20 +0100] "GET /v2.php HTTP/1.1" 404 16 "-" "-"
4.190.201.130 - - [02/Feb/2026:17:39:20 +0100] "GET /wp-content/themes/hideo/network.php HTTP/1.1" 404 16 "-" "-"
4.190.201.130 - - [02/Feb/2026:17:39:21 +0100] "GET /x/ HTTP/1.1" 404 16 "-" "-"
4.190.201.130 - - [02/Feb/2026:17:39:21 +0100] "GET /.cache/x.php HTTP/1.1" 404 16 "-" "-"
4.190.201.130 - - [02/Feb/2026:17:39:22 +0100] "GET /dr.php HTTP/1.1" 404 16 "-" "-"
4.190.201.130 - - [02/Feb/2026:17:39:22 +0100] "GET /raw.php HTTP/1.1" 404 16 "-" "-"
4.190.201.130 - - [02/Feb/2026:17:39:23 +0100] "GET /wp-includes/css/about.php HTTP/1.1" 404 16 "-" "-"
4.190.201.130 - - [02/Feb/2026:17:39:23 +0100] "GET /wp-content/index.php HTTP/1.1" 200 - "-" "-"
4.190.201.130 - - [02/Feb/2026:17:39:24 +0100] "GET /ioxi-o2.php HTTP/1.1" 404 16 "-" "-"
4.190.201.130 - - [02/Feb/2026:17:39:24 +0100] "GET /dropdown.php HTTP/1.1" 404 16 "-" "-"
4.190.201.130 - - [02/Feb/2026:17:39:25 +0100] "GET /dlu.php HTTP/1.1" 404 16 "-" "-"
4.190.201.130 - - [02/Feb/2026:17:39:25 +0100] "GET /wp-content/about.php HTTP/1.1" 404 16 "-" "-"
4.190.201.130 - - [02/Feb/2026:17:39:26 +0100] "GET /db.php HTTP/1.1" 404 16 "-" "-"
4.190.201.130 - - [02/Feb/2026:17:39:26 +0100] "GET /packed.php HTTP/1.1" 404 16 "-" "-"
4.190.201.130 - - [02/Feb/2026:17:39:27 +0100] "GET /wp-configs.php HTTP/1.1" 404 16 "-" "-"
4.190.201.130 - - [02/Feb/2026:17:39:27 +0100] "GET /404.php HTTP/1.1" 404 16 "-" "-"
4.190.201.130 - - [02/Feb/2026:17:39:27 +0100] "GET /des.php HTTP/1.1" 404 16 "-" "-"
4.190.201.130 - - [02/Feb/2026:17:39:28 +0100] "GET /.well-known/content.php HTTP/1.1" 404 16 "-" "-"
4.190.201.130 - - [02/Feb/2026:17:39:28 +0100] "GET /lufix.php HTTP/1.1" 404 16 "-" "-"
57.141.0.43 - - [02/Feb/2026:17:39:31 +0100] "GET /?o=2291054915905 HTTP/2.0" 404 16 "-" "meta-externalagent/1.1 (+https://developers.facebook.com/docs/sharing/webmasters/crawler)"
66.249.68.68 - - [02/Feb/2026:17:39:31 +0100] "GET /?o=54876184075202 HTTP/1.1" 404 36 "-" "Mozilla/5.0 (Linux; Android 6.0.1; Nexus 5X Build/MMB29P) AppleWebKit/537.36 (KHTML, like Gecko) Chrome/143.0.7499.192 Mobile Safari/537.36 (compatible; Googlebot/2.1; +http://www.google.com/bot.html)"
66.249.68.65 - - [02/Feb/2026:17:40:02 +0100] "GET /?o=28575124949202 HTTP/1.1" 404 36 "-" "Mozilla/5.0 (Linux; Android 6.0.1; Nexus 5X Build/MMB29P) AppleWebKit/537.36 (KHTML, like Gecko) Chrome/143.0.7499.192 Mobile Safari/537.36 (compatible; Googlebot/2.1; +http://www.google.com/bot.html)"
66.249.68.67 - - [02/Feb/2026:17:40:03 +0100] "GET /?o=1921260853902 HTTP/1.1" 404 36 "-" "Mozilla/5.0 (Linux; Android 6.0.1; Nexus 5X Build/MMB29P) AppleWebKit/537.36 (KHTML, like Gecko) Chrome/143.0.7499.192 Mobile Safari/537.36 (compatible; Googlebot/2.1; +http://www.google.com/bot.html)"
66.249.68.66 - - [02/Feb/2026:17:40:04 +0100] "GET /?o=199307410001 HTTP/1.1" 404 36 "-" "Mozilla/5.0 (Linux; Android 6.0.1; Nexus 5X Build/MMB29P) AppleWebKit/537.36 (KHTML, like Gecko) Chrome/143.0.7499.192 Mobile Safari/537.36 (compatible; Googlebot/2.1; +http://www.google.com/bot.html)"
66.249.68.66 - - [02/Feb/2026:17:40:04 +0100] "GET /?o=77248262540403 HTTP/1.1" 404 36 "-" "Mozilla/5.0 (Linux; Android 6.0.1; Nexus 5X Build/MMB29P) AppleWebKit/537.36 (KHTML, like Gecko) Chrome/143.0.7499.192 Mobile Safari/537.36 (compatible; Googlebot/2.1; +http://www.google.com/bot.html)"
66.249.68.67 - - [02/Feb/2026:17:40:06 +0100] "GET /?o=4935620812304 HTTP/1.1" 404 36 "-" "Mozilla/5.0 (Linux; Android 6.0.1; Nexus 5X Build/MMB29P) AppleWebKit/537.36 (KHTML, like Gecko) Chrome/143.0.7499.192 Mobile Safari/537.36 (compatible; Googlebot/2.1; +http://www.google.com/bot.html)"
66.249.68.67 - - [02/Feb/2026:17:40:07 +0100] "GET /?o=90354134015500&channel=f155e3&from=shared.php%3Fid%3D1340155-153%26name%3D%E5%AF%8C%E5%A3%AB%E9%80%9A+ScanSnap+S1100+Deluxe+Adobe++Acrobat+XI+Standard+%E5%90%8C%E6%A2%B1+%E3%80%90%E7%94%9F%E7%94%A3%E3%83%A2%E3%83%87%E3%83%AB%E3%80%91+FI-S1100-DSP%EF%BC%88PFU+ScanSnap+S1100+%E3%81%9B%E3%82%8F%E3%81%97%E3%81%84+FI-S1100A+%E3%83%AC%E3%82%A4%E3%82%A2%E3%82%A6%E3%83%88%E8%87%AA%E5%9C%A8%E3%81%AA%E3%82%B3%E3%83%B3%E3%83%91%E3%82%AF%E3%83%88%E3%83%A2%E3%83%87%E3%83%AB+USB%E3%83%90%E3%82%B9%E3%83%91%E3%83%AF%E3%83%BC%E9%A7%86%E5%8B%95+%E6%8C%81%E3%81%A1%E9%81%8B%E3%81%B3%EF%BC%89 HTTP/1.1" 404 36 "-" "Mozilla/5.0 (Linux; Android 6.0.1; Nexus 5X Build/MMB29P) AppleWebKit/537.36 (KHTML, like Gecko) Chrome/143.0.7499.192 Mobile Safari/537.36 (compatible; Googlebot/2.1; +http://www.google.com/bot.html)"
66.249.68.66 - - [02/Feb/2026:17:40:08 +0100] "GET /?o=3210031897206 HTTP/1.1" 404 36 "-" "Mozilla/5.0 (Linux; Android 6.0.1; Nexus 5X Build/MMB29P) AppleWebKit/537.36 (KHTML, like Gecko) Chrome/143.0.7499.192 Mobile Safari/537.36 (compatible; Googlebot/2.1; +http://www.google.com/bot.html)"
66.249.68.65 - - [02/Feb/2026:17:40:09 +0100] "GET /?o=72520295902000 HTTP/1.1" 404 36 "-" "Mozilla/5.0 (Linux; Android 6.0.1; Nexus 5X Build/MMB29P) AppleWebKit/537.36 (KHTML, like Gecko) Chrome/143.0.7499.192 Mobile Safari/537.36 (compatible; Googlebot/2.1; +http://www.google.com/bot.html)"
114.119.146.40 - - [02/Feb/2026:17:40:39 +0100] "GET /wp-includes/SimplePie/gzdecode.php HTTP/1.1" 404 36 "https://www.loger.cm/wp-includes/SimplePie/?C=N%3BO%3DD" "Mozilla/5.0 (Linux; Android 7.0;) AppleWebKit/537.36 (KHTML, like Gecko) Mobile Safari/537.36 (compatible; PetalBot;+https://webmaster.petalsearch.com/site/petalbot)"
57.141.0.11 - - [02/Feb/2026:17:41:18 +0100] "GET /?o=0829097434504 HTTP/2.0" 404 16 "-" "meta-externalagent/1.1 (+https://developers.facebook.com/docs/sharing/webmasters/crawler)"
66.249.68.67 - - [02/Feb/2026:17:41:21 +0100] "GET /700201036990.shtml HTTP/1.1" 404 36 "-" "Mozilla/5.0 (Linux; Android 6.0.1; Nexus 5X Build/MMB29P) AppleWebKit/537.36 (KHTML, like Gecko) Chrome/143.0.7499.192 Mobile Safari/537.36 (compatible; Googlebot/2.1; +http://www.google.com/bot.html)"
66.249.68.66 - - [02/Feb/2026:17:41:22 +0100] "GET /?o=1208211039800 HTTP/1.1" 404 36 "-" "Mozilla/5.0 (Linux; Android 6.0.1; Nexus 5X Build/MMB29P) AppleWebKit/537.36 (KHTML, like Gecko) Chrome/143.0.7499.192 Mobile Safari/537.36 (compatible; Googlebot/2.1; +http://www.google.com/bot.html)"
114.119.136.64 - - [02/Feb/2026:17:42:13 +0100] "GET /wp-includes/SimplePie/XML/Declaration/Parser.php HTTP/1.1" 404 36 "https://www.loger.cm/wp-includes/SimplePie/XML/Declaration/" "Mozilla/5.0 (Linux; Android 7.0;) AppleWebKit/537.36 (KHTML, like Gecko) Mobile Safari/537.36 (compatible; PetalBot;+https://webmaster.petalsearch.com/site/petalbot)"
57.141.0.76 - - [02/Feb/2026:17:42:46 +0100] "GET /?o=2212410011902 HTTP/2.0" 404 16 "-" "meta-externalagent/1.1 (+https://developers.facebook.com/docs/sharing/webmasters/crawler)"
66.249.68.65 - - [02/Feb/2026:17:42:53 +0100] "GET /?o=35823161285302 HTTP/1.1" 404 36 "-" "Mozilla/5.0 (Linux; Android 6.0.1; Nexus 5X Build/MMB29P) AppleWebKit/537.36 (KHTML, like Gecko) Chrome/143.0.7499.192 Mobile Safari/537.36 (compatible; Googlebot/2.1; +http://www.google.com/bot.html)"
66.249.68.65 - - [02/Feb/2026:17:42:54 +0100] "GET /?o=76125267833600 HTTP/1.1" 404 36 "-" "Mozilla/5.0 (Linux; Android 6.0.1; Nexus 5X Build/MMB29P) AppleWebKit/537.36 (KHTML, like Gecko) Chrome/143.0.7499.192 Mobile Safari/537.36 (compatible; Googlebot/2.1; +http://www.google.com/bot.html)"
66.249.68.66 - - [02/Feb/2026:17:42:55 +0100] "GET /?o=72079127483201 HTTP/1.1" 404 36 "-" "Mozilla/5.0 (Linux; Android 6.0.1; Nexus 5X Build/MMB29P) AppleWebKit/537.36 (KHTML, like Gecko) Chrome/143.0.7499.192 Mobile Safari/537.36 (compatible; Googlebot/2.1; +http://www.google.com/bot.html)"
66.249.68.68 - - [02/Feb/2026:17:42:55 +0100] "GET /?o=81372194923502 HTTP/1.1" 404 36 "-" "Mozilla/5.0 (Linux; Android 6.0.1; Nexus 5X Build/MMB29P) AppleWebKit/537.36 (KHTML, like Gecko) Chrome/143.0.7499.192 Mobile Safari/537.36 (compatible; Googlebot/2.1; +http://www.google.com/bot.html)"
66.249.68.66 - - [02/Feb/2026:17:42:56 +0100] "GET /?o=99104186086204 HTTP/1.1" 404 36 "-" "Mozilla/5.0 (Linux; Android 6.0.1; Nexus 5X Build/MMB29P) AppleWebKit/537.36 (KHTML, like Gecko) Chrome/143.0.7499.192 Mobile Safari/537.36 (compatible; Googlebot/2.1; +http://www.google.com/bot.html)"
66.249.68.66 - - [02/Feb/2026:17:43:40 +0100] "GET /?o=75801205831806 HTTP/1.1" 404 36 "-" "Mozilla/5.0 (Linux; Android 6.0.1; Nexus 5X Build/MMB29P) AppleWebKit/537.36 (KHTML, like Gecko) Chrome/143.0.7499.192 Mobile Safari/537.36 (compatible; Googlebot/2.1; +http://www.google.com/bot.html)"
66.249.68.67 - - [02/Feb/2026:17:43:40 +0100] "GET /?o=8003569471904&channel=15809e&from=blog.php%3Fid%3D694719-377%26name%3D%E3%80%90%E5%8B%95%E4%BD%9C%E8%89%AF%E5%A5%BD%E3%80%91+MAX++%E5%85%85%E9%9B%BB%E5%BC%8F%E3%83%94%E3%83%B3%E3%83%8D%E3%82%A4%E3%83%A9%E3%80%80TJ-35P1+14.4V+%E3%83%94%E3%83%B32%E7%A8%AE%E9%A1%9E%E4%BB%98%EF%BC%88%E2%98%86%E4%B8%AD%E5%8F%A4%E5%93%81%E2%98%86MAX+%E3%83%9E%E3%83%83%E3%82%AF%E3%82%B9+14.4V+35mm+%E5%85%85%E9%9B%BB%E5%BC%8F%E3%83%94%E3%83%B3%E3%83%8D%E3%82%A4%E3%83%A9+TJ-35P1+%E6%9C%AC%E4%BD%93%EF%BC%8B%EF%BC%89 HTTP/1.1" 404 36 "-" "Mozilla/5.0 (Linux; Android 6.0.1; Nexus 5X Build/MMB29P) AppleWebKit/537.36 (KHTML, like Gecko) Chrome/143.0.7499.192 Mobile Safari/537.36 (compatible; Googlebot/2.1; +http://www.google.com/bot.html)"
114.119.155.96 - - [02/Feb/2026:17:43:47 +0100] "GET /wp-includes/SimplePie/XML/Declaration/?C=S%3BO%3DA HTTP/1.1" 404 36 "https://www.loger.cm/wp-includes/SimplePie/XML/Declaration/" "Mozilla/5.0 (Linux; Android 7.0;) AppleWebKit/537.36 (KHTML, like Gecko) Mobile Safari/537.36 (compatible; PetalBot;+https://webmaster.petalsearch.com/site/petalbot)"
57.141.0.46 - - [02/Feb/2026:17:44:28 +0100] "GET /?o=0988658653601 HTTP/2.0" 404 16 "-" "meta-externalagent/1.1 (+https://developers.facebook.com/docs/sharing/webmasters/crawler)"
66.249.68.68 - - [02/Feb/2026:17:44:35 +0100] "GET /?o=51779153462700 HTTP/1.1" 404 36 "-" "Mozilla/5.0 (Linux; Android 6.0.1; Nexus 5X Build/MMB29P) AppleWebKit/537.36 (KHTML, like Gecko) Chrome/143.0.7499.192 Mobile Safari/537.36 (compatible; Googlebot/2.1; +http://www.google.com/bot.html)"
57.141.0.51 - - [02/Feb/2026:17:44:37 +0100] "GET /?o=80677136745900 HTTP/2.0" 404 16 "-" "meta-externalagent/1.1 (+https://developers.facebook.com/docs/sharing/webmasters/crawler)"
57.141.0.37 - - [02/Feb/2026:17:45:12 +0100] "GET /?o=18978195509901 HTTP/2.0" 404 16 "-" "meta-externalagent/1.1 (+https://developers.facebook.com/docs/sharing/webmasters/crawler)"
114.119.140.137 - - [02/Feb/2026:17:45:20 +0100] "GET /wp-includes/SimplePie/XML/?C=S%3BO%3DA HTTP/1.1" 404 36 "https://www.loger.cm/wp-includes/SimplePie/XML/" "Mozilla/5.0 (Linux; Android 7.0;) AppleWebKit/537.36 (KHTML, like Gecko) Mobile Safari/537.36 (compatible; PetalBot;+https://webmaster.petalsearch.com/site/petalbot)"
66.249.68.67 - - [02/Feb/2026:17:45:30 +0100] "GET /informe-de-analisis-de-mercado-de-chainlink-2024-1-2-3-12/ HTTP/1.1" 404 36 "-" "Mozilla/5.0 (Linux; Android 6.0.1; Nexus 5X Build/MMB29P) AppleWebKit/537.36 (KHTML, like Gecko) Chrome/143.0.7499.192 Mobile Safari/537.36 (compatible; Googlebot/2.1; +http://www.google.com/bot.html)"
66.249.68.68 - - [02/Feb/2026:17:45:31 +0100] "GET /?o=4275453601100&channel=e3e021&from=shop.php%3Fid%3D536011-7061%26name%3D%E3%80%901200%E6%9E%9A%E3%80%91%E3%83%95%E3%83%AB%E3%83%AC%E3%83%B3%E3%82%B8E-265H%E7%99%BD+%E7%A6%8F%E5%8A%A9%E5%B7%A5%E6%A5%AD++%E9%A3%9F%E5%93%81%E5%AE%B9%E5%99%A8+%E4%BD%BF%E3%81%84%E6%8D%A8%E3%81%A6%E5%AE%B9%E5%99%A8+%E5%AE%B9%E5%99%A8+00106991%EF%BC%88300%E3%82%BB%E3%83%83%E3%83%88%29+%E5%BC%81%E5%BD%93%E5%AE%B9%E5%99%A8+%E3%83%AA%E3%82%A2%E3%83%BC%E3%82%B9%E3%83%9C%E3%83%83%E3%82%AF%E3%82%B9+S%E3%82%B5%E3%82%A4%E3%82%BA+%E4%B8%89%E5%AE%9D%E5%8C%96%E6%88%90%E5%B7%A5%E6%A5%AD+00710127%E3%81%AE%E9%80%9A%E8%B2%A9%E3%81%AF+%E3%81%9D%E3%81%AE%E4%BB%96%E4%BD%BF%E3%81%84%E6%8D%A8%E3%81%A6%E9%A3%9F%E5%99%A8%EF%BC%89 HTTP/1.1" 404 36 "-" "Mozilla/5.0 (Linux; Android 6.0.1; Nexus 5X Build/MMB29P) AppleWebKit/537.36 (KHTML, like Gecko) Chrome/143.0.7499.192 Mobile Safari/537.36 (compatible; Googlebot/2.1; +http://www.google.com/bot.html)"
57.141.0.77 - - [02/Feb/2026:17:46:13 +0100] "GET /?o=4396251891900 HTTP/2.0" 404 16 "-" "meta-externalagent/1.1 (+https://developers.facebook.com/docs/sharing/webmasters/crawler)"
66.249.68.67 - - [02/Feb/2026:17:46:26 +0100] "GET /?o=7698929271703 HTTP/1.1" 404 36 "-" "Mozilla/5.0 (Linux; Android 6.0.1; Nexus 5X Build/MMB29P) AppleWebKit/537.36 (KHTML, like Gecko) Chrome/143.0.7499.192 Mobile Safari/537.36 (compatible; Googlebot/2.1; +http://www.google.com/bot.html)"
114.119.136.64 - - [02/Feb/2026:17:47:09 +0100] "GET /wp-includes/SimplePie/XML/?C=M%3BO%3DA HTTP/1.1" 404 36 "https://www.loger.cm/wp-includes/SimplePie/XML/" "Mozilla/5.0 (Linux; Android 7.0;) AppleWebKit/537.36 (KHTML, like Gecko) Mobile Safari/537.36 (compatible; PetalBot;+https://webmaster.petalsearch.com/site/petalbot)"
84.139.23.175 - - [02/Feb/2026:17:47:09 +0100] "GET /booking/?city_id=169&check_in=2022-08-30&check_out=2022-08-31&adults=1&children=0 HTTP/2.0" 404 36 "-" "Mozilla/5.0 (Windows NT 10.0; Win64; x64) AppleWebKit/537.36 (KHTML, like Gecko) Chrome/91.0.4472.114 Safari/537.36 Edg/91.0.864.54"
57.141.0.27 - - [02/Feb/2026:17:47:18 +0100] "GET /?o=09280248576901 HTTP/2.0" 404 16 "-" "meta-externalagent/1.1 (+https://developers.facebook.com/docs/sharing/webmasters/crawler)"
57.141.0.57 - - [02/Feb/2026:17:47:57 +0100] "GET /?o=13924153852804 HTTP/2.0" 404 16 "-" "meta-externalagent/1.1 (+https://developers.facebook.com/docs/sharing/webmasters/crawler)"
57.141.0.42 - - [02/Feb/2026:17:48:06 +0100] "GET /?o=30921233193200 HTTP/2.0" 404 16 "-" "meta-externalagent/1.1 (+https://developers.facebook.com/docs/sharing/webmasters/crawler)"
66.249.68.68 - - [02/Feb/2026:17:48:19 +0100] "GET /?o=75137240036902 HTTP/1.1" 404 36 "-" "Mozilla/5.0 (Linux; Android 6.0.1; Nexus 5X Build/MMB29P) AppleWebKit/537.36 (KHTML, like Gecko) Chrome/143.0.7499.192 Mobile Safari/537.36 (compatible; Googlebot/2.1; +http://www.google.com/bot.html)"
66.249.68.67 - - [02/Feb/2026:17:48:24 +0100] "GET /iitheriym-ttredding-rnnniiti-2024-4-3-0-ek-snpuurnn-gaaidd-3/ HTTP/1.1" 404 36 "-" "Mozilla/5.0 (Linux; Android 6.0.1; Nexus 5X Build/MMB29P) AppleWebKit/537.36 (KHTML, like Gecko) Chrome/143.0.7499.192 Mobile Safari/537.36 (compatible; Googlebot/2.1; +http://www.google.com/bot.html)"
66.249.68.67 - - [02/Feb/2026:17:48:25 +0100] "GET /?o=2072051837601 HTTP/1.1" 404 36 "-" "Mozilla/5.0 (Linux; Android 6.0.1; Nexus 5X Build/MMB29P) AppleWebKit/537.36 (KHTML, like Gecko) Chrome/143.0.7499.192 Mobile Safari/537.36 (compatible; Googlebot/2.1; +http://www.google.com/bot.html)"
114.119.159.233 - - [02/Feb/2026:17:48:31 +0100] "GET /wp-includes/SimplePie/Sanitize.php HTTP/1.1" 404 36 "https://www.loger.cm/wp-includes/SimplePie/?C=N%3BO%3DD" "Mozilla/5.0 (Linux; Android 7.0;) AppleWebKit/537.36 (KHTML, like Gecko) Mobile Safari/537.36 (compatible; PetalBot;+https://webmaster.petalsearch.com/site/petalbot)"
57.141.0.13 - - [02/Feb/2026:17:48:35 +0100] "GET /?o=1973594631201 HTTP/2.0" 404 16 "-" "meta-externalagent/1.1 (+https://developers.facebook.com/docs/sharing/webmasters/crawler)"
66.249.68.66 - - [02/Feb/2026:17:48:40 +0100] "GET /?o=70690269209703 HTTP/1.1" 404 36 "-" "Mozilla/5.0 (Linux; Android 6.0.1; Nexus 5X Build/MMB29P) AppleWebKit/537.36 (KHTML, like Gecko) Chrome/143.0.7499.192 Mobile Safari/537.36 (compatible; Googlebot/2.1; +http://www.google.com/bot.html)"
57.141.0.53 - - [02/Feb/2026:17:48:49 +0100] "GET /?o=12187113366401 HTTP/2.0" 404 16 "-" "meta-externalagent/1.1 (+https://developers.facebook.com/docs/sharing/webmasters/crawler)"
66.249.68.65 - - [02/Feb/2026:17:49:20 +0100] "GET /?o=1627334894800 HTTP/1.1" 404 36 "-" "Mozilla/5.0 (Linux; Android 6.0.1; Nexus 5X Build/MMB29P) AppleWebKit/537.36 (KHTML, like Gecko) Chrome/143.0.7499.192 Mobile Safari/537.36 (compatible; Googlebot/2.1; +http://www.google.com/bot.html)"
114.119.140.137 - - [02/Feb/2026:17:50:06 +0100] "GET /wp-includes/SimplePie/Restriction.php HTTP/1.1" 404 36 "https://www.loger.cm/wp-includes/SimplePie/?C=N%3BO%3DD" "Mozilla/5.0 (Linux; Android 7.0;) AppleWebKit/537.36 (KHTML, like Gecko) Mobile Safari/537.36 (compatible; PetalBot;+https://webmaster.petalsearch.com/site/petalbot)"
57.141.0.68 - - [02/Feb/2026:17:50:43 +0100] "GET /?o=42838188420005 HTTP/2.0" 404 16 "-" "meta-externalagent/1.1 (+https://developers.facebook.com/docs/sharing/webmasters/crawler)"
66.249.68.67 - - [02/Feb/2026:17:51:19 +0100] "GET /?o=46707121816401 HTTP/1.1" 404 36 "-" "Mozilla/5.0 (Linux; Android 6.0.1; Nexus 5X Build/MMB29P) AppleWebKit/537.36 (KHTML, like Gecko) Chrome/143.0.7499.192 Mobile Safari/537.36 (compatible; Googlebot/2.1; +http://www.google.com/bot.html)"
66.249.68.65 - - [02/Feb/2026:17:51:19 +0100] "GET /?o=50978267458006 HTTP/1.1" 404 36 "-" "Mozilla/5.0 (Linux; Android 6.0.1; Nexus 5X Build/MMB29P) AppleWebKit/537.36 (KHTML, like Gecko) Chrome/143.0.7499.192 Mobile Safari/537.36 (compatible; Googlebot/2.1; +http://www.google.com/bot.html)"
114.119.159.233 - - [02/Feb/2026:17:51:40 +0100] "GET /wp-includes/SimplePie/Registry.php HTTP/1.1" 404 36 "https://www.loger.cm/wp-includes/SimplePie/?C=N%3BO%3DD" "Mozilla/5.0 (Linux; Android 7.0;) AppleWebKit/537.36 (KHTML, like Gecko) Mobile Safari/537.36 (compatible; PetalBot;+https://webmaster.petalsearch.com/site/petalbot)"
57.141.0.12 - - [02/Feb/2026:17:52:09 +0100] "GET /?o=1248886892900 HTTP/2.0" 404 16 "-" "meta-externalagent/1.1 (+https://developers.facebook.com/docs/sharing/webmasters/crawler)"
57.141.0.76 - - [02/Feb/2026:17:52:18 +0100] "GET /?o=55514121736900 HTTP/2.0" 404 16 "-" "meta-externalagent/1.1 (+https://developers.facebook.com/docs/sharing/webmasters/crawler)"
57.141.0.20 - - [02/Feb/2026:17:52:28 +0100] "GET /?o=15053277494801 HTTP/2.0" 404 16 "-" "meta-externalagent/1.1 (+https://developers.facebook.com/docs/sharing/webmasters/crawler)"
57.141.0.22 - - [02/Feb/2026:17:52:40 +0100] "GET /?o=9479178102900 HTTP/2.0" 404 16 "-" "meta-externalagent/1.1 (+https://developers.facebook.com/docs/sharing/webmasters/crawler)"
114.119.140.137 - - [02/Feb/2026:17:53:13 +0100] "GET /wp-includes/sodium_compat/src/Core/ChaCha20?C=M%3BO%3DA HTTP/1.1" 301 325 "-" "Mozilla/5.0 (Linux; Android 7.0;) AppleWebKit/537.36 (KHTML, like Gecko) Mobile Safari/537.36 (compatible; PetalBot;+https://webmaster.petalsearch.com/site/petalbot)"
114.119.140.137 - - [02/Feb/2026:17:53:15 +0100] "GET /wp-includes/sodium_compat/src/Core/ChaCha20/?C=M%3BO%3DA HTTP/1.1" 404 36 "-" "Mozilla/5.0 (Linux; Android 7.0;) AppleWebKit/537.36 (KHTML, like Gecko) Mobile Safari/537.36 (compatible; PetalBot;+https://webmaster.petalsearch.com/site/petalbot)"
57.141.0.26 - - [02/Feb/2026:17:53:16 +0100] "GET /?o=1979279216004 HTTP/2.0" 404 16 "-" "meta-externalagent/1.1 (+https://developers.facebook.com/docs/sharing/webmasters/crawler)"
66.249.68.66 - - [02/Feb/2026:17:53:30 +0100] "GET /?o=8808858210 HTTP/1.1" 404 36 "-" "Mozilla/5.0 (Linux; Android 6.0.1; Nexus 5X Build/MMB29P) AppleWebKit/537.36 (KHTML, like Gecko) Chrome/143.0.7499.192 Mobile Safari/537.36 (compatible; Googlebot/2.1; +http://www.google.com/bot.html)"
66.249.68.66 - - [02/Feb/2026:17:53:30 +0100] "GET /?o=44411161351000 HTTP/1.1" 404 36 "-" "Mozilla/5.0 (Linux; Android 6.0.1; Nexus 5X Build/MMB29P) AppleWebKit/537.36 (KHTML, like Gecko) Chrome/143.0.7499.192 Mobile Safari/537.36 (compatible; Googlebot/2.1; +http://www.google.com/bot.html)"
57.141.0.41 - - [02/Feb/2026:17:53:47 +0100] "GET /?o=79189135159002 HTTP/2.0" 404 16 "-" "meta-externalagent/1.1 (+https://developers.facebook.com/docs/sharing/webmasters/crawler)"
57.141.0.50 - - [02/Feb/2026:17:54:29 +0100] "GET /?o=60699116360505 HTTP/2.0" 404 16 "-" "meta-externalagent/1.1 (+https://developers.facebook.com/docs/sharing/webmasters/crawler)"
57.141.0.15 - - [02/Feb/2026:17:54:42 +0100] "GET /?o=45011132132601 HTTP/2.0" 404 16 "-" "meta-externalagent/1.1 (+https://developers.facebook.com/docs/sharing/webmasters/crawler)"
114.119.146.40 - - [02/Feb/2026:17:54:48 +0100] "GET /wp-includes/js/tinymce/plugins/link/plugin.min.js HTTP/1.1" 200 3419 "https://www.loger.cm/wp-includes/js/tinymce/plugins/link/?C=D%3BO%3DA" "Mozilla/5.0 (Linux; Android 7.0;) AppleWebKit/537.36 (KHTML, like Gecko) Mobile Safari/537.36 (compatible; PetalBot;+https://webmaster.petalsearch.com/site/petalbot)"
66.249.68.65 - - [02/Feb/2026:17:55:19 +0100] "GET /?o=90754176537602 HTTP/1.1" 404 36 "-" "Mozilla/5.0 (Linux; Android 6.0.1; Nexus 5X Build/MMB29P) AppleWebKit/537.36 (KHTML, like Gecko) Chrome/143.0.7499.192 Mobile Safari/537.36 (compatible; Googlebot/2.1; +http://www.google.com/bot.html)"
66.249.68.67 - - [02/Feb/2026:17:55:20 +0100] "GET /?o=26225268753002 HTTP/1.1" 404 36 "-" "Mozilla/5.0 (Linux; Android 6.0.1; Nexus 5X Build/MMB29P) AppleWebKit/537.36 (KHTML, like Gecko) Chrome/143.0.7499.192 Mobile Safari/537.36 (compatible; Googlebot/2.1; +http://www.google.com/bot.html)"
57.141.0.54 - - [02/Feb/2026:17:55:47 +0100] "GET /?o=09582126514702 HTTP/2.0" 404 16 "-" "meta-externalagent/1.1 (+https://developers.facebook.com/docs/sharing/webmasters/crawler)"
150.255.180.90 - - [02/Feb/2026:17:56:09 +0100] "GET / HTTP/1.1" 404 16 "-" "Go-http-client/1.1"
57.141.0.3 - - [02/Feb/2026:17:56:10 +0100] "GET /?o=27239272641900 HTTP/2.0" 404 16 "-" "meta-externalagent/1.1 (+https://developers.facebook.com/docs/sharing/webmasters/crawler)"
66.249.68.67 - - [02/Feb/2026:17:56:14 +0100] "GET /bitcoin-tokenomics-report-2024-1-2-9-70/ HTTP/1.1" 404 36 "-" "Mozilla/5.0 (Linux; Android 6.0.1; Nexus 5X Build/MMB29P) AppleWebKit/537.36 (KHTML, like Gecko) Chrome/143.0.7499.192 Mobile Safari/537.36 (compatible; Googlebot/2.1; +http://www.google.com/bot.html)"
114.119.140.137 - - [02/Feb/2026:17:56:22 +0100] "GET /wp-includes/SimplePie/Parse/?C=S%3BO%3DA HTTP/1.1" 404 36 "https://www.loger.cm/wp-includes/SimplePie/Parse/" "Mozilla/5.0 (Linux; Android 7.0;) AppleWebKit/537.36 (KHTML, like Gecko) Mobile Safari/537.36 (compatible; PetalBot;+https://webmaster.petalsearch.com/site/petalbot)"
57.141.0.78 - - [02/Feb/2026:17:57:30 +0100] "GET /?o=14260120486001 HTTP/2.0" 404 16 "-" "meta-externalagent/1.1 (+https://developers.facebook.com/docs/sharing/webmasters/crawler)"
57.141.0.39 - - [02/Feb/2026:17:57:47 +0100] "GET /?o=0931132572300 HTTP/2.0" 404 16 "-" "meta-externalagent/1.1 (+https://developers.facebook.com/docs/sharing/webmasters/crawler)"
114.119.133.119 - - [02/Feb/2026:17:57:58 +0100] "GET /wp-includes/SimplePie/Parse/?C=M%3BO%3DA HTTP/1.1" 404 36 "https://www.loger.cm/wp-includes/SimplePie/Parse/" "Mozilla/5.0 (Linux; Android 7.0;) AppleWebKit/537.36 (KHTML, like Gecko) Mobile Safari/537.36 (compatible; PetalBot;+https://webmaster.petalsearch.com/site/petalbot)"
66.249.68.65 - - [02/Feb/2026:17:58:05 +0100] "GET /?o=905152913206 HTTP/1.1" 404 36 "-" "Mozilla/5.0 (Linux; Android 6.0.1; Nexus 5X Build/MMB29P) AppleWebKit/537.36 (KHTML, like Gecko) Chrome/143.0.7499.192 Mobile Safari/537.36 (compatible; Googlebot/2.1; +http://www.google.com/bot.html)"
66.249.68.65 - - [02/Feb/2026:17:58:09 +0100] "GET /?o=10132213303202 HTTP/1.1" 404 36 "-" "Mozilla/5.0 (Linux; Android 6.0.1; Nexus 5X Build/MMB29P) AppleWebKit/537.36 (KHTML, like Gecko) Chrome/143.0.7499.192 Mobile Safari/537.36 (compatible; Googlebot/2.1; +http://www.google.com/bot.html)"
66.249.68.65 - - [02/Feb/2026:17:58:10 +0100] "GET /?o=23741256879201 HTTP/1.1" 404 36 "-" "Mozilla/5.0 (Linux; Android 6.0.1; Nexus 5X Build/MMB29P) AppleWebKit/537.36 (KHTML, like Gecko) Chrome/143.0.7499.192 Mobile Safari/537.36 (compatible; Googlebot/2.1; +http://www.google.com/bot.html)"
66.249.68.66 - - [02/Feb/2026:17:58:10 +0100] "GET /?o=99114177623000 HTTP/1.1" 404 36 "-" "Mozilla/5.0 (Linux; Android 6.0.1; Nexus 5X Build/MMB29P) AppleWebKit/537.36 (KHTML, like Gecko) Chrome/143.0.7499.192 Mobile Safari/537.36 (compatible; Googlebot/2.1; +http://www.google.com/bot.html)"
66.249.68.68 - - [02/Feb/2026:17:58:11 +0100] "GET /?o=20892160340600&channel=665a71&from=news.php%3Fid%3D1603406-12%26name%3D%E3%80%90%E3%83%9D%E3%82%A4%E3%83%B3%E3%83%885%E5%80%8D%E3%80%91%E4%B8%89%E8%8F%B1%E3%83%9E%E3%83%86%E3%83%AA%E3%82%A2%E3%83%AB+6%E6%9E%9A%E5%88%83%E3%82%A4%E3%83%B3%E3%83%91%E3%82%AF%E3%83%88%E3%83%9F%E3%83%A9%E3%82%AF%E3%83%AB%E3%83%A9%E3%82%B8%E3%82%A2%E3%82%B9%E3%82%A8%E3%83%B3%E3%83%89%E3%83%9F%E3%83%AB%28M%29+VFMDRBD1000R100++%E3%80%8A%E3%82%BD%E3%83%AA%E3%83%83%E3%83%89%E3%82%A8%E3%83%B3%E3%83%89%E3%83%9F%E3%83%AB%E3%80%8B%EF%BC%88%E4%B8%89%E8%8F%B1%E3%83%9E%E3%83%86%E3%83%AA%E3%82%A2%E3%83%AB+Web%E3%82%AB%E3%82%BF%E3%83%AD%E3%82%B0+%7C+%E8%A3%BD%E5%93%81%E8%A9%B3%E7%B4%B0%E6%83%85%E5%A0%B1+%7C+%E3%82%BD%E3%83%AA%E3%83%83%E3%83%89%E3%82%A8%E3%83%B3%E3%83%89%E3%83%9F%E3%83%AB+%7C+VFMD+%7C+VFMDD0500%EF%BC%89 HTTP/1.1" 404 36 "-" "Mozilla/5.0 (Linux; Android 6.0.1; Nexus 5X Build/MMB29P) AppleWebKit/537.36 (KHTML, like Gecko) Chrome/143.0.7499.192 Mobile Safari/537.36 (compatible; Googlebot/2.1; +http://www.google.com/bot.html)"
157.55.39.14 - - [02/Feb/2026:17:58:54 +0100] "GET /?o=49246151845000&channel=10688b&from=shared.php%3Fid%3D1518450-11865%26name%3D%E3%83%90%E3%82%B9%E3%82%B1%E3%83%83%E3%83%88%E3%83%A9%E3%83%83%E3%82%AF%2F%E8%A1%A3%E9%A1%9E%E5%8F%8E%E7%B4%8D+3%E5%9E%8B+45%C3%9756%C3%97103cm+%E6%97%A5%E6%9C%AC%E8%A3%BD++%E3%82%AD%E3%83%A3%E3%82%B9%E3%82%BF%E3%83%BC%E4%BB%98%E3%81%8D+%E3%83%9D%E3%83%AA%E3%83%97%E3%83%AD%E3%83%94%E3%83%AC%E3%83%B3+%E3%80%94%E8%84%B1%E8%A1%A3%E6%89%80+%E6%B4%97%E9%9D%A2%E6%89%80%E3%80%95+%E4%BB%A3%E5%BC%95NG%EF%BC%88Amazon.co.jp%3A+%E5%92%8C%E6%B3%89%E5%8C%96%E6%88%90+%E5%8F%8E%E7%B4%8D%E3%83%90%E3%82%B9%E3%82%B1%E3%83%83%E3%83%88+%E3%82%AD%E3%83%83%E3%82%BA+%E3%83%90%E3%82%B9%E3%82%B1%E3%83%83%E3%83%88%E3%83%A9%E3%83%83%E3%82%AF3%E5%9E%8B%E3%82%AD%E3%83%A3%E3%82%B9%E3%82%BF%E3%83%BC%E4%BB%98+%2845%C3%9756%C3%97%E9%AB%98103cm%29+%3A+%E3%83%99%E3%83%93%E3%83%BC%EF%BC%86%E3%83%9E%E3%82%BF%E3%83%8B%E3%83%86%E3%82%A3%EF%BC%89 HTTP/2.0" 404 36 "-" "Mozilla/5.0 AppleWebKit/537.36 (KHTML, like Gecko; compatible; bingbot/2.0; +http://www.bing.com/bingbot.htm) Chrome/116.0.1938.76 Safari/537.36"
57.141.0.52 - - [02/Feb/2026:17:59:04 +0100] "GET /?o=6130664797600 HTTP/2.0" 404 16 "-" "meta-externalagent/1.1 (+https://developers.facebook.com/docs/sharing/webmasters/crawler)"
66.249.68.65 - - [02/Feb/2026:17:59:06 +0100] "GET /?o=19722274138500 HTTP/1.1" 404 36 "-" "Mozilla/5.0 (Linux; Android 6.0.1; Nexus 5X Build/MMB29P) AppleWebKit/537.36 (KHTML, like Gecko) Chrome/143.0.7499.192 Mobile Safari/537.36 (compatible; Googlebot/2.1; +http://www.google.com/bot.html)"
66.249.68.66 - - [02/Feb/2026:17:59:12 +0100] "GET /?o=7975046130201 HTTP/1.1" 404 36 "-" "Mozilla/5.0 (Linux; Android 6.0.1; Nexus 5X Build/MMB29P) AppleWebKit/537.36 (KHTML, like Gecko) Chrome/143.0.7499.192 Mobile Safari/537.36 (compatible; Googlebot/2.1; +http://www.google.com/bot.html)"
57.141.0.29 - - [02/Feb/2026:17:59:28 +0100] "GET /?o=8575864734506 HTTP/2.0" 404 16 "-" "meta-externalagent/1.1 (+https://developers.facebook.com/docs/sharing/webmasters/crawler)"
114.119.136.64 - - [02/Feb/2026:17:59:30 +0100] "GET /wp-includes/SimplePie/Parse/?C=D%3BO%3DA HTTP/1.1" 404 36 "https://www.loger.cm/wp-includes/SimplePie/Parse/" "Mozilla/5.0 (Linux; Android 7.0;) AppleWebKit/537.36 (KHTML, like Gecko) Mobile Safari/537.36 (compatible; PetalBot;+https://webmaster.petalsearch.com/site/petalbot)"
57.141.0.40 - - [02/Feb/2026:18:00:41 +0100] "GET /?o=31579163466101 HTTP/2.0" 404 16 "-" "meta-externalagent/1.1 (+https://developers.facebook.com/docs/sharing/webmasters/crawler)"
57.141.0.37 - - [02/Feb/2026:18:00:52 +0100] "GET /?o=53823206753708 HTTP/2.0" 404 16 "-" "meta-externalagent/1.1 (+https://developers.facebook.com/docs/sharing/webmasters/crawler)"
114.119.159.233 - - [02/Feb/2026:18:01:02 +0100] "GET /wp-includes/SimplePie/Parse/ HTTP/1.1" 404 36 "https://www.loger.cm/wp-includes/SimplePie/?C=N%3BO%3DD" "Mozilla/5.0 (Linux; Android 7.0;) AppleWebKit/537.36 (KHTML, like Gecko) Mobile Safari/537.36 (compatible; PetalBot;+https://webmaster.petalsearch.com/site/petalbot)"
66.249.68.65 - - [02/Feb/2026:18:01:13 +0100] "GET /?o=00174194838000 HTTP/1.1" 404 36 "-" "Mozilla/5.0 (Linux; Android 6.0.1; Nexus 5X Build/MMB29P) AppleWebKit/537.36 (KHTML, like Gecko) Chrome/143.0.7499.192 Mobile Safari/537.36 (compatible; Googlebot/2.1; +http://www.google.com/bot.html)"
66.249.68.67 - - [02/Feb/2026:18:01:13 +0100] "GET /?o=9983032082402 HTTP/1.1" 404 36 "-" "Mozilla/5.0 (Linux; Android 6.0.1; Nexus 5X Build/MMB29P) AppleWebKit/537.36 (KHTML, like Gecko) Chrome/143.0.7499.192 Mobile Safari/537.36 (compatible; Googlebot/2.1; +http://www.google.com/bot.html)"
66.249.68.65 - - [02/Feb/2026:18:01:23 +0100] "GET /?o=11148157317600 HTTP/1.1" 404 36 "-" "Mozilla/5.0 (Linux; Android 6.0.1; Nexus 5X Build/MMB29P) AppleWebKit/537.36 (KHTML, like Gecko) Chrome/144.0.7559.109 Mobile Safari/537.36 (compatible; Googlebot/2.1; +http://www.google.com/bot.html)"
57.141.0.44 - - [02/Feb/2026:18:02:01 +0100] "GET /?o=10523140414300 HTTP/2.0" 404 16 "-" "meta-externalagent/1.1 (+https://developers.facebook.com/docs/sharing/webmasters/crawler)"
66.249.68.67 - - [02/Feb/2026:18:02:09 +0100] "GET /?o=97539127368105 HTTP/1.1" 404 36 "-" "Mozilla/5.0 (Linux; Android 6.0.1; Nexus 5X Build/MMB29P) AppleWebKit/537.36 (KHTML, like Gecko) Chrome/143.0.7499.192 Mobile Safari/537.36 (compatible; Googlebot/2.1; +http://www.google.com/bot.html)"
114.119.155.96 - - [02/Feb/2026:18:02:37 +0100] "GET /wp-includes/SimplePie/Misc.php HTTP/1.1" 404 36 "https://www.loger.cm/wp-includes/SimplePie/?C=N%3BO%3DD" "Mozilla/5.0 (Linux; Android 7.0;) AppleWebKit/537.36 (KHTML, like Gecko) Mobile Safari/537.36 (compatible; PetalBot;+https://webmaster.petalsearch.com/site/petalbot)"
57.141.0.20 - - [02/Feb/2026:18:03:14 +0100] "GET /?o=31675174383800 HTTP/2.0" 404 16 "-" "meta-externalagent/1.1 (+https://developers.facebook.com/docs/sharing/webmasters/crawler)"
114.119.146.171 - - [02/Feb/2026:18:04:14 +0100] "GET /wp-includes/SimplePie/Item.php HTTP/1.1" 404 36 "https://www.loger.cm/wp-includes/SimplePie/?C=N%3BO%3DD" "Mozilla/5.0 (Linux; Android 7.0;) AppleWebKit/537.36 (KHTML, like Gecko) Mobile Safari/537.36 (compatible; PetalBot;+https://webmaster.petalsearch.com/site/petalbot)"
57.141.0.40 - - [02/Feb/2026:18:04:39 +0100] "GET /?o=89987290999701 HTTP/2.0" 404 16 "-" "meta-externalagent/1.1 (+https://developers.facebook.com/docs/sharing/webmasters/crawler)"
66.249.68.66 - - [02/Feb/2026:18:05:10 +0100] "GET /?o=88904274545800 HTTP/1.1" 404 36 "-" "Mozilla/5.0 (Linux; Android 6.0.1; Nexus 5X Build/MMB29P) AppleWebKit/537.36 (KHTML, like Gecko) Chrome/143.0.7499.192 Mobile Safari/537.36 (compatible; Googlebot/2.1; +http://www.google.com/bot.html)"
57.141.0.15 - - [02/Feb/2026:18:05:37 +0100] "GET /?o=98778284972002 HTTP/2.0" 404 16 "-" "meta-externalagent/1.1 (+https://developers.facebook.com/docs/sharing/webmasters/crawler)"
114.119.136.64 - - [02/Feb/2026:18:05:46 +0100] "GET /wp-includes/SimplePie/IRI.php HTTP/1.1" 404 36 "https://www.loger.cm/wp-includes/SimplePie/?C=N%3BO%3DD" "Mozilla/5.0 (Linux; Android 7.0;) AppleWebKit/537.36 (KHTML, like Gecko) Mobile Safari/537.36 (compatible; PetalBot;+https://webmaster.petalsearch.com/site/petalbot)"
57.141.0.46 - - [02/Feb/2026:18:06:11 +0100] "GET /?o=47097189970603 HTTP/2.0" 404 16 "-" "meta-externalagent/1.1 (+https://developers.facebook.com/docs/sharing/webmasters/crawler)"
66.249.68.68 - - [02/Feb/2026:18:07:16 +0100] "GET /?o=41191239258100 HTTP/1.1" 404 36 "-" "Mozilla/5.0 (Linux; Android 6.0.1; Nexus 5X Build/MMB29P) AppleWebKit/537.36 (KHTML, like Gecko) Chrome/143.0.7499.192 Mobile Safari/537.36 (compatible; Googlebot/2.1; +http://www.google.com/bot.html)"
66.249.68.67 - - [02/Feb/2026:18:07:18 +0100] "GET /?o=1492153888700 HTTP/1.1" 404 36 "-" "Mozilla/5.0 (Linux; Android 6.0.1; Nexus 5X Build/MMB29P) AppleWebKit/537.36 (KHTML, like Gecko) Chrome/143.0.7499.192 Mobile Safari/537.36 (compatible; Googlebot/2.1; +http://www.google.com/bot.html)"
66.249.68.67 - - [02/Feb/2026:18:07:18 +0100] "GET /?o=2374949113603 HTTP/1.1" 404 36 "-" "Mozilla/5.0 (Linux; Android 6.0.1; Nexus 5X Build/MMB29P) AppleWebKit/537.36 (KHTML, like Gecko) Chrome/143.0.7499.192 Mobile Safari/537.36 (compatible; Googlebot/2.1; +http://www.google.com/bot.html)"
114.119.159.233 - - [02/Feb/2026:18:07:21 +0100] "GET /wp-includes/SimplePie/IRI.php HTTP/1.1" 404 36 "https://www.loger.cm/wp-includes/SimplePie/?C=N%3BO%3DD" "Mozilla/5.0 (Linux; Android 7.0;) AppleWebKit/537.36 (KHTML, like Gecko) Mobile Safari/537.36 (compatible; PetalBot;+https://webmaster.petalsearch.com/site/petalbot)"
66.249.68.67 - - [02/Feb/2026:18:08:11 +0100] "GET /?o=87021153064000 HTTP/1.1" 404 36 "-" "Mozilla/5.0 (Linux; Android 6.0.1; Nexus 5X Build/MMB29P) AppleWebKit/537.36 (KHTML, like Gecko) Chrome/143.0.7499.192 Mobile Safari/537.36 (compatible; Googlebot/2.1; +http://www.google.com/bot.html)"
