114.119.140.137 - - [02/Feb/2026:15:38:11 +0100] "GET /wp-includes/css/?C=S%3BO%3DA HTTP/1.1" 404 36 "https://www.loger.cm/wp-includes/css/?C=M%3BO%3DA" "Mozilla/5.0 (Linux; Android 7.0;) AppleWebKit/537.36 (KHTML, like Gecko) Mobile Safari/537.36 (compatible; PetalBot;+https://webmaster.petalsearch.com/site/petalbot)"
20.200.218.207 - - [02/Feb/2026:15:38:28 +0100] "GET /wp-content/plugins/hellopress/wp_filemanager.php HTTP/1.1" 404 16 "-" "-"
20.200.218.207 - - [02/Feb/2026:15:38:29 +0100] "GET /new.php HTTP/1.1" 404 16 "-" "-"
20.200.218.207 - - [02/Feb/2026:15:38:29 +0100] "GET /a1vx.php HTTP/1.1" 404 16 "-" "-"
20.200.218.207 - - [02/Feb/2026:15:38:30 +0100] "GET /tx46.php HTTP/1.1" 404 16 "-" "-"
20.200.218.207 - - [02/Feb/2026:15:38:30 +0100] "GET /b44.php HTTP/1.1" 404 16 "-" "-"
20.200.218.207 - - [02/Feb/2026:15:38:31 +0100] "GET /ii5file.php HTTP/1.1" 404 16 "-" "-"
20.200.218.207 - - [02/Feb/2026:15:38:32 +0100] "GET /forbidals.php HTTP/1.1" 404 16 "-" "-"
20.200.218.207 - - [02/Feb/2026:15:38:32 +0100] "GET /dev1s.php HTTP/1.1" 404 16 "-" "-"
20.200.218.207 - - [02/Feb/2026:15:38:33 +0100] "GET /%E8%93%9D%E7%99%BD%E9%93%BE%E6%8E%A5.php HTTP/1.1" 404 16 "-" "-"
20.200.218.207 - - [02/Feb/2026:15:38:33 +0100] "GET /ck.php HTTP/1.1" 404 16 "-" "-"
20.200.218.207 - - [02/Feb/2026:15:38:34 +0100] "GET /ffd.php HTTP/1.1" 404 16 "-" "-"
20.200.218.207 - - [02/Feb/2026:15:38:34 +0100] "GET /anna.php HTTP/1.1" 404 16 "-" "-"
20.200.218.207 - - [02/Feb/2026:15:38:35 +0100] "GET /pass4.php HTTP/1.1" 404 16 "-" "-"
20.200.218.207 - - [02/Feb/2026:15:38:35 +0100] "GET /qasu.php HTTP/1.1" 404 16 "-" "-"
20.200.218.207 - - [02/Feb/2026:15:38:36 +0100] "GET /Gi8.php HTTP/1.1" 404 16 "-" "-"
20.200.218.207 - - [02/Feb/2026:15:38:36 +0100] "GET /admiin.php HTTP/1.1" 404 16 "-" "-"
20.200.218.207 - - [02/Feb/2026:15:38:37 +0100] "GET /ol.php HTTP/1.1" 404 16 "-" "-"
20.200.218.207 - - [02/Feb/2026:15:38:37 +0100] "GET /jmfi2.php HTTP/1.1" 404 16 "-" "-"
20.200.218.207 - - [02/Feb/2026:15:38:38 +0100] "GET /ez.php HTTP/1.1" 404 16 "-" "-"
20.200.218.207 - - [02/Feb/2026:15:38:38 +0100] "GET /asasx.php HTTP/1.1" 404 16 "-" "-"
20.200.218.207 - - [02/Feb/2026:15:38:39 +0100] "GET /Sanskrit.php HTTP/1.1" 404 16 "-" "-"
20.200.218.207 - - [02/Feb/2026:15:38:39 +0100] "GET /vxrl.php HTTP/1.1" 404 16 "-" "-"
20.200.218.207 - - [02/Feb/2026:15:38:40 +0100] "GET /re.php HTTP/1.1" 404 16 "-" "-"
20.200.218.207 - - [02/Feb/2026:15:38:40 +0100] "GET /cfile.php HTTP/1.1" 404 16 "-" "-"
20.200.218.207 - - [02/Feb/2026:15:38:41 +0100] "GET /num.php HTTP/1.1" 404 16 "-" "-"
20.200.218.207 - - [02/Feb/2026:15:38:41 +0100] "GET /axx.php HTTP/1.1" 404 16 "-" "-"
20.200.218.207 - - [02/Feb/2026:15:38:42 +0100] "GET /vxrl.php HTTP/1.1" 404 16 "-" "-"
20.200.218.207 - - [02/Feb/2026:15:38:42 +0100] "GET /in.php HTTP/1.1" 404 16 "-" "-"
20.200.218.207 - - [02/Feb/2026:15:38:43 +0100] "GET /style.php HTTP/1.1" 404 16 "-" "-"
20.200.218.207 - - [02/Feb/2026:15:38:43 +0100] "GET /style2.php HTTP/1.1" 404 16 "-" "-"
20.200.218.207 - - [02/Feb/2026:15:38:44 +0100] "GET /we.php HTTP/1.1" 404 16 "-" "-"
20.200.218.207 - - [02/Feb/2026:15:38:44 +0100] "GET /zwso.php HTTP/1.1" 404 16 "-" "-"
20.200.218.207 - - [02/Feb/2026:15:38:45 +0100] "GET /wsback.php HTTP/1.1" 404 16 "-" "-"
20.200.218.207 - - [02/Feb/2026:15:38:45 +0100] "GET /pm.php HTTP/1.1" 404 16 "-" "-"
20.200.218.207 - - [02/Feb/2026:15:38:46 +0100] "GET /karak.php HTTP/1.1" 404 16 "-" "-"
20.200.218.207 - - [02/Feb/2026:15:38:46 +0100] "GET /trd.php HTTP/1.1" 404 16 "-" "-"
20.200.218.207 - - [02/Feb/2026:15:38:47 +0100] "GET /past.php HTTP/1.1" 404 16 "-" "-"
20.200.218.207 - - [02/Feb/2026:15:38:47 +0100] "GET /prv8.php HTTP/1.1" 404 16 "-" "-"
20.200.218.207 - - [02/Feb/2026:15:38:48 +0100] "GET /i.php HTTP/1.1" 404 16 "-" "-"
20.200.218.207 - - [02/Feb/2026:15:38:48 +0100] "GET /xmlrpc.php HTTP/1.1" 404 16 "-" "-"
20.200.218.207 - - [02/Feb/2026:15:38:49 +0100] "GET /cron.php HTTP/1.1" 404 16 "-" "-"
20.200.218.207 - - [02/Feb/2026:15:38:49 +0100] "GET /super.php HTTP/1.1" 404 16 "-" "-"
20.200.218.207 - - [02/Feb/2026:15:38:50 +0100] "GET /aw.php HTTP/1.1" 404 16 "-" "-"
20.200.218.207 - - [02/Feb/2026:15:38:50 +0100] "GET /dev.php HTTP/1.1" 404 16 "-" "-"
20.200.218.207 - - [02/Feb/2026:15:38:51 +0100] "GET /wp-trackback.php HTTP/1.1" 404 16 "-" "-"
20.200.218.207 - - [02/Feb/2026:15:38:51 +0100] "GET /lock360.php HTTP/1.1" 404 16 "-" "-"
20.200.218.207 - - [02/Feb/2026:15:38:52 +0100] "GET /155.php HTTP/1.1" 404 16 "-" "-"
57.141.0.29 - - [02/Feb/2026:15:38:52 +0100] "GET /?o=2390278292604 HTTP/2.0" 404 16 "-" "meta-externalagent/1.1 (+https://developers.facebook.com/docs/sharing/webmasters/crawler)"
20.200.218.207 - - [02/Feb/2026:15:38:52 +0100] "GET /hello.php HTTP/1.1" 404 16 "-" "-"
20.200.218.207 - - [02/Feb/2026:15:38:53 +0100] "GET /goat.php HTTP/1.1" 404 16 "-" "-"
20.200.218.207 - - [02/Feb/2026:15:38:53 +0100] "GET /wp-gr.php HTTP/1.1" 404 16 "-" "-"
20.200.218.207 - - [02/Feb/2026:15:38:54 +0100] "GET /tcp.php HTTP/1.1" 404 16 "-" "-"
20.200.218.207 - - [02/Feb/2026:15:38:54 +0100] "GET /ext.php HTTP/1.1" 404 16 "-" "-"
20.200.218.207 - - [02/Feb/2026:15:38:55 +0100] "GET /jlex3.php HTTP/1.1" 404 16 "-" "-"
20.200.218.207 - - [02/Feb/2026:15:38:55 +0100] "GET /inputs.php HTTP/1.1" 404 16 "-" "-"
20.200.218.207 - - [02/Feb/2026:15:38:56 +0100] "GET /ioxi.php HTTP/1.1" 404 16 "-" "-"
20.200.218.207 - - [02/Feb/2026:15:38:56 +0100] "GET /fe5.php HTTP/1.1" 404 16 "-" "-"
20.200.218.207 - - [02/Feb/2026:15:38:57 +0100] "GET /ov.php HTTP/1.1" 404 16 "-" "-"
20.200.218.207 - - [02/Feb/2026:15:38:57 +0100] "GET /file2.php HTTP/1.1" 404 16 "-" "-"
20.200.218.207 - - [02/Feb/2026:15:38:58 +0100] "GET /wp-content/plugins/index.php HTTP/1.1" 200 - "-" "-"
20.200.218.207 - - [02/Feb/2026:15:38:58 +0100] "GET /default.php HTTP/1.1" 404 16 "-" "-"
20.200.218.207 - - [02/Feb/2026:15:38:59 +0100] "GET /weo.php HTTP/1.1" 404 16 "-" "-"
20.200.218.207 - - [02/Feb/2026:15:38:59 +0100] "GET /abcd.php HTTP/1.1" 404 16 "-" "-"
20.200.218.207 - - [02/Feb/2026:15:39:00 +0100] "GET /ioxi2.php HTTP/1.1" 404 16 "-" "-"
20.200.218.207 - - [02/Feb/2026:15:39:00 +0100] "GET /nope.php HTTP/1.1" 404 16 "-" "-"
20.200.218.207 - - [02/Feb/2026:15:39:01 +0100] "GET /class.1.php HTTP/1.1" 404 16 "-" "-"
20.200.218.207 - - [02/Feb/2026:15:39:01 +0100] "GET /file5.php HTTP/1.1" 404 16 "-" "-"
20.200.218.207 - - [02/Feb/2026:15:39:02 +0100] "GET /async.php HTTP/1.1" 404 16 "-" "-"
20.200.218.207 - - [02/Feb/2026:15:39:02 +0100] "GET /file17.php HTTP/1.1" 404 16 "-" "-"
20.200.218.207 - - [02/Feb/2026:15:39:03 +0100] "GET /ff.php HTTP/1.1" 404 16 "-" "-"
20.200.218.207 - - [02/Feb/2026:15:39:03 +0100] "GET /ioxi-o.php HTTP/1.1" 404 16 "-" "-"
20.200.218.207 - - [02/Feb/2026:15:39:04 +0100] "GET /png.php HTTP/1.1" 404 16 "-" "-"
20.200.218.207 - - [02/Feb/2026:15:39:04 +0100] "GET /v2.php HTTP/1.1" 404 16 "-" "-"
20.200.218.207 - - [02/Feb/2026:15:39:05 +0100] "GET /pp.php HTTP/1.1" 404 16 "-" "-"
20.200.218.207 - - [02/Feb/2026:15:39:05 +0100] "GET /manager.php HTTP/1.1" 404 16 "-" "-"
20.200.218.207 - - [02/Feb/2026:15:39:06 +0100] "GET /system_log.php HTTP/1.1" 404 16 "-" "-"
20.200.218.207 - - [02/Feb/2026:15:39:06 +0100] "GET /wp-update.php HTTP/1.1" 404 16 "-" "-"
20.200.218.207 - - [02/Feb/2026:15:39:07 +0100] "GET /file.php? HTTP/1.1" 404 16 "-" "-"
20.200.218.207 - - [02/Feb/2026:15:39:07 +0100] "GET /wp-includes/certificates/plugins.php HTTP/1.1" 404 16 "-" "-"
20.200.218.207 - - [02/Feb/2026:15:39:08 +0100] "GET /520.php HTTP/1.1" 404 16 "-" "-"
20.200.218.207 - - [02/Feb/2026:15:39:08 +0100] "GET /Ova-Simple.php HTTP/1.1" 404 16 "-" "-"
20.200.218.207 - - [02/Feb/2026:15:39:09 +0100] "GET /lc.php HTTP/1.1" 404 16 "-" "-"
20.200.218.207 - - [02/Feb/2026:15:39:09 +0100] "GET /r4f_1.php HTTP/1.1" 404 16 "-" "-"
20.200.218.207 - - [02/Feb/2026:15:39:10 +0100] "GET /hexx.php HTTP/1.1" 404 16 "-" "-"
20.200.218.207 - - [02/Feb/2026:15:39:10 +0100] "GET /cbrfo.php HTTP/1.1" 404 16 "-" "-"
20.200.218.207 - - [02/Feb/2026:15:39:10 +0100] "GET /inc.php HTTP/1.1" 404 16 "-" "-"
20.200.218.207 - - [02/Feb/2026:15:39:11 +0100] "GET /jquery.php HTTP/1.1" 404 16 "-" "-"
20.200.218.207 - - [02/Feb/2026:15:39:12 +0100] "GET /gifclass.php HTTP/1.1" 404 16 "-" "-"
20.200.218.207 - - [02/Feb/2026:15:39:12 +0100] "GET /miansha.php HTTP/1.1" 404 16 "-" "-"
20.200.218.207 - - [02/Feb/2026:15:39:12 +0100] "GET /tinyfilemanager.php HTTP/1.1" 404 16 "-" "-"
20.200.218.207 - - [02/Feb/2026:15:39:13 +0100] "GET /xfile25.php HTTP/1.1" 404 16 "-" "-"
20.200.218.207 - - [02/Feb/2026:15:39:13 +0100] "GET /wp-content/plugins/seoplugins/mar.php HTTP/1.1" 404 16 "-" "-"
20.200.218.207 - - [02/Feb/2026:15:39:14 +0100] "GET /ok.php HTTP/1.1" 404 16 "-" "-"
20.200.218.207 - - [02/Feb/2026:15:39:14 +0100] "GET /fi.php HTTP/1.1" 404 16 "-" "-"
20.200.218.207 - - [02/Feb/2026:15:39:15 +0100] "GET /muzu.php HTTP/1.1" 404 16 "-" "-"
20.200.218.207 - - [02/Feb/2026:15:39:15 +0100] "GET /reze.php HTTP/1.1" 404 16 "-" "-"
20.200.218.207 - - [02/Feb/2026:15:39:16 +0100] "GET /styll.php HTTP/1.1" 404 16 "-" "-"
20.200.218.207 - - [02/Feb/2026:15:39:16 +0100] "GET /x7.php HTTP/1.1" 404 16 "-" "-"
20.200.218.207 - - [02/Feb/2026:15:39:17 +0100] "GET /thebe.php HTTP/1.1" 404 16 "-" "-"
20.200.218.207 - - [02/Feb/2026:15:39:17 +0100] "GET /ddd.php HTTP/1.1" 404 16 "-" "-"
20.200.218.207 - - [02/Feb/2026:15:39:18 +0100] "GET /ccs.php HTTP/1.1" 404 16 "-" "-"
20.200.218.207 - - [02/Feb/2026:15:39:18 +0100] "GET /f355.php HTTP/1.1" 404 16 "-" "-"
20.200.218.207 - - [02/Feb/2026:15:39:20 +0100] "GET /bgymj.php HTTP/1.1" 404 16 "-" "-"
20.200.218.207 - - [02/Feb/2026:15:39:20 +0100] "GET /8xyz.php HTTP/1.1" 404 16 "-" "-"
20.200.218.207 - - [02/Feb/2026:15:39:21 +0100] "GET /la.php HTTP/1.1" 404 16 "-" "-"
20.200.218.207 - - [02/Feb/2026:15:39:21 +0100] "GET /ioxi.php HTTP/1.1" 404 16 "-" "-"
20.200.218.207 - - [02/Feb/2026:15:39:22 +0100] "GET /xpwer1.php HTTP/1.1" 404 16 "-" "-"
20.200.218.207 - - [02/Feb/2026:15:39:22 +0100] "GET /lala.php HTTP/1.1" 404 16 "-" "-"
20.200.218.207 - - [02/Feb/2026:15:39:23 +0100] "GET /about.php HTTP/1.1" 404 16 "-" "-"
20.200.218.207 - - [02/Feb/2026:15:39:23 +0100] "GET /wp-admin/images/commentv.php HTTP/1.1" 404 16 "-" "-"
20.200.218.207 - - [02/Feb/2026:15:39:24 +0100] "GET /cgi-bin/index.php HTTP/1.1" 404 16 "-" "-"
20.200.218.207 - - [02/Feb/2026:15:39:24 +0100] "GET /wp-admin/images/wp-conflg.php HTTP/1.1" 404 16 "-" "-"
20.200.218.207 - - [02/Feb/2026:15:39:25 +0100] "GET /wp-admin/images/wp-conflg.php HTTP/1.1" 404 16 "-" "-"
20.200.218.207 - - [02/Feb/2026:15:39:25 +0100] "GET /info.php HTTP/1.1" 404 16 "-" "-"
20.200.218.207 - - [02/Feb/2026:15:39:26 +0100] "GET /about.php HTTP/1.1" 404 16 "-" "-"
20.200.218.207 - - [02/Feb/2026:15:39:26 +0100] "GET /x/ HTTP/1.1" 404 16 "-" "-"
20.200.218.207 - - [02/Feb/2026:15:39:27 +0100] "GET /ss1.php HTTP/1.1" 404 16 "-" "-"
20.200.218.207 - - [02/Feb/2026:15:39:27 +0100] "GET /goods.php HTTP/1.1" 404 16 "-" "-"
20.200.218.207 - - [02/Feb/2026:15:39:28 +0100] "GET /222.php HTTP/1.1" 404 16 "-" "-"
20.200.218.207 - - [02/Feb/2026:15:39:28 +0100] "GET /wp-includes/blocks/code/ HTTP/1.1" 404 16 "-" "-"
20.200.218.207 - - [02/Feb/2026:15:39:29 +0100] "GET /adminfuns.php HTTP/1.1" 404 16 "-" "-"
20.200.218.207 - - [02/Feb/2026:15:39:29 +0100] "GET /wp-includes/PHPMailer/ HTTP/1.1" 404 16 "-" "-"
20.200.218.207 - - [02/Feb/2026:15:39:30 +0100] "GET /xx.php HTTP/1.1" 404 16 "-" "-"
20.200.218.207 - - [02/Feb/2026:15:39:30 +0100] "GET /wp-admin/js/wp-conflg.php HTTP/1.1" 404 16 "-" "-"
20.200.218.207 - - [02/Feb/2026:15:39:31 +0100] "GET /f5.php HTTP/1.1" 404 16 "-" "-"
20.200.218.207 - - [02/Feb/2026:15:39:31 +0100] "GET /flower.php HTTP/1.1" 404 16 "-" "-"
20.200.218.207 - - [02/Feb/2026:15:39:32 +0100] "GET /f6.php HTTP/1.1" 404 16 "-" "-"
20.200.218.207 - - [02/Feb/2026:15:39:32 +0100] "GET /edit.php HTTP/1.1" 404 16 "-" "-"
20.200.218.207 - - [02/Feb/2026:15:39:33 +0100] "GET /aa.php HTTP/1.1" 404 16 "-" "-"
20.200.218.207 - - [02/Feb/2026:15:39:33 +0100] "GET /wp-includes/js/dist/ HTTP/1.1" 404 16 "-" "-"
20.200.218.207 - - [02/Feb/2026:15:39:34 +0100] "GET /wp-includes/SimplePie/ HTTP/1.1" 404 16 "-" "-"
20.200.218.207 - - [02/Feb/2026:15:39:34 +0100] "GET /av.php HTTP/1.1" 404 16 "-" "-"
20.200.218.207 - - [02/Feb/2026:15:39:35 +0100] "GET /wp-includes/Text/Diff/Engine/about.php HTTP/1.1" 404 16 "-" "-"
20.200.218.207 - - [02/Feb/2026:15:39:35 +0100] "GET /wsd.php HTTP/1.1" 404 16 "-" "-"
20.200.218.207 - - [02/Feb/2026:15:39:36 +0100] "GET /jane.php HTTP/1.1" 404 16 "-" "-"
20.200.218.207 - - [02/Feb/2026:15:39:36 +0100] "GET /css.php HTTP/1.1" 404 16 "-" "-"
20.200.218.207 - - [02/Feb/2026:15:39:37 +0100] "GET /alfa.php HTTP/1.1" 404 16 "-" "-"
20.200.218.207 - - [02/Feb/2026:15:39:37 +0100] "GET /wen.php HTTP/1.1" 404 16 "-" "-"
20.200.218.207 - - [02/Feb/2026:15:39:38 +0100] "GET /x.php HTTP/1.1" 404 16 "-" "-"
20.200.218.207 - - [02/Feb/2026:15:39:38 +0100] "GET /xxxx.php HTTP/1.1" 404 16 "-" "-"
20.200.218.207 - - [02/Feb/2026:15:39:39 +0100] "GET /class.php HTTP/1.1" 404 16 "-" "-"
20.200.218.207 - - [02/Feb/2026:15:39:39 +0100] "GET /f35.php HTTP/1.1" 404 16 "-" "-"
114.119.155.96 - - [02/Feb/2026:15:39:45 +0100] "GET /wp-includes/css/ HTTP/1.1" 404 36 "https://www.loger.cm/wp-includes/css/dist/?C=D%3BO%3DA" "Mozilla/5.0 (Linux; Android 7.0;) AppleWebKit/537.36 (KHTML, like Gecko) Mobile Safari/537.36 (compatible; PetalBot;+https://webmaster.petalsearch.com/site/petalbot)"
146.88.233.70 - - [02/Feb/2026:15:39:48 +0100] "POST /wp-cron.php?doing_wp_cron=1770043188.2098269462585449218750 HTTP/1.1" 404 36 "-" "WordPress/6.8.3; https://www.loger.cm"
20.200.218.207 - - [02/Feb/2026:15:39:40 +0100] "GET /wp-admin/about.php HTTP/1.1" 302 - "-" "-"
20.200.218.207 - - [02/Feb/2026:15:39:49 +0100] "GET /wp-login.php?redirect_to=https%3A%2F%2Floger.cm%2Fwp-admin%2Fabout.php&reauth=1 HTTP/1.1" 200 18750 "-" "-"
20.200.218.207 - - [02/Feb/2026:15:39:50 +0100] "GET /update/f35.php HTTP/1.1" 404 16 "-" "-"
20.200.218.207 - - [02/Feb/2026:15:39:51 +0100] "GET /wp-content/themes/about.php HTTP/1.1" 404 16 "-" "-"
20.200.218.207 - - [02/Feb/2026:15:39:51 +0100] "GET /class-t.api.php HTTP/1.1" 404 16 "-" "-"
20.200.218.207 - - [02/Feb/2026:15:39:52 +0100] "GET /blurbs18.php HTTP/1.1" 404 16 "-" "-"
20.200.218.207 - - [02/Feb/2026:15:39:52 +0100] "GET /.well-known/gecko-litespeed.php HTTP/1.1" 404 16 "-" "-"
20.200.218.207 - - [02/Feb/2026:15:39:53 +0100] "GET /wp-admin/maint/about.php HTTP/1.1" 404 16 "-" "-"
20.200.218.207 - - [02/Feb/2026:15:39:53 +0100] "GET /wp-content/admin.php HTTP/1.1" 404 16 "-" "-"
20.200.218.207 - - [02/Feb/2026:15:39:54 +0100] "GET /wp-admin/setup-config.php HTTP/1.1" 404 16 "-" "-"
20.200.218.207 - - [02/Feb/2026:15:39:54 +0100] "GET /wp-includes/ID3/about.php?p= HTTP/1.1" 404 16 "-" "-"
20.200.218.207 - - [02/Feb/2026:15:39:55 +0100] "GET /.well-known/admin.php HTTP/1.1" 404 16 "-" "-"
20.200.218.207 - - [02/Feb/2026:15:39:55 +0100] "GET /wp-good.php HTTP/1.1" 404 16 "-" "-"
20.200.218.207 - - [02/Feb/2026:15:39:56 +0100] "GET /bless11.php HTTP/1.1" 404 16 "-" "-"
20.200.218.207 - - [02/Feb/2026:15:39:56 +0100] "GET /init.php HTTP/1.1" 404 16 "-" "-"
20.200.218.207 - - [02/Feb/2026:15:39:57 +0100] "GET /wp-content/plugins/pwnd/as.php HTTP/1.1" 404 16 "-" "-"
20.200.218.207 - - [02/Feb/2026:15:39:57 +0100] "GET /k.php HTTP/1.1" 404 16 "-" "-"
20.200.218.207 - - [02/Feb/2026:15:39:58 +0100] "GET /bless.php HTTP/1.1" 404 16 "-" "-"
20.200.218.207 - - [02/Feb/2026:15:39:58 +0100] "GET /X7x.php HTTP/1.1" 404 16 "-" "-"
20.200.218.207 - - [02/Feb/2026:15:39:59 +0100] "GET /166.php HTTP/1.1" 404 16 "-" "-"
20.200.218.207 - - [02/Feb/2026:15:39:59 +0100] "GET /plss3.php HTTP/1.1" 404 16 "-" "-"
20.200.218.207 - - [02/Feb/2026:15:40:00 +0100] "GET /wp-admin/user/about.php HTTP/1.1" 302 - "-" "-"
20.200.218.207 - - [02/Feb/2026:15:40:01 +0100] "GET /wp-login.php?redirect_to=https%3A%2F%2Floger.cm%2Fwp-admin%2Fuser%2Fabout.php&reauth=1 HTTP/1.1" 200 18796 "-" "-"
20.200.218.207 - - [02/Feb/2026:15:40:02 +0100] "GET /temp.php/wp-update.php HTTP/1.1" 404 16 "-" "-"
20.200.218.207 - - [02/Feb/2026:15:40:02 +0100] "GET /admins.php HTTP/1.1" 404 16 "-" "-"
20.200.218.207 - - [02/Feb/2026:15:40:03 +0100] "GET /wp.php HTTP/1.1" 404 16 "-" "-"
20.200.218.207 - - [02/Feb/2026:15:40:03 +0100] "GET /main.php HTTP/1.1" 404 16 "-" "-"
20.200.218.207 - - [02/Feb/2026:15:40:04 +0100] "GET /a1.php HTTP/1.1" 404 16 "-" "-"
20.200.218.207 - - [02/Feb/2026:15:40:04 +0100] "GET /lala.php HTTP/1.1" 404 16 "-" "-"
20.200.218.207 - - [02/Feb/2026:15:40:05 +0100] "GET /aaa.php HTTP/1.1" 404 16 "-" "-"
20.200.218.207 - - [02/Feb/2026:15:40:05 +0100] "GET /a2.php HTTP/1.1" 404 16 "-" "-"
20.200.218.207 - - [02/Feb/2026:15:40:06 +0100] "GET /wp-includes/assets/index.php HTTP/1.1" 404 16 "-" "-"
20.200.218.207 - - [02/Feb/2026:15:40:06 +0100] "GET /admin/function.php HTTP/1.1" 404 16 "-" "-"
20.200.218.207 - - [02/Feb/2026:15:40:06 +0100] "GET /nyan.php HTTP/1.1" 404 16 "-" "-"
20.200.218.207 - - [02/Feb/2026:15:40:07 +0100] "GET /jsond.php HTTP/1.1" 404 16 "-" "-"
20.200.218.207 - - [02/Feb/2026:15:40:08 +0100] "GET /admin/admin.php HTTP/1.1" 404 16 "-" "-"
57.141.0.10 - - [02/Feb/2026:15:40:33 +0100] "GET /?o=80891230636003 HTTP/2.0" 404 16 "-" "meta-externalagent/1.1 (+https://developers.facebook.com/docs/sharing/webmasters/crawler)"
114.119.146.40 - - [02/Feb/2026:15:41:17 +0100] "GET /wp-includes/rest-api.php HTTP/1.1" 404 36 "https://www.loger.cm/wp-includes/?C=M%3BO%3DA" "Mozilla/5.0 (Linux; Android 7.0;) AppleWebKit/537.36 (KHTML, like Gecko) Mobile Safari/537.36 (compatible; PetalBot;+https://webmaster.petalsearch.com/site/petalbot)"
57.141.0.12 - - [02/Feb/2026:15:41:32 +0100] "GET /?o=47288134778101 HTTP/2.0" 404 16 "-" "meta-externalagent/1.1 (+https://developers.facebook.com/docs/sharing/webmasters/crawler)"
66.249.68.67 - - [02/Feb/2026:15:41:46 +0100] "GET /?o=3990273423801 HTTP/1.1" 404 36 "-" "Mozilla/5.0 (Linux; Android 6.0.1; Nexus 5X Build/MMB29P) AppleWebKit/537.36 (KHTML, like Gecko) Chrome/143.0.7499.192 Mobile Safari/537.36 (compatible; Googlebot/2.1; +http://www.google.com/bot.html)"
57.141.0.50 - - [02/Feb/2026:15:42:16 +0100] "GET /?o=25316140458700 HTTP/2.0" 404 16 "-" "meta-externalagent/1.1 (+https://developers.facebook.com/docs/sharing/webmasters/crawler)"
66.249.68.65 - - [02/Feb/2026:15:42:34 +0100] "GET /?o=49194225666901 HTTP/1.1" 404 36 "-" "Mozilla/5.0 (Linux; Android 6.0.1; Nexus 5X Build/MMB29P) AppleWebKit/537.36 (KHTML, like Gecko) Chrome/143.0.7499.192 Mobile Safari/537.36 (compatible; Googlebot/2.1; +http://www.google.com/bot.html)"
66.249.68.65 - - [02/Feb/2026:15:42:35 +0100] "GET /?o=22122104070404 HTTP/1.1" 404 36 "-" "Mozilla/5.0 (Linux; Android 6.0.1; Nexus 5X Build/MMB29P) AppleWebKit/537.36 (KHTML, like Gecko) Chrome/143.0.7499.192 Mobile Safari/537.36 (compatible; Googlebot/2.1; +http://www.google.com/bot.html)"
114.119.143.207 - - [02/Feb/2026:15:42:52 +0100] "GET /wp-includes/js/tinymce/themes/inlite/?C=D%3BO%3DA HTTP/1.1" 404 36 "https://www.loger.cm/wp-includes/js/tinymce/themes/inlite/?C=D%3BO%3DA" "Mozilla/5.0 (Linux; Android 7.0;) AppleWebKit/537.36 (KHTML, like Gecko) Mobile Safari/537.36 (compatible; PetalBot;+https://webmaster.petalsearch.com/site/petalbot)"
57.141.0.62 - - [02/Feb/2026:15:43:57 +0100] "GET /?o=24917126737101 HTTP/2.0" 404 16 "-" "meta-externalagent/1.1 (+https://developers.facebook.com/docs/sharing/webmasters/crawler)"
57.141.0.6 - - [02/Feb/2026:15:44:15 +0100] "GET /?o=87907138761204 HTTP/2.0" 404 16 "-" "meta-externalagent/1.1 (+https://developers.facebook.com/docs/sharing/webmasters/crawler)"
114.119.159.233 - - [02/Feb/2026:15:44:27 +0100] "GET /wp-includes/js/tinymce/plugins/wpdialogs/plugin.js HTTP/1.1" 200 1019 "https://www.loger.cm/wp-includes/js/tinymce/plugins/wpdialogs/?C=N%3BO%3DD" "Mozilla/5.0 (Linux; Android 7.0;) AppleWebKit/537.36 (KHTML, like Gecko) Mobile Safari/537.36 (compatible; PetalBot;+https://webmaster.petalsearch.com/site/petalbot)"
66.249.68.65 - - [02/Feb/2026:15:45:00 +0100] "GET /?o=21003143826608 HTTP/1.1" 404 36 "-" "Mozilla/5.0 (Linux; Android 6.0.1; Nexus 5X Build/MMB29P) AppleWebKit/537.36 (KHTML, like Gecko) Chrome/143.0.7499.192 Mobile Safari/537.36 (compatible; Googlebot/2.1; +http://www.google.com/bot.html)"
66.249.68.66 - - [02/Feb/2026:15:45:05 +0100] "GET /?o=89640207993602 HTTP/1.1" 404 36 "-" "Mozilla/5.0 (Linux; Android 6.0.1; Nexus 5X Build/MMB29P) AppleWebKit/537.36 (KHTML, like Gecko) Chrome/143.0.7499.192 Mobile Safari/537.36 (compatible; Googlebot/2.1; +http://www.google.com/bot.html)"
57.141.0.17 - - [02/Feb/2026:15:45:11 +0100] "GET /?o=36729115428502 HTTP/2.0" 404 16 "-" "meta-externalagent/1.1 (+https://developers.facebook.com/docs/sharing/webmasters/crawler)"
57.141.0.4 - - [02/Feb/2026:15:45:35 +0100] "GET /?o=4527116246001 HTTP/2.0" 404 16 "-" "meta-externalagent/1.1 (+https://developers.facebook.com/docs/sharing/webmasters/crawler)"
74.125.150.67 - - [02/Feb/2026:15:45:44 +0100] "GET /wp-content/plugins/smook-creative/assets//images/paiement.jpg HTTP/1.1" 200 102764 "https://ldl.cm/" "Mozilla/5.0 (X11; Linux x86_64) AppleWebKit/537.36 (KHTML, like Gecko) Chrome/143.0.7499.192 Safari/537.36"
57.141.0.33 - - [02/Feb/2026:15:45:48 +0100] "GET /?o=2247426738403 HTTP/2.0" 404 16 "-" "meta-externalagent/1.1 (+https://developers.facebook.com/docs/sharing/webmasters/crawler)"
66.249.68.67 - - [02/Feb/2026:15:45:56 +0100] "GET /informe-de-analisis-de-mercado-de-chainlink-2024-1-2-3-48/ HTTP/1.1" 404 36 "-" "Mozilla/5.0 (Linux; Android 6.0.1; Nexus 5X Build/MMB29P) AppleWebKit/537.36 (KHTML, like Gecko) Chrome/143.0.7499.192 Mobile Safari/537.36 (compatible; Googlebot/2.1; +http://www.google.com/bot.html)"
114.119.159.233 - - [02/Feb/2026:15:46:00 +0100] "GET /wp-includes/js/mediaelement/wp-mediaelement.min.js HTTP/1.1" 200 538 "https://www.loger.cm/wp-includes/js/mediaelement/?C=S%3BO%3DA" "Mozilla/5.0 (Linux; Android 7.0;) AppleWebKit/537.36 (KHTML, like Gecko) Mobile Safari/537.36 (compatible; PetalBot;+https://webmaster.petalsearch.com/site/petalbot)"
66.249.68.67 - - [02/Feb/2026:15:47:33 +0100] "GET /?o=07084217129100 HTTP/1.1" 404 36 "-" "Mozilla/5.0 (Linux; Android 6.0.1; Nexus 5X Build/MMB29P) AppleWebKit/537.36 (KHTML, like Gecko) Chrome/143.0.7499.192 Mobile Safari/537.36 (compatible; Googlebot/2.1; +http://www.google.com/bot.html)"
114.119.146.40 - - [02/Feb/2026:15:47:37 +0100] "GET /wp-includes/js/dist/editor.js HTTP/1.1" 200 236700 "https://www.loger.cm/wp-includes/js/dist/?C=M%3BO%3DA" "Mozilla/5.0 (Linux; Android 7.0;) AppleWebKit/537.36 (KHTML, like Gecko) Mobile Safari/537.36 (compatible; PetalBot;+https://webmaster.petalsearch.com/site/petalbot)"
57.141.0.8 - - [02/Feb/2026:15:48:06 +0100] "GET /?o=91707259462403 HTTP/2.0" 404 16 "-" "meta-externalagent/1.1 (+https://developers.facebook.com/docs/sharing/webmasters/crawler)"
114.119.155.96 - - [02/Feb/2026:15:49:08 +0100] "GET /wp-includes/js/dist/components.min.js HTTP/1.1" 200 228947 "https://www.loger.cm/wp-includes/js/dist/?C=M%3BO%3DA" "Mozilla/5.0 (Linux; Android 7.0;) AppleWebKit/537.36 (KHTML, like Gecko) Mobile Safari/537.36 (compatible; PetalBot;+https://webmaster.petalsearch.com/site/petalbot)"
114.119.159.233 - - [02/Feb/2026:15:50:43 +0100] "GET /wp-includes/css/dist/format-library/style.min.css HTTP/1.1" 200 474 "https://www.loger.cm/wp-includes/css/dist/format-library/?C=M%3BO%3DA" "Mozilla/5.0 (Linux; Android 7.0;) AppleWebKit/537.36 (KHTML, like Gecko) Mobile Safari/537.36 (compatible; PetalBot;+https://webmaster.petalsearch.com/site/petalbot)"
66.249.68.68 - - [02/Feb/2026:15:50:46 +0100] "GET /?o=18890154627203 HTTP/1.1" 404 36 "-" "Mozilla/5.0 (Linux; Android 6.0.1; Nexus 5X Build/MMB29P) AppleWebKit/537.36 (KHTML, like Gecko) Chrome/143.0.7499.192 Mobile Safari/537.36 (compatible; Googlebot/2.1; +http://www.google.com/bot.html)"
57.141.0.59 - - [02/Feb/2026:15:50:57 +0100] "GET /?o=78197133157905 HTTP/2.0" 404 16 "-" "meta-externalagent/1.1 (+https://developers.facebook.com/docs/sharing/webmasters/crawler)"
216.244.66.196 - - [02/Feb/2026:15:51:46 +0100] "GET /robots.txt HTTP/1.1" 404 16 "-" "Mozilla/5.0 (compatible; DotBot/1.2; +https://opensiteexplorer.org/dotbot; help@moz.com)"
114.119.146.171 - - [02/Feb/2026:15:52:19 +0100] "GET /wp-includes/cron.php HTTP/1.1" 404 36 "https://www.loger.cm/wp-includes/?C=M%3BO%3DA" "Mozilla/5.0 (Linux; Android 7.0;) AppleWebKit/537.36 (KHTML, like Gecko) Mobile Safari/537.36 (compatible; PetalBot;+https://webmaster.petalsearch.com/site/petalbot)"
66.249.68.67 - - [02/Feb/2026:15:52:23 +0100] "GET /?o=80872102156402 HTTP/1.1" 404 36 "-" "Mozilla/5.0 (Linux; Android 6.0.1; Nexus 5X Build/MMB29P) AppleWebKit/537.36 (KHTML, like Gecko) Chrome/143.0.7499.192 Mobile Safari/537.36 (compatible; Googlebot/2.1; +http://www.google.com/bot.html)"
66.249.68.67 - - [02/Feb/2026:15:52:25 +0100] "GET /?o=2875454263903 HTTP/1.1" 404 36 "-" "Mozilla/5.0 (Linux; Android 6.0.1; Nexus 5X Build/MMB29P) AppleWebKit/537.36 (KHTML, like Gecko) Chrome/143.0.7499.192 Mobile Safari/537.36 (compatible; Googlebot/2.1; +http://www.google.com/bot.html)"
66.249.68.66 - - [02/Feb/2026:15:52:29 +0100] "GET /?o=437853196802 HTTP/1.1" 404 36 "-" "Mozilla/5.0 (Linux; Android 6.0.1; Nexus 5X Build/MMB29P) AppleWebKit/537.36 (KHTML, like Gecko) Chrome/143.0.7499.192 Mobile Safari/537.36 (compatible; Googlebot/2.1; +http://www.google.com/bot.html)"
57.141.0.21 - - [02/Feb/2026:15:52:39 +0100] "GET /?o=13132224354900 HTTP/2.0" 404 16 "-" "meta-externalagent/1.1 (+https://developers.facebook.com/docs/sharing/webmasters/crawler)"
57.141.0.30 - - [02/Feb/2026:15:53:10 +0100] "GET /?o=02972237472905 HTTP/2.0" 404 16 "-" "meta-externalagent/1.1 (+https://developers.facebook.com/docs/sharing/webmasters/crawler)"
146.70.134.122 - - [02/Feb/2026:15:53:41 +0100] "GET /?o=27017106747803&channel=3f9e2f&from=news.php%3Fid%3D1067478-159%26name%3D%E3%82%AA%E3%83%BC%E3%82%B1%E3%83%BC%E5%99%A8%E6%9D%90%5BKHRP25D72TP%5D%E5%86%B7%E5%AA%92%E5%88%86%E5%B2%90%E7%AE%A1%E3%80%80%E3%83%97%E3%83%AC%E5%8A%A0%E5%B7%A5%E3%82%B8%E3%83%A7%E3%82%A4%E3%83%B3%E3%83%88 HTTP/1.1" 404 36 "-" "Mozilla/5.0 (OS/2; Warp 4.5; rv:45.0) Gecko/20100101 Firefox/45.0 SeaMonkey/2.42.9esr"
146.70.134.122 - - [02/Feb/2026:15:53:41 +0100] "GET /?channel=3f9e2f&from=news.php%3Fid%3D1067478-159%26name%3D%E3%82%AA%E3%83%BC%E3%82%B1%E3%83%BC%E5%99%A8%E6%9D%90%5BKHRP25D72TP%5D%E5%86%B7%E5%AA%92%E5%88%86%E5%B2%90%E7%AE%A1%E3%80%80%E3%83%97%E3%83%AC%E5%8A%A0%E5%B7%A5%E3%82%B8%E3%83%A7%E3%82%A4%E3%83%B3%E3%83%88&o=27017106747803%27 HTTP/1.1" 404 36 "-" "Mozilla/5.0 (Linux; Android 11; SM-A225F) AppleWebKit/537.36 (KHTML, like Gecko) Chrome/101.0.4951.41 Mobile Safari/537.36"
146.70.134.122 - - [02/Feb/2026:15:53:42 +0100] "GET /?channel=3f9e2f%27&from=news.php%3Fid%3D1067478-159%26name%3D%E3%82%AA%E3%83%BC%E3%82%B1%E3%83%BC%E5%99%A8%E6%9D%90%5BKHRP25D72TP%5D%E5%86%B7%E5%AA%92%E5%88%86%E5%B2%90%E7%AE%A1%E3%80%80%E3%83%97%E3%83%AC%E5%8A%A0%E5%B7%A5%E3%82%B8%E3%83%A7%E3%82%A4%E3%83%B3%E3%83%88&o=27017106747803 HTTP/1.1" 404 36 "-" "Mozilla/4.0 (compatible; MSIE 7.0; Windows NT 6.0)"
146.70.134.122 - - [02/Feb/2026:15:53:42 +0100] "GET /?channel=3f9e2f&from=news.php%3Fid%3D1067478-159%26name%3D%E3%82%AA%E3%83%BC%E3%82%B1%E3%83%BC%E5%99%A8%E6%9D%90%5BKHRP25D72TP%5D%E5%86%B7%E5%AA%92%E5%88%86%E5%B2%90%E7%AE%A1%E3%80%80%E3%83%97%E3%83%AC%E5%8A%A0%E5%B7%A5%E3%82%B8%E3%83%A7%E3%82%A4%E3%83%B3%E3%83%88%27&o=27017106747803 HTTP/1.1" 404 36 "-" "Mozilla/5.0 (X11; U; Linux i686; en-US) AppleWebKit/532.8 (KHTML, like Gecko) Chrome/4.0.277.0 Safari/532.8"
114.119.146.40 - - [02/Feb/2026:15:53:50 +0100] "GET /wp-includes/comment-template.php HTTP/1.1" 404 36 "https://www.loger.cm/wp-includes/?C=M%3BO%3DA" "Mozilla/5.0 (Linux; Android 7.0;) AppleWebKit/537.36 (KHTML, like Gecko) Mobile Safari/537.36 (compatible; PetalBot;+https://webmaster.petalsearch.com/site/petalbot)"
66.249.68.66 - - [02/Feb/2026:15:54:06 +0100] "GET /?o=79177237700801 HTTP/1.1" 404 36 "-" "Mozilla/5.0 (Linux; Android 6.0.1; Nexus 5X Build/MMB29P) AppleWebKit/537.36 (KHTML, like Gecko) Chrome/143.0.7499.192 Mobile Safari/537.36 (compatible; Googlebot/2.1; +http://www.google.com/bot.html)"
38.172.162.106 - - [02/Feb/2026:15:54:29 +0100] "GET /?o=37678225331301 HTTP/2.0" 404 36 "https://www.google.com/" "Mozilla/5.0 (Macintosh; Intel Mac OS X 10_15_7) AppleWebKit/537.36 (KHTML, like Gecko) Chrome/123.0.4007.85 Safari/537.36"
27.97.84.117 - - [02/Feb/2026:15:54:49 +0100] "GET /?o=37678225331301 HTTP/2.0" 404 36 "https://www.google.com/" "Mozilla/5.0 (Macintosh; Intel Mac OS X 10_15_7) AppleWebKit/537.36 (KHTML, like Gecko) Chrome/131.0.4445.90 Safari/537.36"
170.239.184.26 - - [02/Feb/2026:15:54:57 +0100] "GET /?o=37678225331301 HTTP/2.0" 404 36 "https://www.google.com/" "Mozilla/5.0 (Macintosh; Intel Mac OS X 10_15_7) AppleWebKit/537.36 (KHTML, like Gecko) Chrome/132.0.4018.85 Safari/537.36"
82.167.152.206 - - [02/Feb/2026:15:55:00 +0100] "GET /?o=37678225331301 HTTP/2.0" 404 36 "https://www.google.com/" "Mozilla/5.0 (Windows NT 10.0; Win64; x64) AppleWebKit/537.36 (KHTML, like Gecko) Chrome/126.0.4181.59 Safari/537.36"
59.153.235.162 - - [02/Feb/2026:15:55:03 +0100] "GET /?o=37678225331301 HTTP/2.0" 404 36 "https://www.google.com/" "Mozilla/5.0 (Windows NT 10.0; WOW64) AppleWebKit/537.36 (KHTML, like Gecko) Chrome/123.0.4390.79 Safari/537.36"
114.119.146.40 - - [02/Feb/2026:15:55:26 +0100] "GET /wp-includes/class-wp.php HTTP/1.1" 404 36 "https://www.loger.cm/wp-includes/?C=M%3BO%3DA" "Mozilla/5.0 (Linux; Android 7.0;) AppleWebKit/537.36 (KHTML, like Gecko) Mobile Safari/537.36 (compatible; PetalBot;+https://webmaster.petalsearch.com/site/petalbot)"
66.249.68.65 - - [02/Feb/2026:15:56:31 +0100] "GET /?o=01807278762403 HTTP/1.1" 404 36 "-" "Mozilla/5.0 (Linux; Android 6.0.1; Nexus 5X Build/MMB29P) AppleWebKit/537.36 (KHTML, like Gecko) Chrome/143.0.7499.192 Mobile Safari/537.36 (compatible; Googlebot/2.1; +http://www.google.com/bot.html)"
66.249.68.65 - - [02/Feb/2026:15:56:31 +0100] "GET /?o=03785156636500&channel=91b05d&from=shop.php%3Fid%3D1566365-174%26name%3DTOYOTA+%E3%83%AC%E3%82%B8%E3%82%A2%E3%82%B9%2F%E3%83%84%E3%83%BC%E3%83%AA%E3%83%B3%E3%82%B0%E3%83%8F%E3%82%A4%E3%82%A8%E3%83%BC%E3%82%B9+RCH41W%2FRCH42V%2FRCH47W%E7%94%A8++%E3%82%B9%E3%82%BF%E3%83%BC%E3%82%BF%E3%83%BC%E3%80%80%E4%BB%A3%E8%A1%A8%E7%B4%94%E6%AD%A3%E5%93%81%E7%95%AA%EF%BC%9A28100-75090+%E2%80%BB%E3%82%B3%E3%82%A2%E8%BF%94%E5%8D%B4%E5%BF%85%E8%A6%81%EF%BC%81%EF%BC%88%E3%83%84%E3%83%BC%E3%83%AA%E3%83%B3%E3%82%B0%E3%83%8F%E3%82%A4%E3%82%A8%E3%83%BC%E3%82%B9%EF%BC%88%E3%83%88%E3%83%A8%E3%82%BF%EF%BC%89%E3%83%84%E3%83%BC%E3%83%AA%E3%83%B3%E3%82%B0%E3%83%8F%E3%82%A4%E3%82%A8%E3%83%BC%E3%82%B9+GF-RCH41W%281006200%29+%E3%81%AE%E7%94%BB%E5%83%8F+%7C+%E4%B8%AD%E5%8F%A4%E8%BB%8A%E3%81%AE%E3%82%AC%E3%83%AA%E3%83%90%E3%83%BC%EF%BC%89 HTTP/1.1" 404 36 "-" "Mozilla/5.0 (Linux; Android 6.0.1; Nexus 5X Build/MMB29P) AppleWebKit/537.36 (KHTML, like Gecko) Chrome/143.0.7499.192 Mobile Safari/537.36 (compatible; Googlebot/2.1; +http://www.google.com/bot.html)"
66.249.68.65 - - [02/Feb/2026:15:56:32 +0100] "GET /?o=2519984276305 HTTP/1.1" 404 36 "-" "Mozilla/5.0 (Linux; Android 6.0.1; Nexus 5X Build/MMB29P) AppleWebKit/537.36 (KHTML, like Gecko) Chrome/143.0.7499.192 Mobile Safari/537.36 (compatible; Googlebot/2.1; +http://www.google.com/bot.html)"
114.119.143.207 - - [02/Feb/2026:15:56:59 +0100] "GET /wp-includes/class-wp-xmlrpc-server.php HTTP/1.1" 404 36 "https://www.loger.cm/wp-includes/?C=M%3BO%3DA" "Mozilla/5.0 (Linux; Android 7.0;) AppleWebKit/537.36 (KHTML, like Gecko) Mobile Safari/537.36 (compatible; PetalBot;+https://webmaster.petalsearch.com/site/petalbot)"
66.249.68.66 - - [02/Feb/2026:15:57:26 +0100] "GET /?o=050524378001 HTTP/1.1" 404 36 "-" "Mozilla/5.0 (Linux; Android 6.0.1; Nexus 5X Build/MMB29P) AppleWebKit/537.36 (KHTML, like Gecko) Chrome/143.0.7499.192 Mobile Safari/537.36 (compatible; Googlebot/2.1; +http://www.google.com/bot.html)"
114.119.155.96 - - [02/Feb/2026:15:58:34 +0100] "GET /wp-includes/class-wp-user-request.php HTTP/1.1" 404 36 "https://www.loger.cm/wp-includes/?C=M%3BO%3DA" "Mozilla/5.0 (Linux; Android 7.0;) AppleWebKit/537.36 (KHTML, like Gecko) Mobile Safari/537.36 (compatible; PetalBot;+https://webmaster.petalsearch.com/site/petalbot)"
66.249.68.67 - - [02/Feb/2026:15:59:27 +0100] "GET /?o=0241166598802 HTTP/1.1" 404 36 "-" "Mozilla/5.0 (Linux; Android 6.0.1; Nexus 5X Build/MMB29P) AppleWebKit/537.36 (KHTML, like Gecko) Chrome/143.0.7499.192 Mobile Safari/537.36 (compatible; Googlebot/2.1; +http://www.google.com/bot.html)"
114.119.140.137 - - [02/Feb/2026:16:00:08 +0100] "GET /wp-includes/class-wp-user-meta-session-tokens.php HTTP/1.1" 404 36 "https://www.loger.cm/wp-includes/?C=M%3BO%3DA" "Mozilla/5.0 (Linux; Android 7.0;) AppleWebKit/537.36 (KHTML, like Gecko) Mobile Safari/537.36 (compatible; PetalBot;+https://webmaster.petalsearch.com/site/petalbot)"
114.119.140.137 - - [02/Feb/2026:16:01:42 +0100] "GET /wp-includes/class-wp-theme.php HTTP/1.1" 404 36 "https://www.loger.cm/wp-includes/?C=M%3BO%3DA" "Mozilla/5.0 (Linux; Android 7.0;) AppleWebKit/537.36 (KHTML, like Gecko) Mobile Safari/537.36 (compatible; PetalBot;+https://webmaster.petalsearch.com/site/petalbot)"
66.249.68.68 - - [02/Feb/2026:16:01:46 +0100] "GET /room_type/chambre-simple-8/?check_in=2020-10-23&check_out=2020-10-24&adults=1&city=Garoua HTTP/1.1" 404 36 "-" "Mozilla/5.0 (Linux; Android 6.0.1; Nexus 5X Build/MMB29P) AppleWebKit/537.36 (KHTML, like Gecko) Chrome/143.0.7499.192 Mobile Safari/537.36 (compatible; Googlebot/2.1; +http://www.google.com/bot.html)"
216.244.66.196 - - [02/Feb/2026:16:01:52 +0100] "GET /?o=2119167142704 HTTP/1.1" 404 16 "-" "Mozilla/5.0 (compatible; DotBot/1.2; +https://opensiteexplorer.org/dotbot; help@moz.com)"
114.119.136.64 - - [02/Feb/2026:16:03:17 +0100] "GET /wp-includes/class-wp-simplepie-file.php HTTP/1.1" 404 36 "https://www.loger.cm/wp-includes/?C=M%3BO%3DA" "Mozilla/5.0 (Linux; Android 7.0;) AppleWebKit/537.36 (KHTML, like Gecko) Mobile Safari/537.36 (compatible; PetalBot;+https://webmaster.petalsearch.com/site/petalbot)"
114.119.159.233 - - [02/Feb/2026:16:04:50 +0100] "GET /wp-includes/class-wp-session-tokens.php HTTP/1.1" 404 36 "https://www.loger.cm/wp-includes/?C=M%3BO%3DA" "Mozilla/5.0 (Linux; Android 7.0;) AppleWebKit/537.36 (KHTML, like Gecko) Mobile Safari/537.36 (compatible; PetalBot;+https://webmaster.petalsearch.com/site/petalbot)"
114.119.155.96 - - [02/Feb/2026:16:06:28 +0100] "GET /wp-includes/js/wplink.js HTTP/1.1" 200 6001 "https://www.loger.cm/wp-includes/js/?C=S%3BO%3DA" "Mozilla/5.0 (Linux; Android 7.0;) AppleWebKit/537.36 (KHTML, like Gecko) Mobile Safari/537.36 (compatible; PetalBot;+https://webmaster.petalsearch.com/site/petalbot)"
114.119.133.119 - - [02/Feb/2026:16:07:59 +0100] "GET /wp-includes/js/tinymce/skins/wordpress/images/?C=M%3BO%3DA HTTP/1.1" 404 36 "https://www.loger.cm/wp-includes/js/tinymce/skins/wordpress/images/?C=D%3BO%3DA" "Mozilla/5.0 (Linux; Android 7.0;) AppleWebKit/537.36 (KHTML, like Gecko) Mobile Safari/537.36 (compatible; PetalBot;+https://webmaster.petalsearch.com/site/petalbot)"
66.249.68.68 - - [02/Feb/2026:16:08:10 +0100] "GET /?o=83230167507400 HTTP/1.1" 404 36 "-" "Mozilla/5.0 (Linux; Android 6.0.1; Nexus 5X Build/MMB29P) AppleWebKit/537.36 (KHTML, like Gecko) Chrome/143.0.7499.192 Mobile Safari/537.36 (compatible; Googlebot/2.1; +http://www.google.com/bot.html)"
66.249.68.67 - - [02/Feb/2026:16:08:11 +0100] "GET /?o=94152218106301 HTTP/1.1" 404 36 "-" "Mozilla/5.0 (Linux; Android 6.0.1; Nexus 5X Build/MMB29P) AppleWebKit/537.36 (KHTML, like Gecko) Chrome/143.0.7499.192 Mobile Safari/537.36 (compatible; Googlebot/2.1; +http://www.google.com/bot.html)"
66.249.68.67 - - [02/Feb/2026:16:08:11 +0100] "GET /?o=72126289787409 HTTP/1.1" 404 36 "-" "Mozilla/5.0 (Linux; Android 6.0.1; Nexus 5X Build/MMB29P) AppleWebKit/537.36 (KHTML, like Gecko) Chrome/143.0.7499.192 Mobile Safari/537.36 (compatible; Googlebot/2.1; +http://www.google.com/bot.html)"
114.119.136.64 - - [02/Feb/2026:16:09:34 +0100] "GET /wp-includes/js/tinymce/skins/lightgray/?C=D%3BO%3DA HTTP/1.1" 404 36 "https://www.loger.cm/wp-includes/js/tinymce/skins/lightgray/?C=M%3BO%3DA" "Mozilla/5.0 (Linux; Android 7.0;) AppleWebKit/537.36 (KHTML, like Gecko) Mobile Safari/537.36 (compatible; PetalBot;+https://webmaster.petalsearch.com/site/petalbot)"
114.119.133.119 - - [02/Feb/2026:16:11:10 +0100] "GET /wp-includes/js/tinymce/plugins/wpview/?C=D%3BO%3DA HTTP/1.1" 404 36 "https://www.loger.cm/wp-includes/js/tinymce/plugins/wpview/" "Mozilla/5.0 (Linux; Android 7.0;) AppleWebKit/537.36 (KHTML, like Gecko) Mobile Safari/537.36 (compatible; PetalBot;+https://webmaster.petalsearch.com/site/petalbot)"
114.119.155.96 - - [02/Feb/2026:16:12:42 +0100] "GET /wp-includes/js/thickbox/thickbox.css HTTP/1.1" 200 939 "https://www.loger.cm/wp-includes/js/thickbox/" "Mozilla/5.0 (Linux; Android 7.0;) AppleWebKit/537.36 (KHTML, like Gecko) Mobile Safari/537.36 (compatible; PetalBot;+https://webmaster.petalsearch.com/site/petalbot)"
66.249.68.67 - - [02/Feb/2026:16:13:48 +0100] "GET /?o=06515192930000 HTTP/1.1" 404 36 "-" "Mozilla/5.0 (Linux; Android 6.0.1; Nexus 5X Build/MMB29P) AppleWebKit/537.36 (KHTML, like Gecko) Chrome/143.0.7499.192 Mobile Safari/537.36 (compatible; Googlebot/2.1; +http://www.google.com/bot.html)"
66.249.68.66 - - [02/Feb/2026:16:13:49 +0100] "GET /?o=8306994428401 HTTP/1.1" 404 36 "-" "Mozilla/5.0 (Linux; Android 6.0.1; Nexus 5X Build/MMB29P) AppleWebKit/537.36 (KHTML, like Gecko) Chrome/143.0.7499.192 Mobile Safari/537.36 (compatible; Googlebot/2.1; +http://www.google.com/bot.html)"
114.119.140.137 - - [02/Feb/2026:16:14:16 +0100] "GET /wp-includes/js/dist/a11y.min.js HTTP/1.1" 200 956 "https://www.loger.cm/wp-includes/js/dist/?C=M%3BO%3DA" "Mozilla/5.0 (Linux; Android 7.0;) AppleWebKit/537.36 (KHTML, like Gecko) Mobile Safari/537.36 (compatible; PetalBot;+https://webmaster.petalsearch.com/site/petalbot)"
66.249.68.66 - - [02/Feb/2026:16:15:39 +0100] "GET /?o=35359288901200 HTTP/1.1" 404 36 "-" "Mozilla/5.0 (Linux; Android 6.0.1; Nexus 5X Build/MMB29P) AppleWebKit/537.36 (KHTML, like Gecko) Chrome/143.0.7499.192 Mobile Safari/537.36 (compatible; Googlebot/2.1; +http://www.google.com/bot.html)"
114.119.140.137 - - [02/Feb/2026:16:15:50 +0100] "GET /wp-includes/class-wp-recovery-mode-email-service.php HTTP/1.1" 404 36 "https://www.loger.cm/wp-includes/?C=M%3BO%3DA" "Mozilla/5.0 (Linux; Android 7.0;) AppleWebKit/537.36 (KHTML, like Gecko) Mobile Safari/537.36 (compatible; PetalBot;+https://webmaster.petalsearch.com/site/petalbot)"
114.119.143.207 - - [02/Feb/2026:16:17:26 +0100] "GET /wp-includes/class-wp-recovery-mode-cookie-service.php HTTP/1.1" 404 36 "https://www.loger.cm/wp-includes/?C=M%3BO%3DA" "Mozilla/5.0 (Linux; Android 7.0;) AppleWebKit/537.36 (KHTML, like Gecko) Mobile Safari/537.36 (compatible; PetalBot;+https://webmaster.petalsearch.com/site/petalbot)"
66.249.68.68 - - [02/Feb/2026:16:17:29 +0100] "GET /xrpjian-cha-repoto2024-3-4-6noxiang-xi-22/ HTTP/1.1" 404 36 "-" "Mozilla/5.0 (Linux; Android 6.0.1; Nexus 5X Build/MMB29P) AppleWebKit/537.36 (KHTML, like Gecko) Chrome/143.0.7499.192 Mobile Safari/537.36 (compatible; Googlebot/2.1; +http://www.google.com/bot.html)"
66.249.68.65 - - [02/Feb/2026:16:17:31 +0100] "GET /?o=23997221730001 HTTP/1.1" 404 36 "-" "Mozilla/5.0 (Linux; Android 6.0.1; Nexus 5X Build/MMB29P) AppleWebKit/537.36 (KHTML, like Gecko) Chrome/143.0.7499.192 Mobile Safari/537.36 (compatible; Googlebot/2.1; +http://www.google.com/bot.html)"
114.119.146.171 - - [02/Feb/2026:16:18:59 +0100] "GET /wp-includes/class-wp-network-query.php HTTP/1.1" 404 36 "https://www.loger.cm/wp-includes/?C=M%3BO%3DA" "Mozilla/5.0 (Linux; Android 7.0;) AppleWebKit/537.36 (KHTML, like Gecko) Mobile Safari/537.36 (compatible; PetalBot;+https://webmaster.petalsearch.com/site/petalbot)"
66.249.68.65 - - [02/Feb/2026:16:19:04 +0100] "GET /?o=90191281610303 HTTP/1.1" 404 36 "-" "Mozilla/5.0 (Linux; Android 6.0.1; Nexus 5X Build/MMB29P) AppleWebKit/537.36 (KHTML, like Gecko) Chrome/143.0.7499.192 Mobile Safari/537.36 (compatible; Googlebot/2.1; +http://www.google.com/bot.html)"
114.119.155.96 - - [02/Feb/2026:16:20:32 +0100] "GET /wp-includes/class-wp-fatal-error-handler.php HTTP/1.1" 404 36 "https://www.loger.cm/wp-includes/?C=M%3BO%3DA" "Mozilla/5.0 (Linux; Android 7.0;) AppleWebKit/537.36 (KHTML, like Gecko) Mobile Safari/537.36 (compatible; PetalBot;+https://webmaster.petalsearch.com/site/petalbot)"
34.34.253.124 - - [02/Feb/2026:16:20:49 +0100] "GET / HTTP/1.1" 404 36 "-" "Python/3.11 aiohttp/3.13.3"
66.249.68.65 - - [02/Feb/2026:16:21:48 +0100] "GET /?o=97542273244805 HTTP/1.1" 404 36 "-" "Mozilla/5.0 (Linux; Android 6.0.1; Nexus 5X Build/MMB29P) AppleWebKit/537.36 (KHTML, like Gecko) Chrome/143.0.7499.192 Mobile Safari/537.36 (compatible; Googlebot/2.1; +http://www.google.com/bot.html)"
66.249.68.65 - - [02/Feb/2026:16:21:49 +0100] "GET /?o=88028121826401 HTTP/1.1" 404 36 "-" "Mozilla/5.0 (Linux; Android 6.0.1; Nexus 5X Build/MMB29P) AppleWebKit/537.36 (KHTML, like Gecko) Chrome/143.0.7499.192 Mobile Safari/537.36 (compatible; Googlebot/2.1; +http://www.google.com/bot.html)"
114.119.146.171 - - [02/Feb/2026:16:22:07 +0100] "GET /wp-includes/class-wp-error.php HTTP/1.1" 404 36 "https://www.loger.cm/wp-includes/?C=M%3BO%3DA" "Mozilla/5.0 (Linux; Android 7.0;) AppleWebKit/537.36 (KHTML, like Gecko) Mobile Safari/537.36 (compatible; PetalBot;+https://webmaster.petalsearch.com/site/petalbot)"
66.249.68.66 - - [02/Feb/2026:16:23:39 +0100] "GET /?o=48719282399601 HTTP/1.1" 404 36 "-" "Mozilla/5.0 (Linux; Android 6.0.1; Nexus 5X Build/MMB29P) AppleWebKit/537.36 (KHTML, like Gecko) Chrome/143.0.7499.192 Mobile Safari/537.36 (compatible; Googlebot/2.1; +http://www.google.com/bot.html)"
114.119.143.207 - - [02/Feb/2026:16:23:41 +0100] "GET /wp-includes/class-wp-embed.php HTTP/1.1" 404 36 "https://www.loger.cm/wp-includes/?C=M%3BO%3DA" "Mozilla/5.0 (Linux; Android 7.0;) AppleWebKit/537.36 (KHTML, like Gecko) Mobile Safari/537.36 (compatible; PetalBot;+https://webmaster.petalsearch.com/site/petalbot)"
57.141.0.51 - - [02/Feb/2026:16:24:29 +0100] "GET /?o=969668362400 HTTP/2.0" 404 16 "-" "meta-externalagent/1.1 (+https://developers.facebook.com/docs/sharing/webmasters/crawler)"
57.141.0.48 - - [02/Feb/2026:16:25:16 +0100] "GET /?o=2760035590003 HTTP/2.0" 404 16 "-" "meta-externalagent/1.1 (+https://developers.facebook.com/docs/sharing/webmasters/crawler)"
114.119.136.64 - - [02/Feb/2026:16:25:18 +0100] "GET /wp-includes/class-wp-editor.php HTTP/1.1" 404 36 "https://www.loger.cm/wp-includes/?C=M%3BO%3DA" "Mozilla/5.0 (Linux; Android 7.0;) AppleWebKit/537.36 (KHTML, like Gecko) Mobile Safari/537.36 (compatible; PetalBot;+https://webmaster.petalsearch.com/site/petalbot)"
66.249.68.67 - - [02/Feb/2026:16:26:26 +0100] "GET /?o=01011268300800 HTTP/1.1" 404 36 "-" "Mozilla/5.0 (Linux; Android 6.0.1; Nexus 5X Build/MMB29P) AppleWebKit/537.36 (KHTML, like Gecko) Chrome/143.0.7499.192 Mobile Safari/537.36 (compatible; Googlebot/2.1; +http://www.google.com/bot.html)"
114.119.140.137 - - [02/Feb/2026:16:26:50 +0100] "GET /wp-includes/class-wp-customize-section.php HTTP/1.1" 404 36 "https://www.loger.cm/wp-includes/?C=M%3BO%3DA" "Mozilla/5.0 (Linux; Android 7.0;) AppleWebKit/537.36 (KHTML, like Gecko) Mobile Safari/537.36 (compatible; PetalBot;+https://webmaster.petalsearch.com/site/petalbot)"
157.55.39.15 - - [02/Feb/2026:16:26:52 +0100] "GET /?o=0638851187500&channel=d3b5bd&from=category-info.php%3Fid%3D511875-6434%26name%3D%E3%82%AD%E3%83%8E%E3%82%AF%E3%83%8B%3Cbr%3E%E3%82%AD%E3%83%8E%E3%82%AF%E3%83%8B+Kinokuni+MSD+%E3%83%A6%E3%83%8B%E3%83%90%E3%83%BC%E3%82%B5%E3%83%AB+%E3%83%9E%E3%83%AB%E3%83%81%E3%82%AF%E3%83%A9%E3%83%B3%E3%82%AF%E3%83%88%E3%83%AA%E3%82%AC%E3%83%BC%E3%82%AD%E3%83%83%E3%83%88%284%E3%80%9C12Cyl%29 HTTP/2.0" 404 36 "-" "Mozilla/5.0 AppleWebKit/537.36 (KHTML, like Gecko; compatible; bingbot/2.0; +http://www.bing.com/bingbot.htm) Chrome/116.0.1938.76 Safari/537.36"
57.141.0.14 - - [02/Feb/2026:16:27:39 +0100] "GET /?o=9100932158301 HTTP/2.0" 404 16 "-" "meta-externalagent/1.1 (+https://developers.facebook.com/docs/sharing/webmasters/crawler)"
52.253.108.115 - - [02/Feb/2026:16:27:52 +0100] "GET /wp-content/plugins/hellopress/wp_filemanager.php HTTP/1.1" 404 16 "-" "-"
52.253.108.115 - - [02/Feb/2026:16:27:52 +0100] "GET /rip.php HTTP/1.1" 404 16 "-" "-"
57.141.0.45 - - [02/Feb/2026:16:28:20 +0100] "GET /?o=0909031607404 HTTP/2.0" 404 16 "-" "meta-externalagent/1.1 (+https://developers.facebook.com/docs/sharing/webmasters/crawler)"
114.119.159.233 - - [02/Feb/2026:16:28:24 +0100] "GET /wp-includes/class-wp-customize-control.php HTTP/1.1" 404 36 "https://www.loger.cm/wp-includes/?C=M%3BO%3DA" "Mozilla/5.0 (Linux; Android 7.0;) AppleWebKit/537.36 (KHTML, like Gecko) Mobile Safari/537.36 (compatible; PetalBot;+https://webmaster.petalsearch.com/site/petalbot)"
66.249.68.66 - - [02/Feb/2026:16:29:12 +0100] "GET /?o=12771196935602 HTTP/1.1" 404 36 "-" "Mozilla/5.0 (Linux; Android 6.0.1; Nexus 5X Build/MMB29P) AppleWebKit/537.36 (KHTML, like Gecko) Chrome/143.0.7499.192 Mobile Safari/537.36 (compatible; Googlebot/2.1; +http://www.google.com/bot.html)"
66.249.68.67 - - [02/Feb/2026:16:29:12 +0100] "GET /?o=8671736993701 HTTP/1.1" 404 36 "-" "Mozilla/5.0 (Linux; Android 6.0.1; Nexus 5X Build/MMB29P) AppleWebKit/537.36 (KHTML, like Gecko) Chrome/143.0.7499.192 Mobile Safari/537.36 (compatible; Googlebot/2.1; +http://www.google.com/bot.html)"
57.141.0.3 - - [02/Feb/2026:16:29:50 +0100] "GET /?o=39478287995108 HTTP/2.0" 404 16 "-" "meta-externalagent/1.1 (+https://developers.facebook.com/docs/sharing/webmasters/crawler)"
114.119.136.64 - - [02/Feb/2026:16:29:58 +0100] "GET /wp-includes/class-wp-comment-query.php HTTP/1.1" 404 36 "https://www.loger.cm/wp-includes/?C=M%3BO%3DA" "Mozilla/5.0 (Linux; Android 7.0;) AppleWebKit/537.36 (KHTML, like Gecko) Mobile Safari/537.36 (compatible; PetalBot;+https://webmaster.petalsearch.com/site/petalbot)"
66.249.68.67 - - [02/Feb/2026:16:30:07 +0100] "GET /17992415251.shtml HTTP/1.1" 404 36 "-" "Mozilla/5.0 (Linux; Android 6.0.1; Nexus 5X Build/MMB29P) AppleWebKit/537.36 (KHTML, like Gecko) Chrome/143.0.7499.192 Mobile Safari/537.36 (compatible; Googlebot/2.1; +http://www.google.com/bot.html)"
57.141.0.41 - - [02/Feb/2026:16:30:10 +0100] "GET /?o=522829475604 HTTP/2.0" 404 16 "-" "meta-externalagent/1.1 (+https://developers.facebook.com/docs/sharing/webmasters/crawler)"
57.141.0.15 - - [02/Feb/2026:16:30:27 +0100] "GET /?o=27541107340307 HTTP/2.0" 404 16 "-" "meta-externalagent/1.1 (+https://developers.facebook.com/docs/sharing/webmasters/crawler)"
57.141.0.27 - - [02/Feb/2026:16:31:10 +0100] "GET /?o=56244291758502 HTTP/2.0" 404 16 "-" "meta-externalagent/1.1 (+https://developers.facebook.com/docs/sharing/webmasters/crawler)"
114.119.143.207 - - [02/Feb/2026:16:31:33 +0100] "GET /wp-includes/js/wp-emoji-release.min.js HTTP/1.1" 200 5163 "https://www.loger.cm/wp-includes/js/?C=S%3BO%3DA" "Mozilla/5.0 (Linux; Android 7.0;) AppleWebKit/537.36 (KHTML, like Gecko) Mobile Safari/537.36 (compatible; PetalBot;+https://webmaster.petalsearch.com/site/petalbot)"
57.141.0.42 - - [02/Feb/2026:16:32:14 +0100] "GET /?o=78547134188204 HTTP/2.0" 404 16 "-" "meta-externalagent/1.1 (+https://developers.facebook.com/docs/sharing/webmasters/crawler)"
195.2.79.165 - - [02/Feb/2026:16:32:27 +0100] "GET /room_type/chambre-luxe-king-akwa/ HTTP/1.0" 404 16 "https://www.loger.cm/room_type/chambre-luxe-king-akwa/#comment-3609/" "Mozilla/5.0 (Windows NT 10.0; Win64; x64) AppleWebKit/537.36 (KHTML, like Gecko) Chrome/131.0.0.0 Safari/537.36"
195.2.79.165 - - [02/Feb/2026:16:32:27 +0100] "GET / HTTP/1.0" 404 16 "https://www.loger.cm/" "Mozilla/5.0 (Windows NT 10.0; Win64; x64) AppleWebKit/537.36 (KHTML, like Gecko) Chrome/131.0.0.0 Safari/537.36"
195.2.79.165 - - [02/Feb/2026:16:32:28 +0100] "GET / HTTP/1.0" 404 16 "https://www.loger.cm/" "Mozilla/5.0 (Windows NT 10.0; Win64; x64) AppleWebKit/537.36 (KHTML, like Gecko) Chrome/131.0.0.0 Safari/537.36"
57.141.0.48 - - [02/Feb/2026:16:32:43 +0100] "GET /?o=9579958025502 HTTP/2.0" 404 16 "-" "meta-externalagent/1.1 (+https://developers.facebook.com/docs/sharing/webmasters/crawler)"
66.249.68.67 - - [02/Feb/2026:16:32:52 +0100] "GET /?o=1072829023200 HTTP/1.1" 404 36 "-" "Mozilla/5.0 (Linux; Android 6.0.1; Nexus 5X Build/MMB29P) AppleWebKit/537.36 (KHTML, like Gecko) Chrome/143.0.7499.192 Mobile Safari/537.36 (compatible; Googlebot/2.1; +http://www.google.com/bot.html)"
66.249.68.66 - - [02/Feb/2026:16:32:52 +0100] "GET /?o=8555054410400 HTTP/1.1" 404 36 "-" "Mozilla/5.0 (Linux; Android 6.0.1; Nexus 5X Build/MMB29P) AppleWebKit/537.36 (KHTML, like Gecko) Chrome/143.0.7499.192 Mobile Safari/537.36 (compatible; Googlebot/2.1; +http://www.google.com/bot.html)"
114.119.136.64 - - [02/Feb/2026:16:33:06 +0100] "GET /wp-includes/js/tinymce/skins/lightgray/ HTTP/1.1" 404 36 "https://www.loger.cm/wp-includes/js/tinymce/skins/lightgray/fonts/?C=D%3BO%3DA" "Mozilla/5.0 (Linux; Android 7.0;) AppleWebKit/537.36 (KHTML, like Gecko) Mobile Safari/537.36 (compatible; PetalBot;+https://webmaster.petalsearch.com/site/petalbot)"
66.249.68.68 - - [02/Feb/2026:16:33:47 +0100] "GET /?o=3492842595202 HTTP/1.1" 404 36 "-" "Mozilla/5.0 (Linux; Android 6.0.1; Nexus 5X Build/MMB29P) AppleWebKit/537.36 (KHTML, like Gecko) Chrome/143.0.7499.192 Mobile Safari/537.36 (compatible; Googlebot/2.1; +http://www.google.com/bot.html)"
57.141.0.73 - - [02/Feb/2026:16:34:08 +0100] "GET /?o=95973163407704 HTTP/2.0" 404 16 "-" "meta-externalagent/1.1 (+https://developers.facebook.com/docs/sharing/webmasters/crawler)"
