66.249.68.66 - - [02/Feb/2026:19:57:03 +0100] "GET /?o=7921381756400 HTTP/1.1" 404 36 "-" "Mozilla/5.0 (Linux; Android 6.0.1; Nexus 5X Build/MMB29P) AppleWebKit/537.36 (KHTML, like Gecko) Chrome/143.0.7499.192 Mobile Safari/537.36 (compatible; Googlebot/2.1; +http://www.google.com/bot.html)"
114.119.146.171 - - [02/Feb/2026:19:57:16 +0100] "GET /wp-includes/ID3/?C=D%3BO%3DA HTTP/1.1" 404 36 "https://www.loger.cm/wp-includes/ID3/?C=N%3BO%3DD" "Mozilla/5.0 (Linux; Android 7.0;) AppleWebKit/537.36 (KHTML, like Gecko) Mobile Safari/537.36 (compatible; PetalBot;+https://webmaster.petalsearch.com/site/petalbot)"
114.119.140.137 - - [02/Feb/2026:19:58:47 +0100] "GET /wp-includes/?C=S%3BO%3DA HTTP/1.1" 404 36 "https://www.loger.cm/wp-includes/?C=M%3BO%3DA" "Mozilla/5.0 (Linux; Android 7.0;) AppleWebKit/537.36 (KHTML, like Gecko) Mobile Safari/537.36 (compatible; PetalBot;+https://webmaster.petalsearch.com/site/petalbot)"
114.119.146.40 - - [02/Feb/2026:20:00:21 +0100] "GET /wp-includes/?C=N%3BO%3DD HTTP/1.1" 404 36 "https://www.loger.cm/wp-includes/?C=M%3BO%3DA" "Mozilla/5.0 (Linux; Android 7.0;) AppleWebKit/537.36 (KHTML, like Gecko) Mobile Safari/537.36 (compatible; PetalBot;+https://webmaster.petalsearch.com/site/petalbot)"
57.141.0.36 - - [02/Feb/2026:20:01:14 +0100] "GET /?o=1908134334802 HTTP/2.0" 404 16 "-" "meta-externalagent/1.1 (+https://developers.facebook.com/docs/sharing/webmasters/crawler)"
114.119.146.171 - - [02/Feb/2026:20:01:54 +0100] "GET /wp-includes/?C=D%3BO%3DA HTTP/1.1" 404 36 "https://www.loger.cm/wp-includes/?C=M%3BO%3DA" "Mozilla/5.0 (Linux; Android 7.0;) AppleWebKit/537.36 (KHTML, like Gecko) Mobile Safari/537.36 (compatible; PetalBot;+https://webmaster.petalsearch.com/site/petalbot)"
57.141.0.54 - - [02/Feb/2026:20:02:09 +0100] "GET /?o=96609253110003 HTTP/2.0" 404 16 "-" "meta-externalagent/1.1 (+https://developers.facebook.com/docs/sharing/webmasters/crawler)"
66.249.68.65 - - [02/Feb/2026:20:03:09 +0100] "GET /?o=17887277885401 HTTP/1.1" 404 36 "-" "Mozilla/5.0 (Linux; Android 6.0.1; Nexus 5X Build/MMB29P) AppleWebKit/537.36 (KHTML, like Gecko) Chrome/143.0.7499.192 Mobile Safari/537.36 (compatible; Googlebot/2.1; +http://www.google.com/bot.html)"
66.249.68.67 - - [02/Feb/2026:20:03:10 +0100] "GET /?o=5241295165900&channel=1fe475&from=info.php%3Fid%3D951659-20%26name%3D%E3%82%BF%E3%82%AB%E3%82%B7%E3%83%A7%E3%83%BC+HBA-D39K+%E3%82%A6%E3%82%A9%E3%83%BC%E3%83%AB%E3%82%B9%E3%83%9D%E3%83%83%E3%83%88%E3%83%A9%E3%82%A4%E3%83%88+%E3%83%AB%E3%83%BC%E3%83%A1%E3%83%83%E3%82%AF++M+%E3%83%96%E3%83%A9%E3%83%83%E3%82%AF+70939700%EF%BC%88%E3%82%BF%E3%82%AB%E3%82%B7%E3%83%A7%E3%83%BC+%E3%83%A9%E3%82%A4%E3%83%B3%E3%82%A6%E3%82%A9%E3%83%BC%E3%83%AB%E3%83%A9%E3%82%A4%E3%83%88+HBA-D28K+12V+%E3%83%AD%E3%83%BC%E3%82%BF%E3%82%A4%E3%83%97+W1600mm%EF%BD%9C%E5%BB%BA%E6%9D%90%E3%83%BB%E4%BD%8F%E5%AE%85%E8%B3%87%E6%9D%90%E3%81%AE%E5%85%AC%E5%BC%8F%E9%80%9A%E8%B2%A9LDK+plus%EF%BC%89 HTTP/1.1" 404 36 "-" "Mozilla/5.0 (Linux; Android 6.0.1; Nexus 5X Build/MMB29P) AppleWebKit/537.36 (KHTML, like Gecko) Chrome/143.0.7499.192 Mobile Safari/537.36 (compatible; Googlebot/2.1; +http://www.google.com/bot.html)"
114.119.159.233 - - [02/Feb/2026:20:03:29 +0100] "GET /wp-content/uploads/2020/10/images-5.jpg HTTP/1.1" 404 36 "https://www.loger.cm/hotel_location/hotel-le-ndere" "Mozilla/5.0 (Linux; Android 7.0;) AppleWebKit/537.36 (KHTML, like Gecko) Mobile Safari/537.36 (compatible; PetalBot;+https://webmaster.petalsearch.com/site/petalbot)"
114.119.140.137 - - [02/Feb/2026:20:05:03 +0100] "GET /wp-content/uploads/2020/01/client-2.jpg HTTP/1.1" 200 46459 "https://www.loger.cm/a-propos/" "Mozilla/5.0 (Linux; Android 7.0;) AppleWebKit/537.36 (KHTML, like Gecko) Mobile Safari/537.36 (compatible; PetalBot;+https://webmaster.petalsearch.com/site/petalbot)"
66.249.68.66 - - [02/Feb/2026:20:05:10 +0100] "GET /?o=91078187564609 HTTP/1.1" 404 36 "-" "Mozilla/5.0 (Linux; Android 6.0.1; Nexus 5X Build/MMB29P) AppleWebKit/537.36 (KHTML, like Gecko) Chrome/143.0.7499.192 Mobile Safari/537.36 (compatible; Googlebot/2.1; +http://www.google.com/bot.html)"
43.159.149.56 - - [02/Feb/2026:20:06:33 +0100] "GET / HTTP/1.1" 404 36 "http://loger.cm" "Mozilla/5.0 (iPhone; CPU iPhone OS 13_2_3 like Mac OS X) AppleWebKit/605.1.15 (KHTML, like Gecko) Version/13.0.3 Mobile/15E148 Safari/604.1"
114.119.155.96 - - [02/Feb/2026:20:06:37 +0100] "GET /wp-content/uploads/2019/12/Mosqu%C3%A9e_de_Ngaound%C3%A9r%C3%A9_2006.jpg HTTP/1.1" 404 36 "-" "Mozilla/5.0 (Linux; Android 7.0;) AppleWebKit/537.36 (KHTML, like Gecko) Mobile Safari/537.36 (compatible; PetalBot;+https://webmaster.petalsearch.com/site/petalbot)"
66.249.68.67 - - [02/Feb/2026:20:08:12 +0100] "GET /?o=2901159394905 HTTP/1.1" 404 36 "-" "Mozilla/5.0 (Linux; Android 6.0.1; Nexus 5X Build/MMB29P) AppleWebKit/537.36 (KHTML, like Gecko) Chrome/143.0.7499.192 Mobile Safari/537.36 (compatible; Googlebot/2.1; +http://www.google.com/bot.html)"
114.119.133.119 - - [02/Feb/2026:20:08:12 +0100] "GET /room_type/suite-familiale-et-princiere/ HTTP/1.1" 404 36 "https://www.loger.cm/hotel_location/hotel-makepe-palace/" "Mozilla/5.0 (Linux; Android 7.0;) AppleWebKit/537.36 (KHTML, like Gecko) Mobile Safari/537.36 (compatible; PetalBot;+https://webmaster.petalsearch.com/site/petalbot)"
57.141.0.7 - - [02/Feb/2026:20:08:18 +0100] "GET /?o=7255272352001 HTTP/2.0" 404 16 "-" "meta-externalagent/1.1 (+https://developers.facebook.com/docs/sharing/webmasters/crawler)"
66.249.68.67 - - [02/Feb/2026:20:09:13 +0100] "GET /?o=79077642801 HTTP/1.1" 404 36 "-" "Mozilla/5.0 (Linux; Android 6.0.1; Nexus 5X Build/MMB29P) AppleWebKit/537.36 (KHTML, like Gecko) Chrome/143.0.7499.192 Mobile Safari/537.36 (compatible; Googlebot/2.1; +http://www.google.com/bot.html)"
114.119.140.137 - - [02/Feb/2026:20:09:46 +0100] "GET /room_type/high-hills-hut/ HTTP/1.1" 404 36 "http://www.loger.cm/hotel_location/zwinkels-guest-house" "Mozilla/5.0 (Linux; Android 7.0;) AppleWebKit/537.36 (KHTML, like Gecko) Mobile Safari/537.36 (compatible; PetalBot;+https://webmaster.petalsearch.com/site/petalbot)"
66.249.68.66 - - [02/Feb/2026:20:09:56 +0100] "GET /2024/11/20/stellar-ecosystem-report-2024-3-2-9-general-information-and-download/feed/ HTTP/1.1" 404 36 "-" "Mozilla/5.0 (Linux; Android 6.0.1; Nexus 5X Build/MMB29P) AppleWebKit/537.36 (KHTML, like Gecko) Chrome/143.0.7499.192 Mobile Safari/537.36 (compatible; Googlebot/2.1; +http://www.google.com/bot.html)"
66.249.68.67 - - [02/Feb/2026:20:09:56 +0100] "GET /?o=07606244334404 HTTP/1.1" 404 36 "-" "Mozilla/5.0 (Linux; Android 6.0.1; Nexus 5X Build/MMB29P) AppleWebKit/537.36 (KHTML, like Gecko) Chrome/143.0.7499.192 Mobile Safari/537.36 (compatible; Googlebot/2.1; +http://www.google.com/bot.html)"
66.249.68.66 - - [02/Feb/2026:20:09:56 +0100] "GET /?o=28450243418300 HTTP/1.1" 404 36 "-" "Mozilla/5.0 (Linux; Android 6.0.1; Nexus 5X Build/MMB29P) AppleWebKit/537.36 (KHTML, like Gecko) Chrome/143.0.7499.192 Mobile Safari/537.36 (compatible; Googlebot/2.1; +http://www.google.com/bot.html)"
66.249.68.67 - - [02/Feb/2026:20:09:58 +0100] "GET /?o=2716384709603 HTTP/1.1" 404 36 "-" "Mozilla/5.0 (Linux; Android 6.0.1; Nexus 5X Build/MMB29P) AppleWebKit/537.36 (KHTML, like Gecko) Chrome/143.0.7499.192 Mobile Safari/537.36 (compatible; Googlebot/2.1; +http://www.google.com/bot.html)"
66.249.68.66 - - [02/Feb/2026:20:09:58 +0100] "GET /?o=12026284451604 HTTP/1.1" 404 36 "-" "Mozilla/5.0 (Linux; Android 6.0.1; Nexus 5X Build/MMB29P) AppleWebKit/537.36 (KHTML, like Gecko) Chrome/143.0.7499.192 Mobile Safari/537.36 (compatible; Googlebot/2.1; +http://www.google.com/bot.html)"
66.249.68.66 - - [02/Feb/2026:20:09:59 +0100] "GET /room_type/chambre-simple-8/?check_in=2020-10-20&check_out=2020-10-21&adults=1&city=Garoua HTTP/1.1" 404 36 "-" "Mozilla/5.0 (Linux; Android 6.0.1; Nexus 5X Build/MMB29P) AppleWebKit/537.36 (KHTML, like Gecko) Chrome/143.0.7499.192 Mobile Safari/537.36 (compatible; Googlebot/2.1; +http://www.google.com/bot.html)"
66.249.68.67 - - [02/Feb/2026:20:11:23 +0100] "GET /?o=11754248820006 HTTP/1.1" 404 36 "-" "Mozilla/5.0 (Linux; Android 6.0.1; Nexus 5X Build/MMB29P) AppleWebKit/537.36 (KHTML, like Gecko) Chrome/144.0.7559.109 Mobile Safari/537.36 (compatible; Googlebot/2.1; +http://www.google.com/bot.html)"
114.119.146.171 - - [02/Feb/2026:20:11:27 +0100] "GET /room_type/chambre-standard/ HTTP/1.1" 404 36 "https://www.loger.cm/hotel_location/hotel-le-beau-sejour" "Mozilla/5.0 (Linux; Android 7.0;) AppleWebKit/537.36 (KHTML, like Gecko) Mobile Safari/537.36 (compatible; PetalBot;+https://webmaster.petalsearch.com/site/petalbot)"
114.119.140.137 - - [02/Feb/2026:20:12:55 +0100] "GET /wp-includes/js/tinymce/utils/mctabs.js HTTP/1.1" 200 1470 "https://www.loger.cm/wp-includes/js/tinymce/utils/?C=N%3BO%3DD" "Mozilla/5.0 (Linux; Android 7.0;) AppleWebKit/537.36 (KHTML, like Gecko) Mobile Safari/537.36 (compatible; PetalBot;+https://webmaster.petalsearch.com/site/petalbot)"
66.249.68.66 - - [02/Feb/2026:20:13:15 +0100] "GET /?o=21431108119202 HTTP/1.1" 404 36 "-" "Mozilla/5.0 (Linux; Android 6.0.1; Nexus 5X Build/MMB29P) AppleWebKit/537.36 (KHTML, like Gecko) Chrome/143.0.7499.192 Mobile Safari/537.36 (compatible; Googlebot/2.1; +http://www.google.com/bot.html)"
114.119.133.119 - - [02/Feb/2026:20:14:30 +0100] "GET /wp-includes/js/tinymce/skins/wordpress/wp-content.css HTTP/1.1" 200 2642 "https://www.loger.cm/wp-includes/js/tinymce/skins/wordpress/" "Mozilla/5.0 (Linux; Android 7.0;) AppleWebKit/537.36 (KHTML, like Gecko) Mobile Safari/537.36 (compatible; PetalBot;+https://webmaster.petalsearch.com/site/petalbot)"
66.249.68.67 - - [02/Feb/2026:20:16:16 +0100] "GET /?o=361276937805&channel=b99fa5&from=form.php%3Fid%3D69378-3164%26name%3DLa+Maison++de+Lyllis+ERWIN+%E3%83%8F%E3%83%83%E3%83%88%EF%BC%88La+Maison+de+Lyllis%2FMARCUS+%2F+%E3%83%9E%E3%83%BC%E3%82%AB%E3%82%B9+%2F+%E3%83%8F%E3%83%83%E3%83%88%EF%BD%9CDaytona+Park%28FREAK%27S+STORE%E5%85%AC%E5%BC%8F%E9%80%9A%E8%B2%A9%29%EF%BC%89 HTTP/1.1" 404 36 "-" "Mozilla/5.0 (Linux; Android 6.0.1; Nexus 5X Build/MMB29P) AppleWebKit/537.36 (KHTML, like Gecko) Chrome/143.0.7499.192 Mobile Safari/537.36 (compatible; Googlebot/2.1; +http://www.google.com/bot.html)"
114.119.146.40 - - [02/Feb/2026:20:17:13 +0100] "GET /wp-includes/js/jquery/ui/sortable.min.js HTTP/1.1" 200 6586 "https://www.loger.cm/wp-includes/js/jquery/ui/?C=D%3BO%3DA" "Mozilla/5.0 (Linux; Android 7.0;) AppleWebKit/537.36 (KHTML, like Gecko) Mobile Safari/537.36 (compatible; PetalBot;+https://webmaster.petalsearch.com/site/petalbot)"
66.249.68.68 - - [02/Feb/2026:20:17:16 +0100] "GET /?o=7571258210 HTTP/1.1" 404 36 "-" "Mozilla/5.0 (Linux; Android 6.0.1; Nexus 5X Build/MMB29P) AppleWebKit/537.36 (KHTML, like Gecko) Chrome/143.0.7499.192 Mobile Safari/537.36 (compatible; Googlebot/2.1; +http://www.google.com/bot.html)"
114.119.133.119 - - [02/Feb/2026:20:17:37 +0100] "GET /room_type/chambre-standard-2/ HTTP/1.1" 404 36 "https://www.loger.cm/hotel_location/hotel-le-ndere" "Mozilla/5.0 (Linux; Android 7.0;) AppleWebKit/537.36 (KHTML, like Gecko) Mobile Safari/537.36 (compatible; PetalBot;+https://webmaster.petalsearch.com/site/petalbot)"
57.141.0.15 - - [02/Feb/2026:20:17:42 +0100] "GET /?o=75822170716701 HTTP/2.0" 404 16 "-" "meta-externalagent/1.1 (+https://developers.facebook.com/docs/sharing/webmasters/crawler)"
66.249.68.66 - - [02/Feb/2026:20:18:01 +0100] "GET /?o=90196151138806 HTTP/1.1" 404 36 "-" "Mozilla/5.0 (Linux; Android 6.0.1; Nexus 5X Build/MMB29P) AppleWebKit/537.36 (KHTML, like Gecko) Chrome/143.0.7499.192 Mobile Safari/537.36 (compatible; Googlebot/2.1; +http://www.google.com/bot.html)"
66.249.68.65 - - [02/Feb/2026:20:18:23 +0100] "GET /?o=9785511481606 HTTP/1.1" 404 36 "-" "Mozilla/5.0 (Linux; Android 6.0.1; Nexus 5X Build/MMB29P) AppleWebKit/537.36 (KHTML, like Gecko) Chrome/144.0.7559.109 Mobile Safari/537.36 (compatible; Googlebot/2.1; +http://www.google.com/bot.html)"
57.141.0.2 - - [02/Feb/2026:20:19:01 +0100] "GET /?o=19265100899200 HTTP/2.0" 404 16 "-" "meta-externalagent/1.1 (+https://developers.facebook.com/docs/sharing/webmasters/crawler)"
114.119.159.233 - - [02/Feb/2026:20:19:11 +0100] "GET /room_type/chambre-simple-6/ HTTP/1.1" 404 36 "https://www.loger.cm/hotel_location/hotel-le-rivage/" "Mozilla/5.0 (Linux; Android 7.0;) AppleWebKit/537.36 (KHTML, like Gecko) Mobile Safari/537.36 (compatible; PetalBot;+https://webmaster.petalsearch.com/site/petalbot)"
57.141.0.25 - - [02/Feb/2026:20:19:19 +0100] "GET /?o=85200123144802 HTTP/2.0" 404 16 "-" "meta-externalagent/1.1 (+https://developers.facebook.com/docs/sharing/webmasters/crawler)"
66.249.68.66 - - [02/Feb/2026:20:20:02 +0100] "GET /?o=6282736036604 HTTP/1.1" 404 36 "-" "Mozilla/5.0 (Linux; Android 6.0.1; Nexus 5X Build/MMB29P) AppleWebKit/537.36 (KHTML, like Gecko) Chrome/143.0.7499.192 Mobile Safari/537.36 (compatible; Googlebot/2.1; +http://www.google.com/bot.html)"
57.141.0.3 - - [02/Feb/2026:20:20:03 +0100] "GET /?o=92245284899600 HTTP/2.0" 404 16 "-" "meta-externalagent/1.1 (+https://developers.facebook.com/docs/sharing/webmasters/crawler)"
66.249.68.65 - - [02/Feb/2026:20:20:17 +0100] "GET /?o=81172189063901 HTTP/1.1" 404 36 "-" "Mozilla/5.0 (Linux; Android 6.0.1; Nexus 5X Build/MMB29P) AppleWebKit/537.36 (KHTML, like Gecko) Chrome/143.0.7499.192 Mobile Safari/537.36 (compatible; Googlebot/2.1; +http://www.google.com/bot.html)"
114.119.140.137 - - [02/Feb/2026:20:20:48 +0100] "GET /room_type/chambre-simple-5 HTTP/1.1" 404 36 "https://www.loger.cm/hotel_location/hotel-le-touriste" "Mozilla/5.0 (Linux; Android 7.0;) AppleWebKit/537.36 (KHTML, like Gecko) Mobile Safari/537.36 (compatible; PetalBot;+https://webmaster.petalsearch.com/site/petalbot)"
57.141.0.15 - - [02/Feb/2026:20:21:47 +0100] "GET /?o=10999205816602 HTTP/2.0" 404 16 "-" "meta-externalagent/1.1 (+https://developers.facebook.com/docs/sharing/webmasters/crawler)"
66.249.68.66 - - [02/Feb/2026:20:22:02 +0100] "GET /?o=27199262909401 HTTP/1.1" 404 36 "-" "Mozilla/5.0 (Linux; Android 6.0.1; Nexus 5X Build/MMB29P) AppleWebKit/537.36 (KHTML, like Gecko) Chrome/143.0.7499.192 Mobile Safari/537.36 (compatible; Googlebot/2.1; +http://www.google.com/bot.html)"
114.119.146.40 - - [02/Feb/2026:20:22:19 +0100] "GET /room_type/chambre-simple-4 HTTP/1.1" 404 36 "https://www.loger.cm/hotel_location/hotel-le-safari" "Mozilla/5.0 (Linux; Android 7.0;) AppleWebKit/537.36 (KHTML, like Gecko) Mobile Safari/537.36 (compatible; PetalBot;+https://webmaster.petalsearch.com/site/petalbot)"
66.249.68.66 - - [02/Feb/2026:20:22:20 +0100] "GET /?o=7962074764408 HTTP/1.1" 404 36 "-" "Mozilla/5.0 (Linux; Android 6.0.1; Nexus 5X Build/MMB29P) AppleWebKit/537.36 (KHTML, like Gecko) Chrome/143.0.7499.192 Mobile Safari/537.36 (compatible; Googlebot/2.1; +http://www.google.com/bot.html)"
57.141.0.17 - - [02/Feb/2026:20:22:28 +0100] "GET /?o=0346143475701 HTTP/2.0" 404 16 "-" "meta-externalagent/1.1 (+https://developers.facebook.com/docs/sharing/webmasters/crawler)"
57.141.0.69 - - [02/Feb/2026:20:23:33 +0100] "GET /?o=1086216175304 HTTP/2.0" 404 16 "-" "meta-externalagent/1.1 (+https://developers.facebook.com/docs/sharing/webmasters/crawler)"
114.119.136.64 - - [02/Feb/2026:20:23:54 +0100] "GET /room_type/chambre-simple-3/ HTTP/1.1" 404 36 "https://www.loger.cm/hotel_location/hotel-far-north/" "Mozilla/5.0 (Linux; Android 7.0;) AppleWebKit/537.36 (KHTML, like Gecko) Mobile Safari/537.36 (compatible; PetalBot;+https://webmaster.petalsearch.com/site/petalbot)"
57.141.0.76 - - [02/Feb/2026:20:24:02 +0100] "GET /?o=28640227123600 HTTP/2.0" 404 16 "-" "meta-externalagent/1.1 (+https://developers.facebook.com/docs/sharing/webmasters/crawler)"
57.141.0.8 - - [02/Feb/2026:20:24:14 +0100] "GET /?o=62982143601901 HTTP/2.0" 404 16 "-" "meta-externalagent/1.1 (+https://developers.facebook.com/docs/sharing/webmasters/crawler)"
57.141.0.73 - - [02/Feb/2026:20:24:24 +0100] "GET /?o=9817992584000 HTTP/2.0" 404 16 "-" "meta-externalagent/1.1 (+https://developers.facebook.com/docs/sharing/webmasters/crawler)"
57.141.0.62 - - [02/Feb/2026:20:24:35 +0100] "GET /?o=7218789609400 HTTP/2.0" 404 16 "-" "meta-externalagent/1.1 (+https://developers.facebook.com/docs/sharing/webmasters/crawler)"
57.141.0.51 - - [02/Feb/2026:20:25:21 +0100] "GET /?o=70891141954604 HTTP/2.0" 404 16 "-" "meta-externalagent/1.1 (+https://developers.facebook.com/docs/sharing/webmasters/crawler)"
66.249.68.67 - - [02/Feb/2026:20:25:24 +0100] "GET /solana-api-dokiyumentesiyon-2024-2-3-7-21/ HTTP/1.1" 404 36 "-" "Mozilla/5.0 (Linux; Android 6.0.1; Nexus 5X Build/MMB29P) AppleWebKit/537.36 (KHTML, like Gecko) Chrome/143.0.7499.192 Mobile Safari/537.36 (compatible; Googlebot/2.1; +http://www.google.com/bot.html)"
57.141.0.39 - - [02/Feb/2026:20:25:26 +0100] "GET /?o=83217253674500 HTTP/2.0" 404 16 "-" "meta-externalagent/1.1 (+https://developers.facebook.com/docs/sharing/webmasters/crawler)"
114.119.146.40 - - [02/Feb/2026:20:25:28 +0100] "GET /room_type/chambre-simple-2/ HTTP/1.1" 404 36 "https://www.loger.cm/hotel_location/motel-st-sebastien/" "Mozilla/5.0 (Linux; Android 7.0;) AppleWebKit/537.36 (KHTML, like Gecko) Mobile Safari/537.36 (compatible; PetalBot;+https://webmaster.petalsearch.com/site/petalbot)"
57.141.0.78 - - [02/Feb/2026:20:25:48 +0100] "GET /?o=9420885898900 HTTP/2.0" 404 16 "-" "meta-externalagent/1.1 (+https://developers.facebook.com/docs/sharing/webmasters/crawler)"
57.141.0.78 - - [02/Feb/2026:20:26:02 +0100] "GET /?o=92628157435106 HTTP/2.0" 404 16 "-" "meta-externalagent/1.1 (+https://developers.facebook.com/docs/sharing/webmasters/crawler)"
57.141.0.3 - - [02/Feb/2026:20:26:38 +0100] "GET /?o=77410129146701 HTTP/2.0" 404 16 "-" "meta-externalagent/1.1 (+https://developers.facebook.com/docs/sharing/webmasters/crawler)"
57.141.0.73 - - [02/Feb/2026:20:26:49 +0100] "GET /?o=77981205306200 HTTP/2.0" 404 16 "-" "meta-externalagent/1.1 (+https://developers.facebook.com/docs/sharing/webmasters/crawler)"
114.119.140.137 - - [02/Feb/2026:20:27:02 +0100] "GET /room_type/chambre-moderne/ HTTP/1.1" 404 36 "https://www.loger.cm/hotel_location/mini-cite-la-reussite/" "Mozilla/5.0 (Linux; Android 7.0;) AppleWebKit/537.36 (KHTML, like Gecko) Mobile Safari/537.36 (compatible; PetalBot;+https://webmaster.petalsearch.com/site/petalbot)"
66.249.68.65 - - [02/Feb/2026:20:27:28 +0100] "GET /?o=0612528730802 HTTP/1.1" 404 36 "-" "Mozilla/5.0 (Linux; Android 6.0.1; Nexus 5X Build/MMB29P) AppleWebKit/537.36 (KHTML, like Gecko) Chrome/143.0.7499.192 Mobile Safari/537.36 (compatible; Googlebot/2.1; +http://www.google.com/bot.html)"
20.13.120.70 - - [02/Feb/2026:20:28:09 +0100] "GET / HTTP/1.1" 404 36 "-" "Mozilla/5.0 (Windows NT 10.0; Win64; x64; rv:123.0) Gecko/20100101 Firefox/123.0 Config/92.2.7601.2"
114.119.136.64 - - [02/Feb/2026:20:28:38 +0100] "GET /room_type/chambre-luxe HTTP/1.1" 404 36 "-" "Mozilla/5.0 (Linux; Android 7.0;) AppleWebKit/537.36 (KHTML, like Gecko) Mobile Safari/537.36 (compatible; PetalBot;+https://webmaster.petalsearch.com/site/petalbot)"
66.249.68.67 - - [02/Feb/2026:20:29:03 +0100] "GET /?o=20454244316804 HTTP/1.1" 404 36 "-" "Mozilla/5.0 (Linux; Android 6.0.1; Nexus 5X Build/MMB29P) AppleWebKit/537.36 (KHTML, like Gecko) Chrome/143.0.7499.192 Mobile Safari/537.36 (compatible; Googlebot/2.1; +http://www.google.com/bot.html)"
51.89.25.52 - - [02/Feb/2026:20:29:23 +0100] "GET /?check_plugin HTTP/2.0" 404 16 "-" "Mozilla/5.0 (Windows NT 10.0; Win64; x64) AppleWebKit/537.36 (KHTML, like Gecko) Chrome/127.0.0.0 Safari/537.36"
66.249.68.67 - - [02/Feb/2026:20:29:30 +0100] "GET /informe-de-analisis-de-mercado-de-chainlink-2024-1-2-3-75/ HTTP/1.1" 404 36 "-" "Mozilla/5.0 (Linux; Android 6.0.1; Nexus 5X Build/MMB29P) AppleWebKit/537.36 (KHTML, like Gecko) Chrome/143.0.7499.192 Mobile Safari/537.36 (compatible; Googlebot/2.1; +http://www.google.com/bot.html)"
66.249.68.67 - - [02/Feb/2026:20:29:31 +0100] "GET /2024/11/20/uniswap-trading-strategy-2024-4-5-7-sonphttveyr-dstaavejiikrnn-8/ HTTP/1.1" 404 36 "-" "Mozilla/5.0 (Linux; Android 6.0.1; Nexus 5X Build/MMB29P) AppleWebKit/537.36 (KHTML, like Gecko) Chrome/143.0.7499.192 Mobile Safari/537.36 (compatible; Googlebot/2.1; +http://www.google.com/bot.html)"
51.89.25.52 - - [02/Feb/2026:20:29:36 +0100] "GET /?ltoken=3d5a88fc2c6b4846810cdba709d758c3d8ebb65c HTTP/2.0" 404 16 "-" "Mozilla/5.0 (Windows NT 10.0; Win64; x64) AppleWebKit/537.36 (KHTML, like Gecko) Chrome/139.0.0.0 Safari/537.36"
114.119.146.171 - - [02/Feb/2026:20:30:11 +0100] "GET /room_type/chambre-double-standard/ HTTP/1.1" 404 36 "https://www.loger.cm/hotel_location/la-falaise/" "Mozilla/5.0 (Linux; Android 7.0;) AppleWebKit/537.36 (KHTML, like Gecko) Mobile Safari/537.36 (compatible; PetalBot;+https://webmaster.petalsearch.com/site/petalbot)"
66.249.68.66 - - [02/Feb/2026:20:30:23 +0100] "GET /?o=0511794456809 HTTP/1.1" 404 36 "-" "Mozilla/5.0 (Linux; Android 6.0.1; Nexus 5X Build/MMB29P) AppleWebKit/537.36 (KHTML, like Gecko) Chrome/144.0.7559.109 Mobile Safari/537.36 (compatible; Googlebot/2.1; +http://www.google.com/bot.html)"
57.141.0.20 - - [02/Feb/2026:20:30:43 +0100] "GET /?o=11277119404201 HTTP/2.0" 404 16 "-" "meta-externalagent/1.1 (+https://developers.facebook.com/docs/sharing/webmasters/crawler)"
66.249.68.66 - - [02/Feb/2026:20:31:34 +0100] "GET /?o=90015176723105 HTTP/1.1" 404 36 "-" "Mozilla/5.0 (Linux; Android 6.0.1; Nexus 5X Build/MMB29P) AppleWebKit/537.36 (KHTML, like Gecko) Chrome/143.0.7499.192 Mobile Safari/537.36 (compatible; Googlebot/2.1; +http://www.google.com/bot.html)"
114.119.155.96 - - [02/Feb/2026:20:31:46 +0100] "GET /room_type/chambre-double-standard/ HTTP/1.1" 404 36 "https://www.loger.cm/hotel_location/la-falaise/" "Mozilla/5.0 (Linux; Android 7.0;) AppleWebKit/537.36 (KHTML, like Gecko) Mobile Safari/537.36 (compatible; PetalBot;+https://webmaster.petalsearch.com/site/petalbot)"
114.119.159.233 - - [02/Feb/2026:20:33:24 +0100] "GET /room_type/chambre-double-standard HTTP/1.1" 404 36 "https://www.loger.cm/hotel_location/la-falaise" "Mozilla/5.0 (Linux; Android 7.0;) AppleWebKit/537.36 (KHTML, like Gecko) Mobile Safari/537.36 (compatible; PetalBot;+https://webmaster.petalsearch.com/site/petalbot)"
66.249.68.66 - - [02/Feb/2026:20:33:35 +0100] "GET /2024/11/20/solana-governance-vorschlag-2024-5-0-9-dokumentation-3/ HTTP/1.1" 404 36 "-" "Mozilla/5.0 (Linux; Android 6.0.1; Nexus 5X Build/MMB29P) AppleWebKit/537.36 (KHTML, like Gecko) Chrome/143.0.7499.192 Mobile Safari/537.36 (compatible; Googlebot/2.1; +http://www.google.com/bot.html)"
146.88.233.70 - - [02/Feb/2026:20:34:14 +0100] "POST /wp-cron.php?doing_wp_cron=1770060854.1677789688110351562500 HTTP/1.1" 404 36 "-" "WordPress/6.8.3; https://www.loger.cm"
78.156.186.14 - - [02/Feb/2026:20:34:06 +0100] "GET /wp-login.php?wp_lang=en_US HTTP/2.0" 200 4170 "-" "Mozilla/5.0 (Windows NT 10.0; Win64; x64) AppleWebKit/537.36 (KHTML, like Gecko) Chrome/120.0.0.0 Safari/537.36"
78.156.186.14 - - [02/Feb/2026:20:34:14 +0100] "GET /wprhe_qrcode_style.css?ver=6.8.3 HTTP/2.0" 404 36 "https://www.loger.cm/wp-login.php?wp_lang=en_US" "Mozilla/5.0 (Windows NT 10.0; Win64; x64) AppleWebKit/537.36 (KHTML, like Gecko) Chrome/120.0.0.0 Safari/537.36"
78.156.186.14 - - [02/Feb/2026:20:34:14 +0100] "GET /wp-includes/js/jquery/jquery-migrate.min.js?ver=3.4.1 HTTP/2.0" 200 4872 "https://www.loger.cm/wp-login.php?wp_lang=en_US" "Mozilla/5.0 (Windows NT 10.0; Win64; x64) AppleWebKit/537.36 (KHTML, like Gecko) Chrome/120.0.0.0 Safari/537.36"
78.156.186.14 - - [02/Feb/2026:20:34:14 +0100] "GET /wp-includes/css/buttons.min.css?ver=6.8.3 HTTP/2.0" 200 1470 "https://www.loger.cm/wp-login.php?wp_lang=en_US" "Mozilla/5.0 (Windows NT 10.0; Win64; x64) AppleWebKit/537.36 (KHTML, like Gecko) Chrome/120.0.0.0 Safari/537.36"
78.156.186.14 - - [02/Feb/2026:20:34:14 +0100] "GET /wp-admin/css/forms.min.css?ver=6.8.3 HTTP/2.0" 200 6694 "https://www.loger.cm/wp-login.php?wp_lang=en_US" "Mozilla/5.0 (Windows NT 10.0; Win64; x64) AppleWebKit/537.36 (KHTML, like Gecko) Chrome/120.0.0.0 Safari/537.36"
78.156.186.14 - - [02/Feb/2026:20:34:14 +0100] "GET /wp-content/plugins/gtranslate/gtranslate-style24.css?ver=6.8.3 HTTP/2.0" 200 299 "https://www.loger.cm/wp-login.php?wp_lang=en_US" "Mozilla/5.0 (Windows NT 10.0; Win64; x64) AppleWebKit/537.36 (KHTML, like Gecko) Chrome/120.0.0.0 Safari/537.36"
78.156.186.14 - - [02/Feb/2026:20:34:14 +0100] "GET /wp-includes/css/dashicons.min.css?ver=6.8.3 HTTP/2.0" 200 35730 "https://www.loger.cm/wp-login.php?wp_lang=en_US" "Mozilla/5.0 (Windows NT 10.0; Win64; x64) AppleWebKit/537.36 (KHTML, like Gecko) Chrome/120.0.0.0 Safari/537.36"
78.156.186.14 - - [02/Feb/2026:20:34:14 +0100] "GET /wp-admin/css/l10n.min.css?ver=6.8.3 HTTP/2.0" 200 767 "https://www.loger.cm/wp-login.php?wp_lang=en_US" "Mozilla/5.0 (Windows NT 10.0; Win64; x64) AppleWebKit/537.36 (KHTML, like Gecko) Chrome/120.0.0.0 Safari/537.36"
78.156.186.14 - - [02/Feb/2026:20:34:14 +0100] "GET /wp-includes/js/jquery/jquery.min.js?ver=3.7.1 HTTP/2.0" 200 30368 "https://www.loger.cm/wp-login.php?wp_lang=en_US" "Mozilla/5.0 (Windows NT 10.0; Win64; x64) AppleWebKit/537.36 (KHTML, like Gecko) Chrome/120.0.0.0 Safari/537.36"
78.156.186.14 - - [02/Feb/2026:20:34:14 +0100] "GET /wp-admin/css/login.min.css?ver=6.8.3 HTTP/2.0" 200 2171 "https://www.loger.cm/wp-login.php?wp_lang=en_US" "Mozilla/5.0 (Windows NT 10.0; Win64; x64) AppleWebKit/537.36 (KHTML, like Gecko) Chrome/120.0.0.0 Safari/537.36"
78.156.186.14 - - [02/Feb/2026:20:34:14 +0100] "GET /wp-includes/js/clipboard.min.js?ver=2.0.11 HTTP/2.0" 200 3150 "https://www.loger.cm/wp-login.php?wp_lang=en_US" "Mozilla/5.0 (Windows NT 10.0; Win64; x64) AppleWebKit/537.36 (KHTML, like Gecko) Chrome/120.0.0.0 Safari/537.36"
78.156.186.14 - - [02/Feb/2026:20:34:14 +0100] "GET /wp-includes/js/zxcvbn-async.min.js?ver=1.0 HTTP/2.0" 200 256 "https://www.loger.cm/wp-login.php?wp_lang=en_US" "Mozilla/5.0 (Windows NT 10.0; Win64; x64) AppleWebKit/537.36 (KHTML, like Gecko) Chrome/120.0.0.0 Safari/537.36"
78.156.186.14 - - [02/Feb/2026:20:34:14 +0100] "GET /wp-includes/js/dist/i18n.min.js?ver=5e580eb46a90c2b997e6 HTTP/2.0" 200 3667 "https://www.loger.cm/wp-login.php?wp_lang=en_US" "Mozilla/5.0 (Windows NT 10.0; Win64; x64) AppleWebKit/537.36 (KHTML, like Gecko) Chrome/120.0.0.0 Safari/537.36"
78.156.186.14 - - [02/Feb/2026:20:34:14 +0100] "GET /wp-includes/js/dist/hooks.min.js?ver=4d63a3d491d11ffd8ac6 HTTP/2.0" 200 1648 "https://www.loger.cm/wp-login.php?wp_lang=en_US" "Mozilla/5.0 (Windows NT 10.0; Win64; x64) AppleWebKit/537.36 (KHTML, like Gecko) Chrome/120.0.0.0 Safari/537.36"
78.156.186.14 - - [02/Feb/2026:20:34:14 +0100] "GET /wp-includes/js/thickbox/thickbox.css?ver=6.8.3 HTTP/2.0" 200 939 "https://www.loger.cm/wp-login.php?wp_lang=en_US" "Mozilla/5.0 (Windows NT 10.0; Win64; x64) AppleWebKit/537.36 (KHTML, like Gecko) Chrome/120.0.0.0 Safari/537.36"
78.156.186.14 - - [02/Feb/2026:20:34:14 +0100] "GET /wp-includes/js/thickbox/thickbox.js?ver=3.1-20121105 HTTP/2.0" 200 4032 "https://www.loger.cm/wp-login.php?wp_lang=en_US" "Mozilla/5.0 (Windows NT 10.0; Win64; x64) AppleWebKit/537.36 (KHTML, like Gecko) Chrome/120.0.0.0 Safari/537.36"
78.156.186.14 - - [02/Feb/2026:20:34:14 +0100] "GET /wp-content/plugins/super-socializer/css/share-svg.css?ver=7.12.37 HTTP/2.0" 200 31598 "https://www.loger.cm/wp-login.php?wp_lang=en_US" "Mozilla/5.0 (Windows NT 10.0; Win64; x64) AppleWebKit/537.36 (KHTML, like Gecko) Chrome/120.0.0.0 Safari/537.36"
78.156.186.14 - - [02/Feb/2026:20:34:14 +0100] "GET /wp-content/plugins/super-socializer/css/front.css?ver=7.12.37 HTTP/2.0" 200 14532 "https://www.loger.cm/wp-login.php?wp_lang=en_US" "Mozilla/5.0 (Windows NT 10.0; Win64; x64) AppleWebKit/537.36 (KHTML, like Gecko) Chrome/120.0.0.0 Safari/537.36"
78.156.186.14 - - [02/Feb/2026:20:34:14 +0100] "GET /wp-includes/js/underscore.min.js?ver=1.13.7 HTTP/2.0" 200 7317 "https://www.loger.cm/wp-login.php?wp_lang=en_US" "Mozilla/5.0 (Windows NT 10.0; Win64; x64) AppleWebKit/537.36 (KHTML, like Gecko) Chrome/120.0.0.0 Safari/537.36"
78.156.186.14 - - [02/Feb/2026:20:34:14 +0100] "GET /wp-includes/js/wp-util.min.js?ver=6.8.3 HTTP/2.0" 200 756 "https://www.loger.cm/wp-login.php?wp_lang=en_US" "Mozilla/5.0 (Windows NT 10.0; Win64; x64) AppleWebKit/537.36 (KHTML, like Gecko) Chrome/120.0.0.0 Safari/537.36"
78.156.186.14 - - [02/Feb/2026:20:34:14 +0100] "GET /wp-includes/js/dist/dom-ready.min.js?ver=f77871ff7694fffea381 HTTP/2.0" 200 320 "https://www.loger.cm/wp-login.php?wp_lang=en_US" "Mozilla/5.0 (Windows NT 10.0; Win64; x64) AppleWebKit/537.36 (KHTML, like Gecko) Chrome/120.0.0.0 Safari/537.36"
78.156.186.14 - - [02/Feb/2026:20:34:14 +0100] "GET /wp-includes/js/dist/a11y.min.js?ver=3156534cc54473497e14 HTTP/2.0" 200 956 "https://www.loger.cm/wp-login.php?wp_lang=en_US" "Mozilla/5.0 (Windows NT 10.0; Win64; x64) AppleWebKit/537.36 (KHTML, like Gecko) Chrome/120.0.0.0 Safari/537.36"
78.156.186.14 - - [02/Feb/2026:20:34:14 +0100] "GET /wp-admin/js/user-profile.min.js?ver=6.8.3 HTTP/2.0" 200 2610 "https://www.loger.cm/wp-login.php?wp_lang=en_US" "Mozilla/5.0 (Windows NT 10.0; Win64; x64) AppleWebKit/537.36 (KHTML, like Gecko) Chrome/120.0.0.0 Safari/537.36"
78.156.186.14 - - [02/Feb/2026:20:34:14 +0100] "GET /wp-admin/js/password-strength-meter.min.js?ver=6.8.3 HTTP/2.0" 200 621 "https://www.loger.cm/wp-login.php?wp_lang=en_US" "Mozilla/5.0 (Windows NT 10.0; Win64; x64) AppleWebKit/537.36 (KHTML, like Gecko) Chrome/120.0.0.0 Safari/537.36"
78.156.186.14 - - [02/Feb/2026:20:34:14 +0100] "GET /wp-content/plugins/super-socializer/js/front/facebook/sdk.js?ver=7.12.37 HTTP/2.0" 200 729 "https://www.loger.cm/wp-login.php?wp_lang=en_US" "Mozilla/5.0 (Windows NT 10.0; Win64; x64) AppleWebKit/537.36 (KHTML, like Gecko) Chrome/120.0.0.0 Safari/537.36"
78.156.186.14 - - [02/Feb/2026:20:34:14 +0100] "GET /wp-content/plugins/super-socializer/js/front/sharing/sharing.js?ver=7.12.37 HTTP/2.0" 200 11309 "https://www.loger.cm/wp-login.php?wp_lang=en_US" "Mozilla/5.0 (Windows NT 10.0; Win64; x64) AppleWebKit/537.36 (KHTML, like Gecko) Chrome/120.0.0.0 Safari/537.36"
78.156.186.14 - - [02/Feb/2026:20:34:14 +0100] "GET /wp-content/plugins/super-socializer/js/front/social_login/general.js?ver=7.12.37 HTTP/2.0" 200 1244 "https://www.loger.cm/wp-login.php?wp_lang=en_US" "Mozilla/5.0 (Windows NT 10.0; Win64; x64) AppleWebKit/537.36 (KHTML, like Gecko) Chrome/120.0.0.0 Safari/537.36"
78.156.186.14 - - [02/Feb/2026:20:34:14 +0100] "GET /wp-content/plugins/super-socializer/js/front/social_login/common.js?ver=7.12.37 HTTP/2.0" 200 1589 "https://www.loger.cm/wp-login.php?wp_lang=en_US" "Mozilla/5.0 (Windows NT 10.0; Win64; x64) AppleWebKit/537.36 (KHTML, like Gecko) Chrome/120.0.0.0 Safari/537.36"
78.156.186.14 - - [02/Feb/2026:20:34:16 +0100] "GET /wp-content/uploads/2019/11/cropped-logo-logercm-brown-32x32.png HTTP/2.0" 200 1002 "https://www.loger.cm/wp-login.php?wp_lang=en_US" "Mozilla/5.0 (Windows NT 10.0; Win64; x64) AppleWebKit/537.36 (KHTML, like Gecko) Chrome/120.0.0.0 Safari/537.36"
78.156.186.14 - - [02/Feb/2026:20:34:16 +0100] "GET /wp-includes/js/zxcvbn.min.js HTTP/2.0" 200 399661 "https://www.loger.cm/wp-login.php?wp_lang=en_US" "Mozilla/5.0 (Windows NT 10.0; Win64; x64) AppleWebKit/537.36 (KHTML, like Gecko) Chrome/120.0.0.0 Safari/537.36"
103.14.107.185 - - [02/Feb/2026:20:34:18 +0100] "POST /wp-login.php?wp_lang=en_US HTTP/1.1" 302 - "-" "Mozilla/5.0 (Windows NT 10.0; Win64; x64) AppleWebKit/537.36 (KHTML, like Gecko) Chrome/120.0.0.0 Safari/537.36"
146.88.233.70 - - [02/Feb/2026:20:34:18 +0100] "GET /wp-content/plugins/really-simple-ssl/ssl-test-page.php HTTP/1.1" 404 36 "-" "WordPress/6.8.3; https://www.loger.cm"
146.88.233.70 - - [02/Feb/2026:20:34:19 +0100] "GET / HTTP/1.1" 404 36 "-" "WordPress/6.8.3; https://www.loger.cm"
213.255.241.7 - - [02/Feb/2026:20:34:18 +0100] "GET /wp-admin/ HTTP/1.1" 200 37789 "-" "Mozilla/5.0 (Windows NT 10.0; Win64; x64) AppleWebKit/537.36 (KHTML, like Gecko) Chrome/120.0.0.0 Safari/537.36"
78.156.186.14 - - [02/Feb/2026:20:34:22 +0100] "GET /wp-admin/profile.php HTTP/2.0" 404 36 "-" "Mozilla/5.0 (Windows NT 10.0; Win64; x64) AppleWebKit/537.36 (KHTML, like Gecko) Chrome/120.0.0.0 Safari/537.36"
114.119.146.40 - - [02/Feb/2026:20:34:53 +0100] "GET /room_type/chambre-double-climatisee HTTP/1.1" 404 36 "https://www.loger.cm/hotel_location/jouvence-2000-2" "Mozilla/5.0 (Linux; Android 7.0;) AppleWebKit/537.36 (KHTML, like Gecko) Mobile Safari/537.36 (compatible; PetalBot;+https://webmaster.petalsearch.com/site/petalbot)"
57.141.0.57 - - [02/Feb/2026:20:35:34 +0100] "GET /?o=71911241805001 HTTP/2.0" 404 16 "-" "meta-externalagent/1.1 (+https://developers.facebook.com/docs/sharing/webmasters/crawler)"
114.119.133.119 - - [02/Feb/2026:20:36:26 +0100] "GET /room_type/chambre-double-2/ HTTP/1.1" 404 36 "https://www.loger.cm/hotel_location/hotel-le-safari/" "Mozilla/5.0 (Linux; Android 7.0;) AppleWebKit/537.36 (KHTML, like Gecko) Mobile Safari/537.36 (compatible; PetalBot;+https://webmaster.petalsearch.com/site/petalbot)"
57.141.0.41 - - [02/Feb/2026:20:37:23 +0100] "GET /?o=76497239289500 HTTP/2.0" 404 16 "-" "meta-externalagent/1.1 (+https://developers.facebook.com/docs/sharing/webmasters/crawler)"
35.236.115.129 - - [02/Feb/2026:20:37:29 +0100] "HEAD / HTTP/2.0" 404 16 "http://loger.cm/" "Mozilla/5.0 (Macintosh; Intel Mac OS X 15_0) AppleWebKit/537.36 (KHTML, like Gecko) Chrome/125.0.6422.141 Safari/537.36"
35.236.115.129 - - [02/Feb/2026:20:37:30 +0100] "HEAD /wp/ HTTP/2.0" 404 - "http://loger.cm/wp/" "Mozilla/5.0 (X11; Linux x86_64) AppleWebKit/537.36 (KHTML, like Gecko) Chrome/125.0.6422.76 Safari/537.36"
35.236.115.129 - - [02/Feb/2026:20:37:30 +0100] "HEAD /blog/ HTTP/2.0" 404 - "http://loger.cm/blog/" "Mozilla/5.0 (Windows NT 10.0; Win64; x64; rv:127.0) Gecko/20100101 Firefox/127.0"
35.236.115.129 - - [02/Feb/2026:20:37:30 +0100] "HEAD /new/ HTTP/2.0" 404 - "http://loger.cm/new/" "Mozilla/5.0 (X11; Linux x86_64; rv:127.0) Gecko/20100101 Firefox/127.0"
35.236.115.129 - - [02/Feb/2026:20:37:31 +0100] "HEAD /wordpress/ HTTP/2.0" 404 - "http://loger.cm/wordpress/" "Mozilla/5.0 (Windows NT 10.0; Win64; x64) AppleWebKit/537.36 (KHTML, like Gecko) Chrome/127.0.6534.42 Safari/537.36"
35.236.115.129 - - [02/Feb/2026:20:37:31 +0100] "HEAD /old/ HTTP/2.0" 404 - "http://loger.cm/old/" "Mozilla/5.0 (X11; Linux x86_64; rv:127.0) Gecko/20100101 Firefox/127.0"
35.236.115.129 - - [02/Feb/2026:20:37:31 +0100] "HEAD /backup/ HTTP/2.0" 404 - "http://loger.cm/backup/" "Mozilla/5.0 (Macintosh; Intel Mac OS X 14_5) AppleWebKit/605.1.15 (KHTML, like Gecko) Version/17.5 Safari/605.1.15"
114.119.143.207 - - [02/Feb/2026:20:38:05 +0100] "GET /wp-includes/js/tinymce/plugins/wpemoji/?C=N%3BO%3DD HTTP/1.1" 404 36 "https://www.loger.cm/wp-includes/js/tinymce/plugins/wpemoji/?C=M%3BO%3DA" "Mozilla/5.0 (Linux; Android 7.0;) AppleWebKit/537.36 (KHTML, like Gecko) Mobile Safari/537.36 (compatible; PetalBot;+https://webmaster.petalsearch.com/site/petalbot)"
114.119.155.96 - - [02/Feb/2026:20:39:37 +0100] "GET /room_type/chambre-king/ HTTP/1.1" 404 36 "https://www.loger.cm/hotel_location/hotel-hilton/" "Mozilla/5.0 (Linux; Android 7.0;) AppleWebKit/537.36 (KHTML, like Gecko) Mobile Safari/537.36 (compatible; PetalBot;+https://webmaster.petalsearch.com/site/petalbot)"
66.249.68.66 - - [02/Feb/2026:20:40:22 +0100] "GET /2024/11/20/guida-completa-al-contratto-legale-bitcoin-2024-1-8-6-85/ HTTP/1.1" 404 36 "-" "Mozilla/5.0 (Linux; Android 6.0.1; Nexus 5X Build/MMB29P) AppleWebKit/537.36 (KHTML, like Gecko) Chrome/143.0.7499.192 Mobile Safari/537.36 (compatible; Googlebot/2.1; +http://www.google.com/bot.html)"
66.249.68.67 - - [02/Feb/2026:20:40:22 +0100] "GET /?o=1913858127401 HTTP/1.1" 404 36 "-" "Mozilla/5.0 (Linux; Android 6.0.1; Nexus 5X Build/MMB29P) AppleWebKit/537.36 (KHTML, like Gecko) Chrome/143.0.7499.192 Mobile Safari/537.36 (compatible; Googlebot/2.1; +http://www.google.com/bot.html)"
66.249.68.66 - - [02/Feb/2026:20:40:23 +0100] "GET /?o=65605243640201 HTTP/1.1" 404 36 "-" "Mozilla/5.0 (Linux; Android 6.0.1; Nexus 5X Build/MMB29P) AppleWebKit/537.36 (KHTML, like Gecko) Chrome/143.0.7499.192 Mobile Safari/537.36 (compatible; Googlebot/2.1; +http://www.google.com/bot.html)"
66.249.68.65 - - [02/Feb/2026:20:40:23 +0100] "GET /?o=2371289518406 HTTP/1.1" 404 36 "-" "Mozilla/5.0 (Linux; Android 6.0.1; Nexus 5X Build/MMB29P) AppleWebKit/537.36 (KHTML, like Gecko) Chrome/143.0.7499.192 Mobile Safari/537.36 (compatible; Googlebot/2.1; +http://www.google.com/bot.html)"
66.249.68.67 - - [02/Feb/2026:20:40:24 +0100] "GET /?o=28207204198602 HTTP/1.1" 404 36 "-" "Mozilla/5.0 (Linux; Android 6.0.1; Nexus 5X Build/MMB29P) AppleWebKit/537.36 (KHTML, like Gecko) Chrome/143.0.7499.192 Mobile Safari/537.36 (compatible; Googlebot/2.1; +http://www.google.com/bot.html)"
66.249.68.65 - - [02/Feb/2026:20:40:25 +0100] "GET /?o=38274177628204 HTTP/1.1" 404 36 "-" "Mozilla/5.0 (Linux; Android 6.0.1; Nexus 5X Build/MMB29P) AppleWebKit/537.36 (KHTML, like Gecko) Chrome/143.0.7499.192 Mobile Safari/537.36 (compatible; Googlebot/2.1; +http://www.google.com/bot.html)"
66.249.68.65 - - [02/Feb/2026:20:40:27 +0100] "GET /?o=71999296799607 HTTP/1.1" 404 36 "-" "Mozilla/5.0 (Linux; Android 6.0.1; Nexus 5X Build/MMB29P) AppleWebKit/537.36 (KHTML, like Gecko) Chrome/143.0.7499.192 Mobile Safari/537.36 (compatible; Googlebot/2.1; +http://www.google.com/bot.html)"
66.249.68.65 - - [02/Feb/2026:20:40:28 +0100] "GET /?o=9186783276403 HTTP/1.1" 404 36 "-" "Mozilla/5.0 (Linux; Android 6.0.1; Nexus 5X Build/MMB29P) AppleWebKit/537.36 (KHTML, like Gecko) Chrome/143.0.7499.192 Mobile Safari/537.36 (compatible; Googlebot/2.1; +http://www.google.com/bot.html)"
66.249.68.66 - - [02/Feb/2026:20:40:28 +0100] "GET /?o=92707204359600 HTTP/1.1" 404 36 "-" "Mozilla/5.0 (Linux; Android 6.0.1; Nexus 5X Build/MMB29P) AppleWebKit/537.36 (KHTML, like Gecko) Chrome/143.0.7499.192 Mobile Safari/537.36 (compatible; Googlebot/2.1; +http://www.google.com/bot.html)"
57.141.0.38 - - [02/Feb/2026:20:40:31 +0100] "GET /?o=20226194957700 HTTP/2.0" 404 16 "-" "meta-externalagent/1.1 (+https://developers.facebook.com/docs/sharing/webmasters/crawler)"
114.119.146.40 - - [02/Feb/2026:20:41:09 +0100] "GET /room_type/chambre-de-luxe-2 HTTP/1.1" 404 36 "https://www.loger.cm/hotel_location/hotel-le-touriste" "Mozilla/5.0 (Linux; Android 7.0;) AppleWebKit/537.36 (KHTML, like Gecko) Mobile Safari/537.36 (compatible; PetalBot;+https://webmaster.petalsearch.com/site/petalbot)"
57.141.0.56 - - [02/Feb/2026:20:42:05 +0100] "GET /?o=7471938466900 HTTP/2.0" 404 16 "-" "meta-externalagent/1.1 (+https://developers.facebook.com/docs/sharing/webmasters/crawler)"
57.141.0.53 - - [02/Feb/2026:20:42:17 +0100] "GET /?o=78081264593905 HTTP/2.0" 404 16 "-" "meta-externalagent/1.1 (+https://developers.facebook.com/docs/sharing/webmasters/crawler)"
66.249.68.68 - - [02/Feb/2026:20:42:29 +0100] "GET /?o=1683276642600 HTTP/1.1" 404 36 "-" "Mozilla/5.0 (Linux; Android 6.0.1; Nexus 5X Build/MMB29P) AppleWebKit/537.36 (KHTML, like Gecko) Chrome/143.0.7499.192 Mobile Safari/537.36 (compatible; Googlebot/2.1; +http://www.google.com/bot.html)"
57.141.0.25 - - [02/Feb/2026:20:42:30 +0100] "GET /?o=11323220050401 HTTP/2.0" 404 16 "-" "meta-externalagent/1.1 (+https://developers.facebook.com/docs/sharing/webmasters/crawler)"
57.141.0.51 - - [02/Feb/2026:20:42:33 +0100] "GET /?o=0452369983905 HTTP/2.0" 404 16 "-" "meta-externalagent/1.1 (+https://developers.facebook.com/docs/sharing/webmasters/crawler)"
114.119.146.171 - - [02/Feb/2026:20:42:45 +0100] "GET /politique-de-confidentialite HTTP/1.1" 404 36 "https://loger.cm/wp-login.php" "Mozilla/5.0 (Linux; Android 7.0;) AppleWebKit/537.36 (KHTML, like Gecko) Mobile Safari/537.36 (compatible; PetalBot;+https://webmaster.petalsearch.com/site/petalbot)"
57.141.0.51 - - [02/Feb/2026:20:42:55 +0100] "GET /?o=82279271320302 HTTP/2.0" 404 16 "-" "meta-externalagent/1.1 (+https://developers.facebook.com/docs/sharing/webmasters/crawler)"
57.141.0.50 - - [02/Feb/2026:20:43:01 +0100] "GET /?o=22069144370400 HTTP/2.0" 404 16 "-" "meta-externalagent/1.1 (+https://developers.facebook.com/docs/sharing/webmasters/crawler)"
57.141.0.17 - - [02/Feb/2026:20:43:17 +0100] "GET /?o=18499186622300 HTTP/2.0" 404 16 "-" "meta-externalagent/1.1 (+https://developers.facebook.com/docs/sharing/webmasters/crawler)"
5.198.33.148 - - [02/Feb/2026:20:43:45 +0100] "GET /?o=1519960670501 HTTP/2.0" 404 36 "https://www.google.com/" "Mozilla/5.0 (Windows NT 10.0; WOW64) AppleWebKit/537.36 (KHTML, like Gecko) Chrome/135.0.4466.62 Safari/537.36"
186.219.183.84 - - [02/Feb/2026:20:43:48 +0100] "GET /?o=1519960670501 HTTP/2.0" 404 36 "https://www.google.com/" "Mozilla/5.0 (Macintosh; Intel Mac OS X 10_15_7) AppleWebKit/537.36 (KHTML, like Gecko) Chrome/121.0.4260.55 Safari/537.36"
109.136.79.197 - - [02/Feb/2026:20:44:04 +0100] "GET /?o=1519960670501 HTTP/2.0" 404 36 "https://www.google.com/" "Mozilla/5.0 (Macintosh; Intel Mac OS X 10_15_7) AppleWebKit/537.36 (KHTML, like Gecko) Chrome/125.0.4462.51 Safari/537.36"
37.79.3.137 - - [02/Feb/2026:20:44:07 +0100] "GET /?o=1519960670501 HTTP/2.0" 404 36 "https://www.google.com/" "Mozilla/5.0 (Windows NT 10.0; Win64; x64) AppleWebKit/537.36 (KHTML, like Gecko) Chrome/132.0.4726.63 Safari/537.36"
125.161.194.50 - - [02/Feb/2026:20:44:10 +0100] "GET /?o=1519960670501 HTTP/2.0" 404 36 "https://www.google.com/" "Mozilla/5.0 (Windows NT 10.0; Win64; x64) AppleWebKit/537.36 (KHTML, like Gecko) Chrome/122.0.4332.77 Safari/537.36"
187.94.176.118 - - [02/Feb/2026:20:44:15 +0100] "GET /?o=1519960670501 HTTP/2.0" 404 36 "https://www.google.com/" "Mozilla/5.0 (Macintosh; Intel Mac OS X 10_15_7) AppleWebKit/537.36 (KHTML, like Gecko) Chrome/121.0.4371.86 Safari/537.36"
114.119.159.233 - - [02/Feb/2026:20:44:19 +0100] "GET /nouvelle-annonce HTTP/1.1" 404 36 "https://www.loger.cm/annonces/maison-titree-a-vendre" "Mozilla/5.0 (Linux; Android 7.0;) AppleWebKit/537.36 (KHTML, like Gecko) Mobile Safari/537.36 (compatible; PetalBot;+https://webmaster.petalsearch.com/site/petalbot)"
66.249.68.67 - - [02/Feb/2026:20:44:44 +0100] "GET /?o=983746035100 HTTP/1.1" 404 36 "-" "Mozilla/5.0 (Linux; Android 6.0.1; Nexus 5X Build/MMB29P) AppleWebKit/537.36 (KHTML, like Gecko) Chrome/143.0.7499.192 Mobile Safari/537.36 (compatible; Googlebot/2.1; +http://www.google.com/bot.html)"
66.249.68.67 - - [02/Feb/2026:20:44:44 +0100] "GET /?o=98438202350402 HTTP/1.1" 404 36 "-" "Mozilla/5.0 (Linux; Android 6.0.1; Nexus 5X Build/MMB29P) AppleWebKit/537.36 (KHTML, like Gecko) Chrome/143.0.7499.192 Mobile Safari/537.36 (compatible; Googlebot/2.1; +http://www.google.com/bot.html)"
66.249.68.67 - - [02/Feb/2026:20:44:46 +0100] "GET /?o=83143161402800 HTTP/1.1" 404 36 "-" "Mozilla/5.0 (Linux; Android 6.0.1; Nexus 5X Build/MMB29P) AppleWebKit/537.36 (KHTML, like Gecko) Chrome/143.0.7499.192 Mobile Safari/537.36 (compatible; Googlebot/2.1; +http://www.google.com/bot.html)"
114.119.155.96 - - [02/Feb/2026:20:45:51 +0100] "GET /nos-transporteurs/ HTTP/1.1" 404 36 "https://www.loger.cm/politique-de-confidentialite/" "Mozilla/5.0 (Linux; Android 7.0;) AppleWebKit/537.36 (KHTML, like Gecko) Mobile Safari/537.36 (compatible; PetalBot;+https://webmaster.petalsearch.com/site/petalbot)"
57.141.0.7 - - [02/Feb/2026:20:46:00 +0100] "GET /?o=87368278987700 HTTP/2.0" 404 16 "-" "meta-externalagent/1.1 (+https://developers.facebook.com/docs/sharing/webmasters/crawler)"
66.249.68.68 - - [02/Feb/2026:20:46:31 +0100] "GET /?o=61141200448300 HTTP/1.1" 404 36 "-" "Mozilla/5.0 (Linux; Android 6.0.1; Nexus 5X Build/MMB29P) AppleWebKit/537.36 (KHTML, like Gecko) Chrome/143.0.7499.192 Mobile Safari/537.36 (compatible; Googlebot/2.1; +http://www.google.com/bot.html)"
66.249.68.67 - - [02/Feb/2026:20:46:31 +0100] "GET /?o=911121552804 HTTP/1.1" 404 36 "-" "Mozilla/5.0 (Linux; Android 6.0.1; Nexus 5X Build/MMB29P) AppleWebKit/537.36 (KHTML, like Gecko) Chrome/143.0.7499.192 Mobile Safari/537.36 (compatible; Googlebot/2.1; +http://www.google.com/bot.html)"
57.141.0.26 - - [02/Feb/2026:20:46:51 +0100] "GET /?o=22780123223100 HTTP/2.0" 404 16 "-" "meta-externalagent/1.1 (+https://developers.facebook.com/docs/sharing/webmasters/crawler)"
57.141.0.6 - - [02/Feb/2026:20:47:11 +0100] "GET /?o=7645310537300 HTTP/2.0" 404 16 "-" "meta-externalagent/1.1 (+https://developers.facebook.com/docs/sharing/webmasters/crawler)"
57.141.0.23 - - [02/Feb/2026:20:47:13 +0100] "GET /?o=12559278708300 HTTP/2.0" 404 16 "-" "meta-externalagent/1.1 (+https://developers.facebook.com/docs/sharing/webmasters/crawler)"
114.119.133.119 - - [02/Feb/2026:20:47:26 +0100] "GET /mes-reservations/ HTTP/1.1" 404 36 "-" "Mozilla/5.0 (Linux; Android 7.0;) AppleWebKit/537.36 (KHTML, like Gecko) Mobile Safari/537.36 (compatible; PetalBot;+https://webmaster.petalsearch.com/site/petalbot)"
57.141.0.73 - - [02/Feb/2026:20:48:21 +0100] "GET /?o=40087284637302 HTTP/2.0" 404 16 "-" "meta-externalagent/1.1 (+https://developers.facebook.com/docs/sharing/webmasters/crawler)"
66.249.68.68 - - [02/Feb/2026:20:48:32 +0100] "GET /?o=97069104023800 HTTP/1.1" 404 36 "-" "Mozilla/5.0 (Linux; Android 6.0.1; Nexus 5X Build/MMB29P) AppleWebKit/537.36 (KHTML, like Gecko) Chrome/143.0.7499.192 Mobile Safari/537.36 (compatible; Googlebot/2.1; +http://www.google.com/bot.html)"
66.249.68.66 - - [02/Feb/2026:20:48:33 +0100] "GET /?o=99999234402407 HTTP/1.1" 404 36 "-" "Mozilla/5.0 (Linux; Android 6.0.1; Nexus 5X Build/MMB29P) AppleWebKit/537.36 (KHTML, like Gecko) Chrome/143.0.7499.192 Mobile Safari/537.36 (compatible; Googlebot/2.1; +http://www.google.com/bot.html)"
66.249.68.67 - - [02/Feb/2026:20:48:49 +0100] "GET /32741455466.shtml HTTP/1.1" 404 36 "-" "Mozilla/5.0 (Linux; Android 6.0.1; Nexus 5X Build/MMB29P) AppleWebKit/537.36 (KHTML, like Gecko) Chrome/143.0.7499.192 Mobile Safari/537.36 (compatible; Googlebot/2.1; +http://www.google.com/bot.html)"
114.119.159.233 - - [02/Feb/2026:20:49:00 +0100] "GET /mes-logements/ HTTP/1.1" 404 36 "https://www.loger.cm/a-propos/" "Mozilla/5.0 (Linux; Android 7.0;) AppleWebKit/537.36 (KHTML, like Gecko) Mobile Safari/537.36 (compatible; PetalBot;+https://webmaster.petalsearch.com/site/petalbot)"
57.141.0.21 - - [02/Feb/2026:20:49:19 +0100] "GET /?o=36069298159600 HTTP/2.0" 404 16 "-" "meta-externalagent/1.1 (+https://developers.facebook.com/docs/sharing/webmasters/crawler)"
57.141.0.26 - - [02/Feb/2026:20:49:32 +0100] "GET /?o=5330452166101 HTTP/2.0" 404 16 "-" "meta-externalagent/1.1 (+https://developers.facebook.com/docs/sharing/webmasters/crawler)"
66.249.68.66 - - [02/Feb/2026:20:49:50 +0100] "GET /?o=11128225390003 HTTP/1.1" 404 36 "-" "Mozilla/5.0 (Linux; Android 6.0.1; Nexus 5X Build/MMB29P) AppleWebKit/537.36 (KHTML, like Gecko) Chrome/143.0.7499.192 Mobile Safari/537.36 (compatible; Googlebot/2.1; +http://www.google.com/bot.html)"
57.141.0.3 - - [02/Feb/2026:20:50:05 +0100] "GET /?o=70780249051200 HTTP/2.0" 404 16 "-" "meta-externalagent/1.1 (+https://developers.facebook.com/docs/sharing/webmasters/crawler)"
57.141.0.31 - - [02/Feb/2026:20:50:31 +0100] "GET /?o=83270149020101 HTTP/2.0" 404 16 "-" "meta-externalagent/1.1 (+https://developers.facebook.com/docs/sharing/webmasters/crawler)"
66.249.68.67 - - [02/Feb/2026:20:50:33 +0100] "GET /?o=01406234339102 HTTP/1.1" 404 36 "-" "Mozilla/5.0 (Linux; Android 6.0.1; Nexus 5X Build/MMB29P) AppleWebKit/537.36 (KHTML, like Gecko) Chrome/143.0.7499.192 Mobile Safari/537.36 (compatible; Googlebot/2.1; +http://www.google.com/bot.html)"
66.249.68.68 - - [02/Feb/2026:20:50:34 +0100] "GET /?o=22947268842900 HTTP/1.1" 404 36 "-" "Mozilla/5.0 (Linux; Android 6.0.1; Nexus 5X Build/MMB29P) AppleWebKit/537.36 (KHTML, like Gecko) Chrome/143.0.7499.192 Mobile Safari/537.36 (compatible; Googlebot/2.1; +http://www.google.com/bot.html)"
114.119.159.233 - - [02/Feb/2026:20:50:34 +0100] "GET /louer HTTP/1.1" 404 36 "https://www.loger.cm/acheter/" "Mozilla/5.0 (Linux; Android 7.0;) AppleWebKit/537.36 (KHTML, like Gecko) Mobile Safari/537.36 (compatible; PetalBot;+https://webmaster.petalsearch.com/site/petalbot)"
57.141.0.44 - - [02/Feb/2026:20:50:34 +0100] "GET /?o=45771228502000 HTTP/2.0" 404 16 "-" "meta-externalagent/1.1 (+https://developers.facebook.com/docs/sharing/webmasters/crawler)"
57.141.0.73 - - [02/Feb/2026:20:50:44 +0100] "GET /?o=27802128240210 HTTP/2.0" 404 16 "-" "meta-externalagent/1.1 (+https://developers.facebook.com/docs/sharing/webmasters/crawler)"
57.141.0.43 - - [02/Feb/2026:20:50:54 +0100] "GET /?o=00917124753901 HTTP/2.0" 404 16 "-" "meta-externalagent/1.1 (+https://developers.facebook.com/docs/sharing/webmasters/crawler)"
57.141.0.19 - - [02/Feb/2026:20:51:58 +0100] "GET /?o=49188123970405 HTTP/2.0" 404 16 "-" "meta-externalagent/1.1 (+https://developers.facebook.com/docs/sharing/webmasters/crawler)"
114.119.140.137 - - [02/Feb/2026:20:52:09 +0100] "GET /hotel_location/jouvence-2000-2 HTTP/1.1" 404 36 "https://www.loger.cm/hotel_destinations/yaounde" "Mozilla/5.0 (Linux; Android 7.0;) AppleWebKit/537.36 (KHTML, like Gecko) Mobile Safari/537.36 (compatible; PetalBot;+https://webmaster.petalsearch.com/site/petalbot)"
57.141.0.75 - - [02/Feb/2026:20:52:22 +0100] "GET /?o=15849127641001 HTTP/2.0" 404 16 "-" "meta-externalagent/1.1 (+https://developers.facebook.com/docs/sharing/webmasters/crawler)"
66.249.68.66 - - [02/Feb/2026:20:52:34 +0100] "GET /?o=5800741642800 HTTP/1.1" 404 36 "-" "Mozilla/5.0 (Linux; Android 6.0.1; Nexus 5X Build/MMB29P) AppleWebKit/537.36 (KHTML, like Gecko) Chrome/143.0.7499.192 Mobile Safari/537.36 (compatible; Googlebot/2.1; +http://www.google.com/bot.html)"
66.249.68.65 - - [02/Feb/2026:20:52:50 +0100] "GET /?o=8036017299008 HTTP/1.1" 404 36 "-" "Mozilla/5.0 (Linux; Android 6.0.1; Nexus 5X Build/MMB29P) AppleWebKit/537.36 (KHTML, like Gecko) Chrome/143.0.7499.192 Mobile Safari/537.36 (compatible; Googlebot/2.1; +http://www.google.com/bot.html)"
